956
CXUS55 KBYZ 011100
CLMSHR


CLIMATE REPORT
NATIONAL WEATHER SERVICE BILLINGS MT
458 AM MDT FRI JUL 1 2016

...................................

...THE SHERIDAN WY CLIMATE SUMMARY FOR THE MONTH OF JUNE 2016...

CLIMATE NORMAL PERIOD 1981 TO 2010
CLIMATE RECORD PERIOD 1907 TO 2016

WEATHER         OBSERVED          NORMAL  DEPART
                 VALUE   DATE(S)  VALUE   FROM
                                          NORMAL
................................................
TEMPERATURE (F)
HIGHEST           104   06/21
LOWEST             34   06/01
AVG. MAXIMUM     87.0              76.7    10.3
AVG. MINIMUM     49.6              46.4     3.2
MEAN             68.3              61.6     6.7
DAYS MAX >= 90     10
DAYS MAX <= 32      0
DAYS MIN <= 32      0
DAYS MIN <= 0       0

PRECIPITATION (INCHES)
TOTALS           0.39              2.12   -1.73
DAYS >= .01         5
DAYS >= .10         1
DAYS >= .50         0
DAYS >= 1.00        0
GREATEST
 24 HR. TOTAL    0.28   06/12 TO 06/13

DEGREE_DAYS
HEATING TOTAL      16               149    -133
 SINCE 7/1       6456              7643   -1187
COOLING TOTAL     123                46      77
 SINCE 1/1        125                50      75
.................................................

WIND (MPH)
AVERAGE WIND SPEED              6.8
HIGHEST WIND SPEED/DIRECTION    51/270    DATE  06/09
HIGHEST GUST SPEED/DIRECTION    62/270    DATE  06/09

AVERAGE RH (PERCENT)     52

WEATHER CONDITIONS. NUMBER OF DAYS WITH
THUNDERSTORM              7     MIXED PRECIP               0
HEAVY RAIN                2     RAIN                       1
LIGHT RAIN                6     FREEZING RAIN              0
LT FREEZING RAIN          0     HAIL                       0
HEAVY SNOW                0     SNOW                       0
LIGHT SNOW                0     SLEET                      0
FOG                       1     FOG W/VIS <= 1/4 MILE      0
HAZE                      2

-  INDICATES NEGATIVE NUMBERS.
R  INDICATES RECORD WAS SET OR TIED.
MM INDICATES DATA IS MISSING.
T  INDICATES TRACE AMOUNT.

&&

...JUNE 2016 MONTH IN REVIEW FOR SHERIDAN...

BELOW IS A SUMMARY OF THE TEMPERATURE AND PRECIPITATION
STATISTICS FOR SHERIDAN FOR JUNE 2016. ALL TEMPERATURES ARE IN
DEGREES FAHRENHEIT AND ALL PRECIPITATION AMOUNTS ARE IN INCHES. NORMALS
ARE 30 YEAR AVERAGES CALCULATED FROM 1981 TO 2010. MONTHLY RANKINGS
FOR PRECIPITATION...SNOWFALL...AND TEMPERATURES USE A PERIOD
OF RECORD THAT STARTED IN MAY 1934 AT OR NEAR THE SHERIDAN AIRPORT.

NUMBERS DENOTED WITH AN * IS MISSING DATA IN THE CALCULATION.

...SHERIDAN MONTHLY PRECIPITATION...

 MONTH   2016 VALUES  NORMALS    DEPARTURE  RANKING

JUNE         0.39     2.12       -1.73      5TH DRIEST OUT OF 110 YEARS
                                            (RECORD DRIEST WAS 0.07 IN 1933)
                                            (DRIEST SINCE 0.33 IN 2012)

...SHERIDAN JUNE 2016 BROKEN OR TIED DAILY PRECIPITATION RECORDS...

NONE

...SHERIDAN AVERAGE TEMPERATURES...

 MONTH   2016 VALUES  NORMALS   DEPARTURE  RANKING

JUNE         68.3      61.6      +6.7      4TH WARMEST OUT OF 110 YEARS
                                           (RECORD WARMEST WAS 74.2 IN 1988)
                                           (WARMEST SINCE 74.2 IN 1988)

...SHERIDAN AVERAGE HIGH TEMPERATURES...

 MONTH   2016 VALUES  NORMALS   DEPARTURE  RANKING

JUNE         87.0      76.7     +10.3      2ND WARMEST OUT OF 110 YEARS
                                           (RECORD WARMEST WAS 91.2 IN 1988)
                                           (WARMEST SINCE 91.2 IN 1988)

...SHERIDAN JUNE 2016 BROKEN OR TIED WARMEST DAILY HIGH TEMPERATURE RECORDS...

96 ON JUNE  9 (OLD RECORD 92 IN 1961)
98 ON JUNE 18 (OLD RECORD 97 IN 1988)
104 ON JUNE 21 (OLD RECORD 100 IN 1919)

...SHERIDAN JUNE 2016 BROKEN OR TIED COLDEST DAILY HIGH TEMPERATURE RECORDS...

NONE

...SHERIDAN AVERAGE LOW TEMPERATURES...

 MONTH   2016 VALUES  NORMALS   DEPARTURE  RANKING

JUNE         49.6      46.4      +3.2      TIED FOR THE 25TH WARMEST OUT OF 110 YEARS
                                           (RECORD WARMEST WAS 57.1 IN 1988)
                                           (WARMEST SINCE 52.0 IN 2015)

...SHERIDAN JUNE 2016 BROKEN OR TIED WARMEST DAILY LOW TEMPERATURE RECORDS...

NONE

...SHERIDAN JUNE 2016 BROKEN OR TIED COLDEST DAILY LOW TEMPERATURE RECORDS...

NONE

$$
