000
CXUS54 KSJT 012054
CLMSJT


CLIMATE REPORT
NATIONAL WEATHER SERVICE SAN ANGELO TX
232 PM CST WED MAR 1 2017

...................................

...THE SAN ANGELO CLIMATE SUMMARY FOR THE MONTH OF FEBRUARY 2017...

CLIMATE NORMAL PERIOD 1981 TO 2010
CLIMATE RECORD PERIOD 1907 TO 2017

WEATHER         OBSERVED          NORMAL  DEPART  LAST YEAR`S
                 VALUE   DATE(S)  VALUE   FROM    VALUE  DATE(S)
                                          NORMAL
................................................................
TEMPERATURE (F)
RECORD
 HIGH              97   02/22/1996
 LOW                    02/02/1985
HIGHEST            93   02/11                         86  02/01
LOWEST             30   02/16                         18  02/04
                        02/03
AVG. MAXIMUM     73.6              63.5    10.1     71.1
AVG. MINIMUM     43.0              37.0     6.0     36.1
MEAN             58.3              50.3     8.0     53.6
DAYS MAX >= 90      2               0.3     1.7        0
DAYS MAX <= 32      0               0.3    -0.3        0
DAYS MIN <= 32      3               8.2    -5.2       14
DAYS MIN <= 0       0               0.0     0.0        0

PRECIPITATION (INCHES)
RECORD
 MAXIMUM         4.54   1997
 MINIMUM         0.00   1926
                        1916
TOTALS           1.23              1.35   -0.12     0.77
DAILY AVG.       0.04              0.05   -0.01     0.03
DAYS >= .01         3               5.0    -2.0        2
DAYS >= .10         3               2.7     0.3        2
DAYS >= .50         1               0.8     0.2        1
DAYS >= 1.00        0               0.3    -0.3        0
GREATEST
 24 HR. TOTAL    1.01   02/13 TO 02/14              0.77  02/22



SNOWFALL (INCHES)
RECORDS
 TOTAL           13.0   1924
TOTALS            0.0               0.3    -0.3      0.0
SINCE 7/1           T               2.1    -2.1      3.1
SNOWDEPTH AVG.      0                MM      MM        0
DAYS >= 1.0         0               0.1    -0.1        0
GREATEST
 SNOW DEPTH         0                                  0

DEGREE_DAYS
HEATING TOTAL     207               417    -210      332
 SINCE 7/1       1324              1961    -637     1593
COOLING TOTAL      26                 4      22       10
 SINCE 1/1         27                 5      22       10
....................................................

WIND (MPH)
AVERAGE WIND SPEED              10.1
HIGHEST WIND SPEED/DIRECTION    32/030    DATE  02/08
HIGHEST GUST SPEED/DIRECTION    41/040    DATE  02/08

SKY COVER
AVERAGE SKY COVER           0.20

AVERAGE RH (PERCENT)     56

WEATHER CONDITIONS. NUMBER OF DAYS WITH
THUNDERSTORM              3     MIXED PRECIP               0
HEAVY RAIN                3     RAIN                       3
LIGHT RAIN                4     FREEZING RAIN              0
LT FREEZING RAIN          0     HAIL                       0
HEAVY SNOW                0     SNOW                       0
LIGHT SNOW                0     SLEET                      0
FOG                      11     FOG W/VIS <= 1/4 MILE      1
HAZE                      7

-  INDICATES NEGATIVE NUMBERS.
R  INDICATES RECORD WAS SET OR TIED.
MM INDICATES DATA IS MISSING.
T  INDICATES TRACE AMOUNT.

$$
