865
CXUS45 KSLC 072032
CLMSLC

SLCCLMSLC 000
TTAA00 KSLC 072026

CLIMATE REPORT
NATIONAL WEATHER SERVICE SALT LAKE CITY UT
226 PM MDT SAT MAY 7 2016

...................................

...THE SALT LAKE CITY UT CLIMATE SUMMARY FOR THE MONTH OF APRIL 2016...

CLIMATE NORMAL PERIOD 1981 TO 2010
CLIMATE RECORD PERIOD 1874 TO 2016

WEATHER         OBSERVED          NORMAL  DEPART  LAST YEAR`S
                 VALUE   DATE(S)  VALUE   FROM    VALUE  DATE(S)
                                          NORMAL
................................................................
TEMPERATURE (F)
RECORD
 HIGH              89   04/29/2007
 LOW               14   04/02/1936
HIGHEST            83   04/21                         80  04/29
LOWEST             34   04/15                         29  04/15
                        04/01
AVG. MAXIMUM     65.4              61.6     3.8     63.7
AVG. MINIMUM     44.9              39.5     5.4     40.9
MEAN             55.2              50.6     4.6     52.3
DAYS MAX >= 90      0               0.0     0.0        0
DAYS MAX <= 32      0               0.0     0.0        0
DAYS MIN <= 32      0               4.3    -4.3        3
DAYS MIN <= 0       0               0.0     0.0        0

PRECIPITATION (INCHES)
TOTALS           1.39              1.99   -0.60     2.32
DAYS >= .01         9               9.9    -0.9        6
DAYS >= .10         4               5.6    -1.6        6
DAYS >= .50         1               1.0     0.0        1
DAYS >= 1.00        0               0.1    -0.1        0

SNOWFALL (INCHES)
TOTALS              T               4.0    -4.0      5.8
SINCE 7/1        34.3              55.9             15.4

DEGREE_DAYS
HEATING TOTAL     298               438    -140      371
 SINCE 7/1       4689              5356    -667     4184
COOLING TOTAL      10                 4       6        0
 SINCE 1/1         10                 4       6        0
.................................................................

WIND (MPH)
AVERAGE WIND SPEED              9.4
HIGHEST WIND SPEED/DIRECTION    36/210    DATE  04/23
HIGHEST GUST SPEED/DIRECTION    49/210    DATE  04/23


WEATHER CONDITIONS. NUMBER OF DAYS WITH
THUNDERSTORM              3     RAIN                       8
HAIL                      0     SNOW                       1
FOG                       6     FOG W/VIS <= 1/4 MILE      0
HAZE                      1

-  INDICATES NEGATIVE NUMBERS.
R  INDICATES RECORD WAS SET OR TIED.
MM INDICATES DATA IS MISSING.
T  INDICATES TRACE AMOUNT.

$$
