127
CXUS56 KMTR 052346
CLMSNS


CLIMATE REPORT
NATIONAL WEATHER SERVICE SAN FRANCISCO BAY AREA
346 PM PST SUN MAR 5 2017

...................................

...THE SALINAS AIRPORT CLIMATE SUMMARY FOR THE MONTH OF FEBRUARY 2017...

CLIMATE NORMAL PERIOD 1981 TO 2010
CLIMATE RECORD PERIOD 1930 TO 2017

WEATHER         OBSERVED          NORMAL  DEPART  LAST YEAR`S
                 VALUE   DATE(S)  VALUE   FROM    VALUE  DATE(S)
                                          NORMAL
................................................................
TEMPERATURE (F)
RECORD
 HIGH              85   MM
 LOW               31   02/27/2011
HIGHEST            73   02/14                         83  02/16
LOWEST             33   02/24                         37  02/02
AVG. MAXIMUM     62.0              62.8    -0.8     71.4
AVG. MINIMUM     45.9              43.2     2.7     45.1
MEAN             54.0              53.0     1.0     58.3
DAYS MAX >= 90      0                                  0
DAYS MAX <= 32      0                                  0
DAYS MIN <= 32      0                                  0
DAYS MIN <= 0       0                                  0

PRECIPITATION (INCHES)
RECORD
 MAXIMUM           MM   MM
 MINIMUM           MM   MM
TOTALS           4.43              2.49    1.94     0.45
DAILY AVG.       0.16                               0.02
DAYS >= .01        14                                  3
DAYS >= .10         8                                  2
DAYS >= .50         3                                  0
DAYS >= 1.00        1                                  0
GREATEST
 24 HR. TOTAL    1.72   02/20 TO 02/20           02/17 TO 02/18
                                                          02/29 TO 02/29
                                                          02/29 TO 02/29

DEGREE_DAYS
HEATING TOTAL     301               336     -35      191
 SINCE 7/1       1762              1814     -52     1391
COOLING TOTAL       0                 0       0        3
 SINCE 1/1          0                 0       0        3
..........................................................

WIND (MPH)
AVERAGE WIND SPEED              9.2
RESULTANT WIND SPEED/DIRECTION   3/139
HIGHEST WIND SPEED/DIRECTION    59/100    DATE  02/17
HIGHEST GUST SPEED/DIRECTION    71/100    DATE  02/17

SKY COVER
POSSIBLE SUNSHINE (PERCENT)   MM
AVERAGE SKY COVER           0.50
NUMBER OF DAYS FAIR           12
NUMBER OF DAYS PC              9
NUMBER OF DAYS CLOUDY          7

AVERAGE RH (PERCENT)     74

WEATHER CONDITIONS. NUMBER OF DAYS WITH
THUNDERSTORM              0     MIXED PRECIP               0
HEAVY RAIN                5     RAIN                       7
LIGHT RAIN               17     FREEZING RAIN              0
LT FREEZING RAIN          0     HAIL                       0
HEAVY SNOW                0     SNOW                       0
LIGHT SNOW                0     SLEET                      0
FOG                      15     FOG W/VIS <= 1/4 MILE      1
HAZE                      3

-  INDICATES NEGATIVE NUMBERS.
R  INDICATES RECORD WAS SET OR TIED.
MM INDICATES DATA IS MISSING.
T  INDICATES TRACE AMOUNT.

$$
