000
CXUS56 KMTR 011620
CLMSNS


CLIMATE REPORT
NATIONAL WEATHER SERVICE SAN FRANCISCO BAY AREA
816 AM PST THU FEB 1 2018

...................................

...THE SALINAS AIRPORT CLIMATE SUMMARY FOR THE MONTH OF JANUARY 2018...

CLIMATE NORMAL PERIOD 1981 TO 2010
CLIMATE RECORD PERIOD 1930 TO 2018

WEATHER         OBSERVED          NORMAL  DEPART  LAST YEAR`S
                 VALUE   DATE(S)  VALUE   FROM    VALUE  DATE(S)
                                          NORMAL
................................................................
TEMPERATURE (F)
RECORD
 HIGH              86   01/17/2014
 LOW               18   01/21/1937
HIGHEST            77   01/30                         72  01/30
LOWEST             37   01/27                         34  01/27
                        01/26                             01/06
                        01/21
AVG. MAXIMUM     65.4              61.3     4.1     58.5
AVG. MINIMUM     45.7              41.3     4.4     42.2
MEAN             55.5              51.3     4.2     50.4
DAYS MAX >= 90      0                                  0
DAYS MAX <= 32      0                                  0
DAYS MIN <= 32      0                                  0
DAYS MIN <= 0       0                                  0

PRECIPITATION (INCHES)
RECORD
 MAXIMUM           MM   MM
 MINIMUM           MM   MM
TOTALS           1.73              2.60   -0.87     5.86
DAILY AVG.       0.06                               0.19
DAYS >= .01         9                                 16
DAYS >= .10         5                                 13
DAYS >= .50         1                                  5
DAYS >= 1.00        0                                  0
GREATEST
 24 HR. TOTAL    0.61   01/08 TO 01/08           01/03 TO 01/04

DEGREE_DAYS
HEATING TOTAL     288               425    -137      446
 SINCE 7/1       1066              1478    -412     1461
COOLING TOTAL       0                 0       0        0
 SINCE 1/1          0                 0       0        0
.................................................................

WIND (MPH)
AVERAGE WIND SPEED              6.8
RESULTANT WIND SPEED/DIRECTION   3/105
HIGHEST WIND SPEED/DIRECTION    25/100    DATE  01/13
HIGHEST GUST SPEED/DIRECTION    31/270    DATE  01/09

SKY COVER
POSSIBLE SUNSHINE (PERCENT)   MM
AVERAGE SKY COVER           0.30
NUMBER OF DAYS FAIR           17
NUMBER OF DAYS PC             12
NUMBER OF DAYS CLOUDY          2

AVERAGE RH (PERCENT)     76

-  INDICATES NEGATIVE NUMBERS.
R  INDICATES RECORD WAS SET OR TIED.
MM INDICATES DATA IS MISSING.
T  INDICATES TRACE AMOUNT.

$$
