000
CXUS53 KMPX 012110
CLMSTC


CLIMATE REPORT
NATIONAL WEATHER SERVICE CHANHASSEN MN
410 PM CDT SAT OCT 1 2016

...................................

...THE ST CLOUD MN CLIMATE SUMMARY FOR THE MONTH OF SEPTEMBER 2016...

CLIMATE NORMAL PERIOD 1981 TO 2010
CLIMATE RECORD PERIOD 1893 TO 2016

WEATHER         OBSERVED          NORMAL  DEPART  LAST YEAR`S
                 VALUE   DATE(S)  VALUE   FROM    VALUE  DATE(S)
                                          NORMAL
................................................................
TEMPERATURE (F)
RECORD
 HIGH             106   09/10/1931
 LOW               18   09/22/1974
                        09/28/1942
HIGHEST            80   09/18        79       1       89  09/04
                        09/11
                        09/06
LOWEST             39   09/14        38       1       32  09/30
AVG. MAXIMUM     71.0              70.3     0.7     75.7
AVG. MINIMUM     52.3              46.8     5.5     53.8
MEAN             61.7              58.6     3.1     64.8
DAYS MAX >= 90      0               0.3    -0.3        0
DAYS MAX <= 32      0               0.0     0.0        0
DAYS MIN <= 32      0               1.5    -1.5        1
DAYS MIN <= 0       0               0.0     0.0        0

PRECIPITATION (INCHES)
RECORD
 MAXIMUM        10.72   1926
 MINIMUM         0.07   1952
TOTALS           3.08              3.46   -0.38     2.24
DAILY AVG.       0.10              0.12   -0.02     0.07
DAYS >= .01        14               9.9     4.1       12
DAYS >= .10         8               6.0     2.0        6
DAYS >= .50         0               2.2    -2.2        1
DAYS >= 1.00        0               0.8    -0.8        0
GREATEST
 24 HR. TOTAL    0.94   09/21 TO 09/22

SNOWFALL (INCHES)
RECORDS
 TOTAL            1.8   5
                        0
TOTALS            0.0                 T     0.0      0.0
SINCE 7/1         0.0                 T     0.0      0.0
SNOWDEPTH AVG.      0                MM      MM        0
DAYS >= 1.0         0               0.0     0.0        0
GREATEST
 SNOW DEPTH         0   MM                             0  MM
 24 HR TOTAL      0.0   09/30 TO 09/30

DEGREE_DAYS
HEATING TOTAL     118               228    -110      106
 SINCE 7/1        140               286    -146      158
COOLING TOTAL      28                34      -6      106
 SINCE 1/1        506               463      43      492
.................................................................

WIND (MPH)
AVERAGE WIND SPEED              8.0
HIGHEST WIND SPEED/DIRECTION    32/300    DATE  09/26
HIGHEST GUST SPEED/DIRECTION    41/300    DATE  09/26

SKY COVER
POSSIBLE SUNSHINE (PERCENT)   MM
AVERAGE SKY COVER           0.40
NUMBER OF DAYS FAIR           14
NUMBER OF DAYS PC              7
NUMBER OF DAYS CLOUDY          9

AVERAGE RH (PERCENT)     78

WEATHER CONDITIONS. NUMBER OF DAYS WITH
THUNDERSTORM              0     MIXED PRECIP               0
HEAVY RAIN                5     RAIN                       7
LIGHT RAIN               15     FREEZING RAIN              0
LT FREEZING RAIN          0     HAIL                       0
HEAVY SNOW                0     SNOW                       0
LIGHT SNOW                0     SLEET                      0
FOG                      17     FOG W/VIS <= 1/4 MILE      2
HAZE                      0

-  INDICATES NEGATIVE NUMBERS.
R  INDICATES RECORD WAS SET OR TIED.
MM INDICATES DATA IS MISSING.
T  INDICATES TRACE AMOUNT.

$$
