000
CXUS53 KLSX 050146 CCA
CLMSTL

CLIMATE REPORT
NATIONAL WEATHER SERVICE ST LOUIS MO
1106 AM CDT SAT NOV 1 2014

...................................

...THE ST. LOUIS MO CLIMATE SUMMARY FOR THE MONTH OF OCTOBER 2014...

CLIMATE NORMAL PERIOD 1981 TO 2010
CLIMATE RECORD PERIOD 1874 TO 2014

WEATHER         OBSERVED          NORMAL  DEPART  LAST YEAR`S
                 VALUE   DATE(S)  VALUE   FROM    VALUE
                                          NORMAL
.............................................................
TEMPERATURE (F)
RECORD
 HIGH              94   10/03/2006
                        10/11/1963
                        10/02/1953
 LOW               21   10/30/1925
HIGHEST            88   10/01                         89
LOWEST             35   10/31                         30
AVG. MAXIMUM     68.7              68.5     0.2     69.3
AVG. MINIMUM     50.3              49.0     1.3     49.0
MEAN             59.5              58.7     0.8     59.1
DAYS MAX >= 90      0               0.1    -0.1        0
DAYS MAX <= 32      0               0.0     0.0        0
DAYS MIN <= 32      0               0.7    -0.7        2
DAYS MIN <= 0       0               0.0     0.0        0

PRECIPITATION (INCHES)
RECORD
 MAXIMUM        12.38   2009
 MINIMUM         0.21   1975
                        1908
TOTALS           5.08              3.33    1.75     2.35
DAILY AVG.       0.16              0.11    0.05     0.08
DAYS >= .01        11               8.7     2.3       14
DAYS >= .10         9               5.7     3.3        9
DAYS >= .50         4               2.3     1.7        1
DAYS >= 1.00        1               0.8     0.2        0
GREATEST
 24 HR. TOTAL    1.45   10/02 TO 10/03

SNOWFALL (INCHES)
RECORDS
 TOTAL            0.3   1913
 24 HR TOTAL      0.3   10/29/1913 TO 10/29/1913
TOTALS            0.0               0.0     0.0      0.0
SINCE 7/1         0.0               0.0     0.0      0.0
GREATEST
 24 HR TOTAL      0.0   10/31 TO 10/31

DEGREE_DAYS
HEATING TOTAL     197               235     -38      240
 SINCE 7/1        236               276     -40      243
COOLING TOTAL      34                41      -7       63
 SINCE 1/1       1732              1642      90     1728
..............................................................

WIND (MPH)
HIGHEST WIND SPEED/DIRECTION    31/310    DATE  10/03
HIGHEST GUST SPEED/DIRECTION    40/290    DATE  10/03

SKY COVER
NUMBER OF DAYS FAIR            8
NUMBER OF DAYS PC             14
NUMBER OF DAYS CLOUDY          9


WEATHER CONDITIONS. NUMBER OF DAYS WITH
THUNDERSTORM              6     MIXED PRECIP               0
HEAVY RAIN                4     RAIN                       7
LIGHT RAIN               15     FREEZING RAIN              0
LT FREEZING RAIN          0     HAIL                       0
HEAVY SNOW                0     SNOW                       0
LIGHT SNOW                0     SLEET                      0
FOG                      13     FOG W/VIS <= 1/4 MILE      2
HAZE                      4

-  INDICATES NEGATIVE NUMBERS.
R  INDICATES RECORD WAS SET OR TIED.
MM INDICATES DATA IS MISSING.
T  INDICATES TRACE AMOUNT.

$$

** A RECORD RAINFALL OF 0.84" WAS SET OCTOBER 13TH WHICH BREAKS
   THE PREVIOUS RECORD OF 0.82" SET IN 1885.

** OCTOBER 2014 IS THE 16TH WETTEST ON RECORD.
