000
CXUS54 KBMX 011937
CLMTCL


CLIMATE REPORT
NATIONAL WEATHER SERVICE BIRMINGHAM, AL
136 PM CST SUN FEB 1 2015

...................................

...THE TUSCALOOSA CLIMATE SUMMARY FOR THE MONTH OF JANUARY 2015...

CLIMATE NORMAL PERIOD 1981 TO 2010
CLIMATE RECORD PERIOD 1948 TO 2015

WEATHER         OBSERVED          NORMAL  DEPART  LAST YEAR`S
                 VALUE   DATE(S)  VALUE   FROM    VALUE  DATE(S)
                                          NORMAL
................................................................
TEMPERATURE (F)
RECORD
 HIGH              82   01/10/1949
 LOW                    01/21/1985
                        01/19/1977
HIGHEST            72   01/29        MM      MM       66  01/20
                                                          01/11
LOWEST             11   01/08        MM      MM        9  01/30
                                                          01/07
AVG. MAXIMUM     55.3              55.6    -0.3     51.0
AVG. MINIMUM     32.2              33.8    -1.6     25.0
MEAN             43.8                               38.0
DAYS MAX >= 90      0               0.0     0.0        0
DAYS MAX <= 32      1               0.4     0.6        3
DAYS MIN <= 32     17              14.8     2.2       26
DAYS MIN <= 0       0               0.0     0.0        0

PRECIPITATION (INCHES)
RECORD
 MAXIMUM        10.18   1979
 MINIMUM         1.22   1986
                        1961
TOTALS           6.17              5.35    0.82     2.09
DAILY AVG.       0.20              0.17    0.03
DAYS >= .01        10               9.8     0.2
DAYS >= .10         7               7.1    -0.1
DAYS >= .50         3               3.3    -0.3
DAYS >= 1.00        2               1.5     0.5

DEGREE_DAYS
HEATING TOTAL     649               631      18      828
 SINCE 7/1       1656              1632      24     1832
.................................................................

WIND (MPH)
AVERAGE WIND SPEED              6.0
HIGHEST WIND SPEED/DIRECTION    39/270    DATE  01/25
HIGHEST GUST SPEED/DIRECTION    58/280    DATE  01/25

AVERAGE RH (PERCENT)     65

WEATHER CONDITIONS. NUMBER OF DAYS WITH
THUNDERSTORM              0     MIXED PRECIP               0
HEAVY RAIN                2     RAIN                       7
LIGHT RAIN               10     FREEZING RAIN              0
LT FREEZING RAIN          0     HAIL                       0
HEAVY SNOW                0     SNOW                       0
LIGHT SNOW                0     SLEET                      0
FOG                      17     FOG W/VIS <= 1/4 MILE      0
HAZE                      6

-  INDICATES NEGATIVE NUMBERS.
R  INDICATES RECORD WAS SET OR TIED.
MM INDICATES DATA IS MISSING.
T  INDICATES TRACE AMOUNT.

$$
