000
CXUS52 KTAE 011438
CLMTLH

CLIMATE REPORT
NATIONAL WEATHER SERVICE TALLAHASSEE FL
857 AM EDT WED NOV 1 2017

...................................

...THE TALLAHASSEE CLIMATE SUMMARY FOR THE MONTH OF OCTOBER 2017...

CLIMATE NORMAL PERIOD 1981 TO 2010
CLIMATE RECORD PERIOD 1896 TO 2017

WEATHER         OBSERVED          NORMAL  DEPART  LAST YEAR`S
                 VALUE   DATE(S)  VALUE   FROM    VALUE  DATE(S)
                                          NORMAL
................................................................
TEMPERATURE (F)
RECORD
 HIGH              95   10/01/1933
 LOW               29   10/29/2008
HIGHEST            92   10/07                         94  10/08
LOWEST             35   10/30                         40  10/23
AVG. MAXIMUM     83.2              81.4     1.8     86.6
AVG. MINIMUM     62.4              57.3     5.1     59.7
MEAN             72.8              69.4     3.4     73.2
DAYS MAX >= 90      6               1.7     4.3        5
DAYS MAX <= 32      0               0.0     0.0        0
DAYS MIN <= 32      0               0.1    -0.1        0
DAYS MIN <= 0       0               0.0     0.0        0

PRECIPITATION (INCHES)
RECORD
 MAXIMUM        12.27   1959
 MINIMUM         0.00   1904
                        1961
                        1987
TOTALS           3.97              3.23    0.74     0.16
DAILY AVG.       0.13              0.10    0.03     0.01
DAYS >= .01        11               5.7     5.3        2
DAYS >= .10         7               3.9     3.1        1
DAYS >= .50         4               1.7     2.3        0
DAYS >= 1.00        1               1.0     0.0        0
GREATEST
 24 HR. TOTAL    1.11   10/28 TO 10/28

SNOWFALL (INCHES)
RECORDS
 TOTAL            0.0   2002
                        2001
TOTALS            0.0
SINCE 7/1         0.0               0.0     0.0      0.0
SNOWDEPTH AVG.      0
DAYS >= 1.0         0               0.0     0.0        0
GREATEST
 SNOW DEPTH         0
 24 HR TOTAL      0.0

DEGREE_DAYS
HEATING TOTAL      52                46       6       11
 SINCE 7/1         53                47       6       11
COOLING TOTAL     303               181     122      273
 SINCE 1/1       2898              2533     365     3190
.................................................................

WIND (MPH)
AVERAGE WIND SPEED              7.3
HIGHEST WIND SPEED/DIRECTION    30/120    DATE  10/11
HIGHEST GUST SPEED/DIRECTION    36/120    DATE  10/11

SKY COVER
AVERAGE SKY COVER           0.40

AVERAGE RH (PERCENT)     71

WEATHER CONDITIONS. NUMBER OF DAYS WITH
THUNDERSTORM              0     MIXED PRECIP               0
HEAVY RAIN                3     RAIN                       6
LIGHT RAIN               11     FREEZING RAIN              0
LT FREEZING RAIN          0     HAIL                       0
HEAVY SNOW                0     SNOW                       0
LIGHT SNOW                0     SLEET                      0
FOG                      12     FOG W/VIS <= 1/4 MILE      3
HAZE                      2

-  INDICATES NEGATIVE NUMBERS.
R  INDICATES RECORD WAS SET OR TIED.
MM INDICATES DATA IS MISSING.
T  INDICATES TRACE AMOUNT.

$$
