000
CXUS54 KMRX 011652
CLMTRI


CLIMATE REPORT
NATIONAL WEATHER SERVICE MORRISTOWN TN
1251 PM EDT FRI JUL 1 2016

...................................

...THE TRI-CITIES      ASOS CLIMATE SUMMARY FOR THE MONTH OF JUNE 2016...

CLIMATE NORMAL PERIOD 1981 TO 2010
CLIMATE RECORD PERIOD 1934 TO 2016

WEATHER         OBSERVED          NORMAL  DEPART
                 VALUE   DATE(S)  VALUE   FROM
                                          NORMAL
................................................
TEMPERATURE (F)
HIGHEST            94   06/14
LOWEST             47   06/09
AVG. MAXIMUM     86.8              83.0     3.8
AVG. MINIMUM     61.5              60.0     1.5
MEAN             74.2              71.5     2.7
DAYS MAX >= 90     10
DAYS MAX <= 32      0
DAYS MIN <= 32      0
DAYS MIN <= 0       0

PRECIPITATION (INCHES)
RECORD
 MAXIMUM         8.37   2013
 MINIMUM         0.75   1986
TOTALS           1.92              3.90   -1.98
DAYS >= .01        10
DAYS >= .10         6
DAYS >= .50         0
DAYS >= 1.00        0
GREATEST
 24 HR. TOTAL    0.47   06/04 TO 06/04
                        06/03 TO 06/04
                        06/04 TO 06/04

SNOWFALL (INCHES)
TOTALS            0.0               0.0     0.0
SINCE 7/1        18.4
SNOWDEPTH AVG.      0
DAYS >= TRACE       0
GREATEST
 SNOW DEPTH         0   MM

DEGREE_DAYS
HEATING TOTAL       0                11     -11
 SINCE 7/1       3545              4374    -829
COOLING TOTAL     281               206      75
 SINCE 1/1        377               279      98
.................................................



-  INDICATES NEGATIVE NUMBERS.
R  INDICATES RECORD WAS SET OR TIED.
MM INDICATES DATA IS MISSING.
T  INDICATES TRACE AMOUNT.

$$
