000
CXUS56 KSGX 011938
CLMTRM


CLIMATE REPORT
NATIONAL WEATHER SERVICE SAN DIEGO, CA
1238 PM PDT MON JUN 1 2015

...................................

...THE THERMAL AIRPORT CA CLIMATE SUMMARY FOR THE MONTH OF MAY 2015...

CLIMATE NORMAL PERIOD 1981 TO 2010
CLIMATE RECORD PERIOD 1950 TO 2015

WEATHER         OBSERVED          NORMAL  DEPART  LAST YEAR`S
                 VALUE   DATE(S)  VALUE   FROM    VALUE  DATE(S)
                                          NORMAL
................................................................
TEMPERATURE (F)
RECORD
 HIGH             116   05/28/1983
 LOW               41   05/15/1951
HIGHEST           103   05/31        95       8      110  05/31
                        05/01
LOWEST             42   05/16        62     -20       49  05/12
AVG. MAXIMUM     89.6              95.3    -5.7     97.4
AVG. MINIMUM     60.6              61.5    -0.9     61.9
MEAN             75.1              78.4    -3.3     79.7
DAYS MAX >= 90     16              24.2    -8.2       25
DAYS MAX <= 32      0               0.0     0.0        0
DAYS MAX >= 100     4                                 15
DAYS MAX >= 110     0                                  1
DAYS MIN <= 32      0               0.0     0.0        0

PRECIPITATION (INCHES)
RECORD
 MAXIMUM         0.80   1976
 MINIMUM         0.00   2013
                        2012
                        2009
TOTALS           0.07              0.03    0.04        T
DAILY AVG.       0.00              0.00    0.00        T
DAYS >= .01         1               0.4     0.6        0
DAYS >= .10         0               0.1    -0.1        0
DAYS >= .50         0               0.0     0.0        0
DAYS >= 1.00        0               0.0     0.0        0
DAYS >= 1.50        0                                  0
DAYS >= 2.00        0                                  0
GREATEST
 24 HR. TOTAL    0.07   05/15 TO 05/15           05/22 TO 05/22
                                                          05/31 TO 05/31
                                                          05/31 TO 05/31
 STORM TOTAL       MM                                 MM
 (MM/DD(HH))            MM                    05/22(00) TO 05/22(00)
                                                 05/31(00) TO 05/31(00)1
                                                 05/31(00) TO 05/31(00)1

SNOWFALL (INCHES)
TOTALS            0.0
SINCE 7/1         0.0

DEGREE_DAYS
HEATING TOTAL      15                 1      14        0
 SINCE 7/1        764              1181    -417      821
COOLING TOTAL     337               417     -80      460
 SINCE 1/1        754               673      81      822

FREEZE DATES
RECORD
 EARLIEST     10/30/1971
 LATEST       04/10/1999
EARLIEST                        12/02
LATEST                          02/06
..................................................

WIND (MPH)
AVERAGE WIND SPEED              9.5
RESULTANT WIND SPEED/DIRECTION   4/334
HIGHEST WIND SPEED/DIRECTION    35/290    DATE  05/07
HIGHEST GUST SPEED/DIRECTION    46/290    DATE  05/07

SKY COVER
POSSIBLE SUNSHINE (PERCENT)   MM
AVERAGE SKY COVER           0.00
NUMBER OF DAYS FAIR           30
NUMBER OF DAYS PC              1
NUMBER OF DAYS CLOUDY          0

AVERAGE RH (PERCENT)     37

WEATHER CONDITIONS. NUMBER OF DAYS WITH
THUNDERSTORM              0     MIXED PRECIP               0
HEAVY RAIN                0     RAIN                       0
LIGHT RAIN                1     FREEZING RAIN              0
LT FREEZING RAIN          0     HAIL                       0
HEAVY SNOW                0     SNOW                       0
LIGHT SNOW                0     SLEET                      0
FOG                       1     FOG W/VIS <= 1/4 MILE      0
HAZE                      6

-  INDICATES NEGATIVE NUMBERS.
R  INDICATES RECORD WAS SET OR TIED.
MM INDICATES DATA IS MISSING.
T  INDICATES TRACE AMOUNT.

$$
