000
CXUS54 KMEG 050123
CLMTUP


CLIMATE REPORT...RESENT
NATIONAL WEATHER SERVICE MEMPHIS TN
721 PM CST TUE NOV 4 2014

...................................

...THE TUPELO CLIMATE SUMMARY FOR THE MONTH OF OCTOBER 2014...

CLIMATE NORMAL PERIOD 1981 TO 2010
CLIMATE RECORD PERIOD 1930 TO 2014

WEATHER         OBSERVED          NORMAL  DEPART  LAST YEAR`S
                 VALUE   DATE(S)  VALUE   FROM    VALUE  DATE(S)
                                          NORMAL
................................................................
TEMPERATURE (F)
RECORD
 HIGH              96   10/06/1938
 LOW               24   10/31/1980
HIGHEST            89   10/01        75      14       88  10/05
LOWEST             39   10/31        50     -11       32  10/26
                        10/23
AVG. MAXIMUM     76.7              75.3     1.4     74.9
AVG. MINIMUM     53.2              50.8     2.4     53.5
MEAN             65.0              63.0     2.0     64.2
DAYS MAX >= 90      0               0.5    -0.5        0
DAYS MAX <= 32      0               0.0     0.0        0
DAYS MIN <= 32      0               0.7    -0.7        1
DAYS MIN <= 0       0               0.0     0.0        0

PRECIPITATION (INCHES)
RECORD
 MAXIMUM        10.98   2009
 MINIMUM         0.00   1963
TOTALS           8.34              4.12    4.22     2.18
DAILY AVG.       0.27              0.13    0.14     0.07
DAYS >= .01         8               7.6     0.4        5
DAYS >= .10         8               5.4     2.6        3
DAYS >= .50         5               2.6     2.4        3
DAYS >= 1.00        3               1.3     1.7        1
GREATEST
 24 HR. TOTAL    2.65   10/13 TO 10/13

SNOWFALL (INCHES)
RECORDS
 TOTAL            0.0   2002
                        2001
                        1993
TOTALS            0.0               0.0     0.0      0.0
SINCE 7/1         0.0               0.0     0.0      0.0
SNOWDEPTH AVG.      0                MM      MM        0
DAYS >= 1.0         0               0.0     0.0        0
GREATEST
 SNOW DEPTH         0   MM                             0  MM
 24 HR TOTAL      0.0   10/31 TO 10/31

DEGREE_DAYS
HEATING TOTAL      98               136     -38      119
 SINCE 7/1         99               148     -49      119
COOLING TOTAL     104                75      29      101
 SINCE 1/1       1974              2033     -59     2027
.................................................................

WIND (MPH)
AVERAGE WIND SPEED              5.6
HIGHEST WIND SPEED/DIRECTION    28/020    DATE  10/31
HIGHEST GUST SPEED/DIRECTION    40/210    DATE  10/13

SKY COVER
POSSIBLE SUNSHINE (PERCENT)   MM
AVERAGE SKY COVER           0.30
NUMBER OF DAYS FAIR           19
NUMBER OF DAYS PC              7
NUMBER OF DAYS CLOUDY          5

AVERAGE RH (PERCENT)     70

WEATHER CONDITIONS. NUMBER OF DAYS WITH
THUNDERSTORM              0     MIXED PRECIP               0
HEAVY RAIN                2     RAIN                       5
LIGHT RAIN                8     FREEZING RAIN              0
LT FREEZING RAIN          0     HAIL                       0
HEAVY SNOW                0     SNOW                       0
LIGHT SNOW                0     SLEET                      0
FOG                      17     FOG W/VIS <= 1/4 MILE      3
HAZE                      9

-  INDICATES NEGATIVE NUMBERS.
R  INDICATES RECORD WAS SET OR TIED.
MM INDICATES DATA IS MISSING.
T  INDICATES TRACE AMOUNT.

$$
