000
CXUS54 KMEG 011707
CLMTUP


CLIMATE REPORT
NATIONAL WEATHER SERVICE MEMPHIS TN
1157 AM CDT WED NOV 1 2017

...................................

...THE TUPELO CLIMATE SUMMARY FOR THE MONTH OF OCTOBER 2017...

CLIMATE NORMAL PERIOD 1981 TO 2010
CLIMATE RECORD PERIOD 1930 TO 2017

WEATHER         OBSERVED          NORMAL  DEPART  LAST YEAR`S
                 VALUE   DATE(S)  VALUE   FROM    VALUE  DATE(S)
                                          NORMAL
................................................................
TEMPERATURE (F)
RECORD
 HIGH              96   10/06/1938
 LOW               24   10/31/1980
HIGHEST            90   10/14        75      15       91  10/19
                                                          10/18
                                                          10/07
LOWEST             32   10/29        50     -18       40  10/22
AVG. MAXIMUM     77.3              75.3     2.0     84.3
AVG. MINIMUM     51.9              50.8     1.1     54.7
MEAN             64.6              63.0     1.6     69.5
DAYS MAX >= 90      1               0.5     0.5        5
DAYS MAX <= 32      0               0.0     0.0        0
DAYS MIN <= 32      1               0.7     0.3        0
DAYS MIN <= 0       0               0.0     0.0        0

PRECIPITATION (INCHES)
RECORD
 MAXIMUM        10.98   2009
 MINIMUM         0.00   1963
TOTALS           1.42              4.12   -2.70     0.44
DAILY AVG.       0.05              0.13   -0.08     0.01
DAYS >= .01         8               7.6     0.4        2
DAYS >= .10         4               5.4    -1.4        1
DAYS >= .50         1               2.6    -1.6        0
DAYS >= 1.00        0               1.3    -1.3        0
GREATEST
 24 HR. TOTAL    0.52   10/27 TO 10/27

SNOWFALL (INCHES)
RECORDS
 TOTAL            0.0   2002
                        2001
                        1993
TOTALS            0.0               0.0     0.0      0.0
SINCE 7/1         0.0               0.0     0.0      0.0
SNOWDEPTH AVG.      0                MM      MM        0
DAYS >= 1.0         0               0.0     0.0        0
GREATEST
 SNOW DEPTH         0   MM                             0  MM
 24 HR TOTAL      0.0   10/31 TO 10/31

DEGREE_DAYS
HEATING TOTAL     133               136      -3       22
 SINCE 7/1        138               148     -10       22
COOLING TOTAL     128                75      53      167
 SINCE 1/1       2104              2033      71     2514
.................................................................

WIND (MPH)
AVERAGE WIND SPEED              6.4
HIGHEST WIND SPEED/DIRECTION    23/320    DATE  10/15
HIGHEST GUST SPEED/DIRECTION    29/230    DATE  10/24

SKY COVER
POSSIBLE SUNSHINE (PERCENT)   MM
AVERAGE SKY COVER           0.30
NUMBER OF DAYS FAIR           19
NUMBER OF DAYS PC             11
NUMBER OF DAYS CLOUDY          1

AVERAGE RH (PERCENT)     65

WEATHER CONDITIONS. NUMBER OF DAYS WITH
THUNDERSTORM              0     MIXED PRECIP               0
HEAVY RAIN                2     RAIN                       2
LIGHT RAIN                8     FREEZING RAIN              0
LT FREEZING RAIN          0     HAIL                       0
HEAVY SNOW                0     SNOW                       0
LIGHT SNOW                0     SLEET                      0
FOG                      10     FOG W/VIS <= 1/4 MILE      1
HAZE                      5

-  INDICATES NEGATIVE NUMBERS.
R  INDICATES RECORD WAS SET OR TIED.
MM INDICATES DATA IS MISSING.
T  INDICATES TRACE AMOUNT.

$$
