000
CXUS53 KAPX 010537
CLMTVC


CLIMATE REPORT
NATIONAL WEATHER SERVICE GAYLORD MI
1237 AM EST MON JAN 1 2018

...................................

...THE TRAVERSE CITY MI CLIMATE SUMMARY FOR THE YEAR OF 2017...

CLIMATE NORMAL PERIOD 1981 TO 2010
CLIMATE RECORD PERIOD 1896 TO 2017

WEATHER         OBSERVED          NORMAL  DEPART  LAST YEAR`S
                 VALUE   DATE(S)  VALUE   FROM    VALUE  DATE(S)
                                          NORMAL
................................................................
TEMPERATURE (F)
RECORD
 HIGH             105   07/07/1936
 LOW              -37   02/17/1979
HIGHEST            95   09/24        MM      MM       94  08/04
                        09/22                             07/12
                        09/23
LOWEST             -4   12/28        MM      MM        0  02/13
                                                          01/04
AVG. MAXIMUM     55.9              54.7     1.2     58.2
AVG. MINIMUM     39.1              36.2     2.9     40.8
MEAN             47.5              45.4     2.1     49.5
DAYS MAX >= 90      5               5.4    -0.4       17
DAYS MAX <= 32     55              61.9    -6.9       52
DAYS MIN <= 32    132             155.1   -23.1      125
DAYS MIN <= 0       2               8.1    -6.1        2

PRECIPITATION (INCHES)
RECORD
 MAXIMUM        29.52   2008
 MINIMUM        21.51   2009
TOTALS          30.41R            33.05   -2.64    26.40
DAILY AVG.       0.09              0.09    0.00     0.07
DAYS >= .01       136             147.4   -11.4      152
DAYS >= .10        68              73.9    -5.9       70
DAYS >= .50        20              18.0     2.0       10
DAYS >= 1.00        4               5.3    -1.3        2
GREATEST
 24 HR. TOTAL    3.02   MM                       12/31 TO 12/31
                                                          12/31 TO 12/31
                                                          12/31 TO 12/31
 STORM TOTAL       MM                                 MM
 (MM/DD(HH))            MM                    12/31(00) TO 12/31(00)
                                                 12/31(00) TO 12/31(00)1
                                                 12/31(00) TO 12/31(00)1

SNOWFALL (INCHES)
RECORDS
 TOTAL             MM   MM
TOTALS             MM             101.4      MM       MM
SINCE 7/1          MM              35.9      MM       MM
SNOWDEPTH AVG.     MM                MM      MM       10
DAYS >= TRACE      MM              58.6      MM        0
DAYS >= 1.0        MM              32.2      MM        0
GREATEST
 SNOW DEPTH        MM                                 10  02/10
 24 HR TOTAL    999.0   MM                            MM

DEGREE_DAYS
HEATING TOTAL    6241              7550   -1309
 SINCE 7/1         MM              2808      MM

FREEZE DATES
RECORD
 EARLIEST     MM
 LATEST       MM
EARLIEST                        MM
LATEST                          MM
..................................................

WIND (MPH)
AVERAGE WIND SPEED              6.5
HIGHEST WIND SPEED/DIRECTION    40/260    DATE  03/08
HIGHEST GUST SPEED/DIRECTION    56/260    DATE  03/08

SKY COVER
POSSIBLE SUNSHINE (PERCENT)   MM
AVERAGE SKY COVER           0.70
NUMBER OF DAYS FAIR           47
NUMBER OF DAYS PC            134
NUMBER OF DAYS CLOUDY        153

AVERAGE RH (PERCENT)     70

WEATHER CONDITIONS. NUMBER OF DAYS WITH
THUNDERSTORM              0     MIXED PRECIP               0
HEAVY RAIN               15     RAIN                      45
LIGHT RAIN              125     FREEZING RAIN              1
LT FREEZING RAIN          2     HAIL                       0
HEAVY SNOW                4     SNOW                      21
LIGHT SNOW               83     SLEET                      4
FOG                     173     FOG W/VIS <= 1/4 MILE     14
HAZE                     81

-  INDICATES NEGATIVE NUMBERS.
R  INDICATES RECORD WAS SET OR TIED.
MM INDICATES DATA IS MISSING.
T  INDICATES TRACE AMOUNT.

$$
