000
CXUS54 KJAN 021308
CLMTVR


CLIMATE REPORT
NATIONAL WEATHER SERVICE JACKSON MS
806 AM CDT WED AUG 2 2017

...................................

...THE VICKSBURG CLIMATE SUMMARY FOR THE MONTH OF JULY 2017...

CLIMATE NORMAL PERIOD 1981 TO 2010
CLIMATE RECORD PERIOD 1948 TO 2017

WEATHER         OBSERVED          NORMAL  DEPART  LAST YEAR`S
                 VALUE   DATE(S)  VALUE   FROM    VALUE
                                          NORMAL
.............................................................
TEMPERATURE (F)
RECORD
 HIGH             104   07/16/1954
 LOW               54   07/15/1967
HIGHEST            98   07/20        MM      MM      101
LOWEST             69   07/30        MM      MM       67
                        07/10
AVG. MAXIMUM     92.3              92.0     0.3     94.3
AVG. MINIMUM     72.4              70.9     1.5     74.0
MEAN             82.3              81.4     0.9     84.2
DAYS MAX >= 90     27              22.1     4.9       28
DAYS MAX <= 32      0               0.0     0.0        0
DAYS MIN <= 32      0               0.0     0.0        0
DAYS MIN <= 0       0               0.0     0.0        0

PRECIPITATION (INCHES)
RECORD
 MAXIMUM         8.88   2009
 MINIMUM         0.05   2008
TOTALS           5.46              3.63    1.83     5.70
DAILY AVG.       0.18              0.12    0.06     0.18
DAYS >= .01        11                MM      MM       10
DAYS >= .10         9                MM      MM        8
DAYS >= .50         5                MM      MM        4
DAYS >= 1.00        2                MM      MM        3
GREATEST
 24 HR. TOTAL    1.41   07/22 TO 07/22              2.28

SNOWFALL (INCHES)
TOTALS            0.0

DEGREE_DAYS
HEATING TOTAL       0                 0       0        0
 SINCE 7/1          0                 0       0        0
COOLING TOTAL     546               510      36      604
 SINCE 1/1       1440              1298     142     1638
..............................................................

WIND (MPH)
AVERAGE WIND SPEED              3.0
HIGHEST WIND SPEED/DIRECTION    28/160    DATE  07/22
HIGHEST GUST SPEED/DIRECTION    37/170    DATE  07/22

SKY COVER
POSSIBLE SUNSHINE (PERCENT)   MM
AVERAGE SKY COVER           0.20
NUMBER OF DAYS FAIR           25
NUMBER OF DAYS PC              6
NUMBER OF DAYS CLOUDY          0

AVERAGE RH (PERCENT)     77

WEATHER CONDITIONS. NUMBER OF DAYS WITH
THUNDERSTORM             12     MIXED PRECIP               0
HEAVY RAIN                8     RAIN                      11
LIGHT RAIN               13     FREEZING RAIN              0
LT FREEZING RAIN          0     HAIL                       0
HEAVY SNOW                0     SNOW                       0
LIGHT SNOW                0     SLEET                      0
FOG                      25     FOG W/VIS <= 1/4 MILE      4
HAZE                      2

-  INDICATES NEGATIVE NUMBERS.
R  INDICATES RECORD WAS SET OR TIED.
MM INDICATES DATA IS MISSING.
T  INDICATES TRACE AMOUNT.

$$
