000
CXUS54 KCRP 011753
CLMVCT

CLIMATE REPORT
NATIONAL WEATHER SERVICE CORPUS CHRISTI TX
1211 PM CDT TUE AUG 1 2017

...................................

...THE VICTORIA CLIMATE SUMMARY FOR THE MONTH OF JULY 2017...

CLIMATE NORMAL PERIOD 1981 TO 2010
CLIMATE RECORD PERIOD 1893 TO 2017

WEATHER         OBSERVED          NORMAL  DEPART  LAST YEAR`S
                 VALUE   DATE(S)  VALUE   FROM    VALUE  DATE(S)
                                          NORMAL
................................................................
TEMPERATURE (F)
RECORD
 HIGH             110   07/09/1939
                        07/08/1939
 LOW               61   07/11/1905
HIGHEST           104   07/29        94      10      100  07/23
                                                          07/22
LOWEST             72   07/14        75      -3       72  07/22
                                                          07/21
AVG. MAXIMUM     96.9              93.8     3.1     96.0
AVG. MINIMUM     75.1              74.0     1.1     75.7
MEAN             86.0              83.9     2.1     85.9
DAYS MAX >= 90     31              27.3     3.7       30
DAYS MAX <= 32      0               0.0     0.0        0
DAYS MIN <= 32      0               0.0     0.0        0
DAYS MIN <= 0       0               0.0     0.0        0

PRECIPITATION (INCHES)
RECORD
 MAXIMUM        20.34   2007
 MINIMUM         0.00   1912
TOTALS           0.37              4.18   -3.81     0.66
DAILY AVG.       0.01              0.13   -0.12     0.02
DAYS >= .01         3               7.9    -4.9        6
DAYS >= .10         1               5.0    -4.0        1
DAYS >= .50         0               2.7    -2.7        1
DAYS >= 1.00        0               1.4    -1.4        0
GREATEST
 24 HR. TOTAL    0.27   07/15 TO 07/15           07/28 TO 07/28


SNOWFALL (INCHES)
RECORDS
 TOTAL            0.0   MM
 24 HR TOTAL      0.0   MM
TOTALS            0.0               0.0     0.0      0.0
SINCE 7/1         0.0               0.0     0.0      0.0
SNOWDEPTH AVG.      0                MM      MM        0
DAYS >= 1.0         0               0.0     0.0        0
GREATEST
 SNOW DEPTH         0   MM                             0
 24 HR TOTAL      0.0   MM                           0.0

DEGREE_DAYS
HEATING TOTAL       0                 0       0        0
 SINCE 7/1          0                 0       0        0
COOLING TOTAL     659               586      73      654
 SINCE 1/1       2231              1753     478     1897
.........................................................

WIND (MPH)
AVERAGE WIND SPEED              8.0
HIGHEST WIND SPEED/DIRECTION    30/050    DATE  07/15
HIGHEST GUST SPEED/DIRECTION    37/060    DATE  07/15

SKY COVER
AVERAGE SKY COVER           0.20

AVERAGE RH (PERCENT)     67

WEATHER CONDITIONS. NUMBER OF DAYS WITH
THUNDERSTORM              7     MIXED PRECIP               0
HEAVY RAIN                2     RAIN                       2
LIGHT RAIN                5     FREEZING RAIN              0
LT FREEZING RAIN          0     HAIL                       0
HEAVY SNOW                0     SNOW                       0
LIGHT SNOW                0     SLEET                      0
FOG                      17     FOG W/VIS <= 1/4 MILE      2
HAZE                      3

-  INDICATES NEGATIVE NUMBERS.
R  INDICATES RECORD WAS SET OR TIED.
MM INDICATES DATA IS MISSING.
T  INDICATES TRACE AMOUNT.

$$

KW
