000
CXUS53 KLOT 011341
CLMVPZ


CLIMATE REPORT
NATIONAL WEATHER SERVICE CHICAGO IL
828 AM CDT MON JUN 1 2015

...................................

...THE VALPARAISO CLIMATE SUMMARY FOR THE MONTH OF MAY 2015...

CLIMATE NORMAL PERIOD 1981 TO 2010
CLIMATE RECORD PERIOD 1998 TO 2015

WEATHER         OBSERVED          NORMAL  DEPART  LAST YEAR`S
                 VALUE   DATE(S)  VALUE   FROM    VALUE
                                          NORMAL
.............................................................
TEMPERATURE (F)
RECORD
 HIGH              97   05/27/2012
 LOW               30   05/04/2005
                        05/21/2002
HIGHEST            86   05/07        71      15       90
LOWEST             37   05/19        49     -12       35
AVG. MAXIMUM     73.0              70.4     2.6     71.3
AVG. MINIMUM     51.6              48.1     3.5     48.5
MEAN             62.3              59.3     3.0     59.9

PRECIPITATION (INCHES)
RECORD
 MAXIMUM         6.25   2003
 MINIMUM         1.22   2000
TOTALS           4.41              3.80    0.61     3.31

DEGREE_DAYS
HEATING TOTAL     150               220     -70      224
 SINCE 7/1       6818              6279     539     7191
COOLING TOTAL      76                42      34       73
 SINCE 1/1         76                47      29       73
..............................................................

WIND (MPH)
AVERAGE WIND SPEED              8.7
HIGHEST WIND SPEED/DIRECTION    32/230    DATE  05/25
HIGHEST GUST SPEED/DIRECTION    50/210    DATE  05/08

AVERAGE RH (PERCENT)     69


-  INDICATES NEGATIVE NUMBERS.
R  INDICATES RECORD WAS SET OR TIED.
MM INDICATES DATA IS MISSING.
T  INDICATES TRACE AMOUNT.

$$
