000
CXUS52 KMLB 011551
CLMVRB


CLIMATE REPORT
NATIONAL WEATHER SERVICE MELBOURNE FL
1126 AM EDT SAT AUG 1 2015

...................................

...THE VERO BEACH CLIMATE SUMMARY FOR THE MONTH OF JULY 2015...

CLIMATE NORMAL PERIOD 1981 TO 2010
CLIMATE RECORD PERIOD 1942 TO 2015

WEATHER         OBSERVED          NORMAL  DEPART  LAST YEAR`S
                 VALUE   DATE(S)  VALUE   FROM    VALUE  DATE(S)
                                          NORMAL
................................................................
TEMPERATURE (F)
MONTHLY RECORD
 HOTTEST         83.7   2005
 COLDEST         79.1   1974
DAILY RECORD
 HIGH              99   07/01/1998
                        07/15/1981
                        07/16/1972
 LOW               62   07/01/1981

JULY 2015
HIGHEST            96   07/28                         94
                        07/21
                        07/15
LOWEST             70   07/11                         69
AVG. MAXIMUM     92.3              90.0     2.3     88.6
AVG. MINIMUM     73.7              73.4     0.3     72.2
MEAN             83.0              81.7     1.3     80.4
DAYS MAX >= 90     29              14.5    14.5        9
DAYS MAX <= 32      0               0.0     0.0        0
DAYS MIN <= 32      0               0.0     0.0        0
DAYS MIN <= 0       0               0.0     0.0        0

PRECIPITATION (INCHES)
MONTHLY RECORD
 MAXIMUM        13.72   2007
 MINIMUM         1.30   2003
DAILY RECORD
 MAXIMUM         4.21   7/8/2000

JULY 2015
TOTALS           5.90              5.63    0.27     6.14
DAYS >= .01        16              13.4     2.6       18
DAYS >= .10        11               9.0     2.0       11
DAYS >= .50         3               4.1    -1.1        4
DAYS >= 1.00        2               1.9     0.1        1
GREATEST
 24 HR. TOTAL    2.21   07/15 TO 07/16

SNOWFALL (INCHES)
TOTALS            0.0               0.0     0.0      0.0
SINCE 7/1         0.0               0.0     0.0      0.0
DAYS >= TRACE       0                                  0

DEGREE_DAYS
HEATING TOTAL       0                 0       0        0
 SINCE 7/1          0                 0       0        0
COOLING TOTAL     567               518      49      488
 SINCE 1/1       2232              1780     452     1848
.................................................................

WIND (MPH)
AVERAGE WIND SPEED              7.2
HIGHEST WIND SPEED/DIRECTION    49/250    DATE  07/15
HIGHEST GUST SPEED/DIRECTION    63/250    DATE  07/15

SKY COVER
POSSIBLE SUNSHINE (PERCENT)   MM
AVERAGE SKY COVER           0.20
NUMBER OF DAYS FAIR           27
NUMBER OF DAYS PC              4
NUMBER OF DAYS CLOUDY          0

AVERAGE RH (PERCENT)     72

WEATHER CONDITIONS. NUMBER OF DAYS WITH
THUNDERSTORM             20     MIXED PRECIP               0
HEAVY RAIN                7     RAIN                       9
LIGHT RAIN               15     LT FREEZING RAIN           0
HAIL                      0     LIGHT SNOW                 0
SLEET                     0     FOG                       11
FOG W/VIS <= 1/4 MILE     0     HAZE                      12

-  INDICATES NEGATIVE NUMBERS.
R  INDICATES RECORD WAS SET OR TIED.
MM INDICATES DATA IS MISSING.
T  INDICATES TRACE AMOUNT.

$$
