387
CXUS53 KLBF 011330
CLMVTN


CLIMATE REPORT
NATIONAL WEATHER SERVICE NORTH PLATTE
830 AM CDT FRI JUL 1 2016

...................................

...THE VALENTINE NE CLIMATE SUMMARY FOR THE MONTH OF JUNE 2016...

CLIMATE NORMAL PERIOD 1981 TO 2010
CLIMATE RECORD PERIOD 1885 TO 2016

WEATHER         OBSERVED          NORMAL  DEPART  LAST YEAR`S
                 VALUE   DATE(S)  VALUE   FROM    VALUE  DATE(S)
                                          NORMAL
................................................................
TEMPERATURE (F)
RECORD
 HIGH             110   06/24/1988
 LOW               30   06/14/1969
HIGHEST           102   06/11        99       3       95  06/09
LOWEST             42   06/07        40       2       50  06/12
                        06/05
AVG. MAXIMUM     87.5              81.1     6.4     81.1
AVG. MINIMUM     57.2              54.0     3.2     57.0
MEAN             72.3              67.5     4.8     69.1
DAYS MAX >= 90     10               5.5     4.5        2
DAYS MAX <= 32      0               0.0     0.0        0
DAYS MIN <= 32      0               0.0     0.0        0
DAYS MIN <= 0       0               0.0     0.0        0

PRECIPITATION (INCHES)
RECORD
 MAXIMUM         8.63   2014
 MINIMUM         0.32   1918
TOTALS           4.16              3.56    0.60     3.42
DAILY AVG.       0.14              0.12    0.02     0.11
DAYS >= .01         7              11.1    -4.1       11
DAYS >= .10         4               6.4    -2.4       10
DAYS >= .50         2               2.3    -0.3        3
DAYS >= 1.00        2               0.8     1.2        0
GREATEST
 24 HR. TOTAL    3.54   06/13 TO 06/14           06/01 TO 06/02
                                                          06/30 TO 06/30
                                                          06/30 TO 06/30

SNOWFALL (INCHES)
RECORDS
 TOTAL              T   2002
TOTALS            0.0               0.0     0.0      0.0
SINCE 7/1        38.2              33.3     4.9     22.5
SNOWDEPTH AVG.      0                MM      MM        0
DAYS >= 1.0         0               0.0     0.0        0
GREATEST
 SNOW DEPTH         0   MM                             0  MM
 24 HR TOTAL      0.0   06/30 TO 06/30

DEGREE_DAYS
HEATING TOTAL      11                61     -50        8
 SINCE 7/1       6161              7003    -842     6578
COOLING TOTAL     237               137     100      140
 SINCE 1/1        255               171      84      146
.................................................

WIND (MPH)
AVERAGE WIND SPEED              10.2
HIGHEST WIND SPEED/DIRECTION    44/360    DATE  06/29
HIGHEST GUST SPEED/DIRECTION    64/360    DATE  06/29

SKY COVER
POSSIBLE SUNSHINE (PERCENT)   MM
AVERAGE SKY COVER           0.10
NUMBER OF DAYS FAIR           28
NUMBER OF DAYS PC              2
NUMBER OF DAYS CLOUDY          0

AVERAGE RH (PERCENT)     58

WEATHER CONDITIONS. NUMBER OF DAYS WITH
THUNDERSTORM              0     MIXED PRECIP               0
HEAVY RAIN                3     RAIN                       5
LIGHT RAIN                7     FREEZING RAIN              0
LT FREEZING RAIN          0     HAIL                       0
HEAVY SNOW                0     SNOW                       0
LIGHT SNOW                0     SLEET                      0
FOG                       5     FOG W/VIS <= 1/4 MILE      1
HAZE                      1

-  INDICATES NEGATIVE NUMBERS.
R  INDICATES RECORD WAS SET OR TIED.
MM INDICATES DATA IS MISSING.
T  INDICATES TRACE AMOUNT.

$$
