000
CXUS53 KLBF 011252
CLMVTN


CLIMATE REPORT
NATIONAL WEATHER SERVICE NORTH PLATTE
750 AM CDT THU JUN 1 2017

...................................

...THE VALENTINE NE CLIMATE SUMMARY FOR THE MONTH OF MAY 2017...

CLIMATE NORMAL PERIOD 1981 TO 2010
CLIMATE RECORD PERIOD 1885 TO 2017

WEATHER         OBSERVED          NORMAL  DEPART  LAST YEAR`S
                 VALUE   DATE(S)  VALUE   FROM    VALUE  DATE(S)
                                          NORMAL
................................................................
TEMPERATURE (F)
RECORD
 HIGH             102   05/29/1934
 LOW               17   05/01/1909
HIGHEST            90   05/07        90       0       88  05/06
LOWEST             30   05/21        28       2       27  05/02
AVG. MAXIMUM     70.9              70.9     0.0     71.2
AVG. MINIMUM     43.6              44.3    -0.7     43.2
MEAN             57.2              57.6    -0.4     57.2
DAYS MAX >= 90      1               1.1    -0.1        0
DAYS MAX <= 32      0               0.0     0.0        0
DAYS MIN <= 32      4               2.5     1.5        6
DAYS MIN <= 0       0               0.0     0.0        0

PRECIPITATION (INCHES)
RECORD
 MAXIMUM         8.96   1962
 MINIMUM         0.17   1894
TOTALS           5.41              3.13    2.28     7.09
DAILY AVG.       0.17              0.10    0.07     0.23
DAYS >= .01        14              11.4     2.6       11
DAYS >= .10         9               6.3     2.7        9
DAYS >= .50         3               2.1     0.9        2
DAYS >= 1.00        2               0.7     1.3        1
GREATEST
 24 HR. TOTAL    1.98   05/17 TO 05/17

SNOWFALL (INCHES)
RECORDS
 TOTAL           13.4   1892
TOTALS            0.0               0.1    -0.1      0.0
SINCE 7/1        44.5              33.3    11.2     38.2
SNOWDEPTH AVG.      0                MM      MM        0
DAYS >= 1.0         0               0.1    -0.1        0
GREATEST
 SNOW DEPTH         0   MM                             0  MM
 24 HR TOTAL      0.0   MM

DEGREE_DAYS
HEATING TOTAL     255               259      -4      252
 SINCE 7/1       6234              6942    -708     6150
COOLING TOTAL      21                30      -9       15
 SINCE 1/1         23                34     -11       18
..................................................

WIND (MPH)
AVERAGE WIND SPEED              11.2
HIGHEST WIND SPEED/DIRECTION    39/280    DATE  05/15
HIGHEST GUST SPEED/DIRECTION    64/260    DATE  05/15

SKY COVER
POSSIBLE SUNSHINE (PERCENT)   MM
AVERAGE SKY COVER           0.30
NUMBER OF DAYS FAIR           19
NUMBER OF DAYS PC              8
NUMBER OF DAYS CLOUDY          4

AVERAGE RH (PERCENT)     56

WEATHER CONDITIONS. NUMBER OF DAYS WITH
THUNDERSTORM              0     MIXED PRECIP               0
HEAVY RAIN                3     RAIN                       9
LIGHT RAIN               13     FREEZING RAIN              0
LT FREEZING RAIN          0     HAIL                       0
HEAVY SNOW                0     SNOW                       0
LIGHT SNOW                0     SLEET                      0
FOG                       7     FOG W/VIS <= 1/4 MILE      0
HAZE                      1

-  INDICATES NEGATIVE NUMBERS.
R  INDICATES RECORD WAS SET OR TIED.
MM INDICATES DATA IS MISSING.
T  INDICATES TRACE AMOUNT.

$$
