000
CXUS53 KLBF 011320
CLMVTN


CLIMATE REPORT
NATIONAL WEATHER SERVICE NORTH PLATTE
820 AM CDT MON SEP 1 2014

...................................

...THE VALENTINE NE CLIMATE SUMMARY FOR THE MONTH OF AUGUST 2014...

CLIMATE NORMAL PERIOD 1981 TO 2010
CLIMATE RECORD PERIOD 1885 TO 2014

WEATHER         OBSERVED          NORMAL  DEPART  LAST YEAR`S
                 VALUE   DATE(S)  VALUE   FROM    VALUE  DATE(S)
                                          NORMAL
................................................................
TEMPERATURE (F)
RECORD
 HIGH             108   08/29/2012
                        08/13/1965
                        08/09/1947
 LOW               34   08/28/1988
                        08/30/1935
HIGHEST            94   08/01       101      -7      102  08/29
LOWEST             49   08/25        44       5       57  08/07
AVG. MAXIMUM     85.4              87.0    -1.6     86.4
AVG. MINIMUM     59.0              58.7     0.3     63.3
MEAN             72.2              72.8    -0.6     74.9
DAYS MAX >= 90      9              12.3    -3.3       10
DAYS MAX <= 32      0               0.0     0.0        0
DAYS MIN <= 32      0               0.0     0.0        0
DAYS MIN <= 0       0               0.0     0.0        0

PRECIPITATION (INCHES)
RECORD
 MAXIMUM         6.71   1966
 MINIMUM         0.06   1947
TOTALS           2.62              2.18    0.44     2.01
DAILY AVG.       0.08              0.07    0.01     0.06
DAYS >= .01        11               7.9     3.1       11
DAYS >= .10         8               4.5     3.5        6
DAYS >= .50         2               1.2     0.8        2
DAYS >= 1.00        0               0.5    -0.5        0
GREATEST
 24 HR. TOTAL    0.76   08/08 TO 08/08           08/05 TO 08/06
                        08/08 TO 08/08                    08/31 TO 08/31
                        08/08 TO 08/09                    08/31 TO 08/31

SNOWFALL (INCHES)
RECORDS
 TOTAL            0.0   2002
TOTALS            0.0               0.0     0.0      0.0
SINCE 7/1         0.0               0.0     0.0      0.0
SNOWDEPTH AVG.      0                MM      MM        0
DAYS >= 1.0         0               0.0     0.0        0
GREATEST
 SNOW DEPTH         0   MM                             0  MM
 24 HR TOTAL      0.0   08/31 TO 08/31

DEGREE_DAYS
HEATING TOTAL       2                17     -15        0
 SINCE 7/1         21                25      -4        3
COOLING TOTAL     233               261     -28      316
 SINCE 1/1        635               736    -101      793
..................................................

WIND (MPH)
AVERAGE WIND SPEED              8.3
HIGHEST WIND SPEED/DIRECTION    33/200    DATE  08/30
HIGHEST GUST SPEED/DIRECTION    46/280    DATE  08/08

SKY COVER
POSSIBLE SUNSHINE (PERCENT)   MM
AVERAGE SKY COVER           0.20
NUMBER OF DAYS FAIR           23
NUMBER OF DAYS PC              4
NUMBER OF DAYS CLOUDY          4

AVERAGE RH (PERCENT)     69

WEATHER CONDITIONS. NUMBER OF DAYS WITH
THUNDERSTORM              0     MIXED PRECIP               0
HEAVY RAIN                6     RAIN                       6
LIGHT RAIN               12     FREEZING RAIN              0
LT FREEZING RAIN          0     HAIL                       0
HEAVY SNOW                0     SNOW                       0
LIGHT SNOW                0     SLEET                      0
FOG                      14     FOG W/VIS <= 1/4 MILE      2
HAZE                      1

-  INDICATES NEGATIVE NUMBERS.
R  INDICATES RECORD WAS SET OR TIED.
MM INDICATES DATA IS MISSING.
T  INDICATES TRACE AMOUNT.

$$
