000
CXUS53 KLBF 011302
CLMVTN

CLIMATE REPORT
NATIONAL WEATHER SERVICE NORTH PLATTE
747 AM CDT SAT NOV 1 2014

...................................

...THE VALENTINE NE CLIMATE SUMMARY FOR THE MONTH OF OCTOBER 2014...

CLIMATE NORMAL PERIOD 1981 TO 2010
CLIMATE RECORD PERIOD 1885 TO 2014

WEATHER         OBSERVED          NORMAL  DEPART  LAST YEAR`S
                 VALUE   DATE(S)  VALUE   FROM    VALUE  DATE(S)
                                          NORMAL
................................................................
TEMPERATURE (F)
RECORD
 HIGH              96   10/06/1993
                        10/05/1990
                        10/04/1922
 LOW               -6   10/28/1925
HIGHEST            85   10/26        86      -1       80  10/08
LOWEST             19   10/31        15       4       23  10/18
                        10/29
AVG. MAXIMUM     68.4              63.0     5.4     57.2
AVG. MINIMUM     35.1              33.9     1.2     34.4
MEAN             51.8              48.5     3.3     45.8
DAYS MAX >= 90      0               0.6    -0.6        0
DAYS MAX <= 32      0               0.4    -0.4        0
DAYS MIN <= 32     11              11.8    -0.8       12
DAYS MIN <= 0       0               0.0     0.0        0

PRECIPITATION (INCHES)
RECORD
 MAXIMUM         4.81   1911
 MINIMUM         0.00   1895
TOTALS           0.56              1.25   -0.69     3.21
DAILY AVG.       0.02              0.04   -0.02     0.10
DAYS >= .01         5               6.7    -1.7       11
DAYS >= .10         3               3.0     0.0        5
DAYS >= .50         0               0.6    -0.6        2
DAYS >= 1.00        0               0.1    -0.1        1
GREATEST
 24 HR. TOTAL    0.29   10/01 TO 10/02           10/03 TO 10/04
                                                          10/05 TO 10/05
                                                          10/05 TO 10/05

SNOWFALL (INCHES)
RECORDS
 TOTAL           18.5   1906
TOTALS            0.0               1.5    -1.5      1.0
SINCE 7/1         0.0               2.2    -2.2      1.0
SNOWDEPTH AVG.      0                MM      MM        0
DAYS >= 1.0         0               0.6    -0.6        1
GREATEST
 SNOW DEPTH         0   MM                             0  MM
 24 HR TOTAL      0.0   MM

DEGREE_DAYS
HEATING TOTAL     401               517    -116      589
 SINCE 7/1        555               702    -147      655
COOLING TOTAL       0                 4      -4        0
 SINCE 1/1        724               821     -97      964
......................................................

WIND (MPH)
AVERAGE WIND SPEED              10.6
HIGHEST WIND SPEED/DIRECTION    37/290    DATE  10/26
HIGHEST GUST SPEED/DIRECTION    50/280    DATE  10/26

SKY COVER
POSSIBLE SUNSHINE (PERCENT)   MM
AVERAGE SKY COVER           0.20
NUMBER OF DAYS FAIR           22
NUMBER OF DAYS PC              9
NUMBER OF DAYS CLOUDY          0

AVERAGE RH (PERCENT)     57

WEATHER CONDITIONS. NUMBER OF DAYS WITH
THUNDERSTORM              0     MIXED PRECIP               0
HEAVY RAIN                0     RAIN                       2
LIGHT RAIN                6     FREEZING RAIN              0
LT FREEZING RAIN          0     HAIL                       0
HEAVY SNOW                0     SNOW                       0
LIGHT SNOW                0     SLEET                      0
FOG                       6     FOG W/VIS <= 1/4 MILE      0
HAZE                      2

-  INDICATES NEGATIVE NUMBERS.
R  INDICATES RECORD WAS SET OR TIED.
MM INDICATES DATA IS MISSING.
T  INDICATES TRACE AMOUNT.

$$
