000
CXUS56 KPQR 011447
CLMVUO


CLIMATE REPORT
NATIONAL WEATHER SERVICE PORTLAND OREGON
746 AM PDT MON AUG 1 2016

...................................

...THE VANCOUVER WA CLIMATE SUMMARY FOR THE MONTH OF JULY 2016...

CLIMATE NORMAL PERIOD 1981 TO 2010
CLIMATE RECORD PERIOD 1891 TO 2016

WEATHER         OBSERVED          NORMAL  DEPART  LAST YEAR`S
                 VALUE   DATE(S)  VALUE   FROM    VALUE  DATE(S)
                                          NORMAL
................................................................
TEMPERATURE (F)
RECORD
 HIGH             108   07/29/2009
 LOW               37   07/08/1981
HIGHEST            93                MM      MM      103  07/30
LOWEST             49                MM      MM       51  07/27
AVG. MAXIMUM     78.1              80.0    -1.9     86.1
AVG. MINIMUM     57.5              56.9     0.6     59.1
MEAN             67.8              68.4    -0.6     72.6
DAYS MAX >= 90      2               3.2    -1.2       12
DAYS MAX <= 32      0               0.0     0.0        0
DAYS MIN <= 32      0               0.0     0.0        0
DAYS MIN <= 0       0               0.0     0.0        0

PRECIPITATION (INCHES)
TOTALS           0.43                               0.27
DAYS >= .01         5                                  4
DAYS >= .10         2                                  1
DAYS >= .50         0                                  0
DAYS >= 1.00        0                                  0
GREATEST
 24 HR. TOTAL    0.19   07/08 TO 07/09

DEGREE_DAYS
HEATING TOTAL      11                                  4
 SINCE 7/1         11                                  4
COOLING TOTAL     104                                250
 SINCE 1/1        209                                428
.................................................................

WIND (MPH)
AVERAGE WIND SPEED              5.3
RESULTANT WIND SPEED/DIRECTION   3/322
HIGHEST WIND SPEED/DIRECTION    18/320    DATE  07/29
HIGHEST GUST SPEED/DIRECTION    25/300    DATE  07/28

SKY COVER
POSSIBLE SUNSHINE (PERCENT)   MM
AVERAGE SKY COVER           0.50

AVERAGE RH (PERCENT)     63

WEATHER CONDITIONS. NUMBER OF DAYS WITH
THUNDERSTORM              0     MIXED PRECIP               0
HEAVY RAIN                0     RAIN                       0
LIGHT RAIN                4     FREEZING RAIN              0
LT FREEZING RAIN          0     HAIL                       0
HEAVY SNOW                0     SNOW                       0
LIGHT SNOW                0     SLEET                      0
FOG                       4     FOG W/VIS <= 1/4 MILE      0
HAZE                      0

-  INDICATES NEGATIVE NUMBERS.
R  INDICATES RECORD WAS SET OR TIED.
MM INDICATES DATA IS MISSING.
T  INDICATES TRACE AMOUNT.

$$
