000
CXUS46 KLOX 012228
CLMWJF


CLIMATE REPORT
NATIONAL WEATHER SERVICE LOS ANGELES/OXNARD CA
227 PM PST THU DEC 1 2016

...................................

...THE LANCASTER FOX FIELD CA CLIMATE SUMMARY FOR THE MONTH OF NOVEMBER 2016...

CLIMATE NORMAL PERIOD 1981 TO 2010
CLIMATE RECORD PERIOD 1948 TO 2016

WEATHER         OBSERVED          NORMAL  DEPART  LAST YEAR`S
                 VALUE   DATE(S)  VALUE   FROM    VALUE
                                          NORMAL
.............................................................
TEMPERATURE (F)
HIGHEST            83   11/08
                        11/05
LOWEST             20   11/30
                        11/26
AVG. MAXIMUM     69.6              66.9     2.7
AVG. MINIMUM     35.2              35.9    -0.7
MEAN             52.4              51.4     1.0
DAYS MAX >= 90      0
DAYS MAX <= 32      0
DAYS MIN <= 32      8
DAYS MIN <= 0       0

PRECIPITATION (INCHES)
TOTALS           0.22R             0.54   -0.32
DAILY AVG.       0.01
DAYS >= .01         3
DAYS >= .10         1
DAYS >= .50         0
DAYS >= 1.00        0
GREATEST
 24 HR. TOTAL    0.19   11/20 TO 11/21
 STORM TOTAL       MM
 (MM/DD(HH))

DEGREE_DAYS
HEATING TOTAL     371               409     -38      533
 SINCE 7/1        426               545    -119      580
COOLING TOTAL       0                 1      -1        5
 SINCE 1/1       2148              1882     266     2090
..............................................................

WIND (MPH)
AVERAGE WIND SPEED              7.5
HIGHEST WIND SPEED/DIRECTION    43/270    DATE  11/16
HIGHEST GUST SPEED/DIRECTION    54/280    DATE  11/16

SKY COVER
POSSIBLE SUNSHINE (PERCENT)   MM
AVERAGE SKY COVER           0.10
NUMBER OF DAYS FAIR           29
NUMBER OF DAYS PC              0
NUMBER OF DAYS CLOUDY          1

AVERAGE RH (PERCENT)     46

WEATHER CONDITIONS. NUMBER OF DAYS WITH
THUNDERSTORM              0     MIXED PRECIP               0
HEAVY RAIN                0     RAIN                       1
LIGHT RAIN                3     FREEZING RAIN              0
LT FREEZING RAIN          0     HAIL                       0
HEAVY SNOW                0     SNOW                       0
LIGHT SNOW                0     SLEET                      0
FOG                       2     FOG W/VIS <= 1/4 MILE      0
HAZE                      2

-  INDICATES NEGATIVE NUMBERS.
R  INDICATES RECORD WAS SET OR TIED.
MM INDICATES DATA IS MISSING.
T  INDICATES TRACE AMOUNT.

$$
