000
CXUS56 KMTR 011633
CLMWVI


CLIMATE REPORT
NATIONAL WEATHER SERVICE SAN FRANCISCO BAY AREA
932 AM PDT MON JUN 1 2015

...................................

...THE WATSONVILLE AIRPORT CLIMATE SUMMARY FOR THE MONTH OF MAY 2015...

CLIMATE NORMAL PERIOD 1981 TO 2010
CLIMATE RECORD PERIOD 1998 TO 2015

WEATHER         OBSERVED          NORMAL   LAST YEAR`S
                 VALUE   DATE(S)  VALUE    VALUE  DATE(S)

.........................................................
TEMPERATURE (F)
HIGHEST            70   05/29        MM        97  05/14
LOWEST             42   05/12        MM        42  05/11
AVG. MAXIMUM     64.6                        75.6
AVG. MINIMUM     49.2                        49.4
MEAN             56.9              58.8      62.5
DAYS MAX >= 90      0                           3
DAYS MAX <= 32      0                           0
DAYS MIN <= 32      0                           0
DAYS MIN <= 0       0                           0

PRECIPITATION (INCHES)
RECORD
 MAXIMUM           MM   MM
 MINIMUM           MM   MM
TOTALS           0.21                        0.03
DAILY AVG.       0.01                        0.00
DAYS >= .01         4                           1
DAYS >= .10         1                           0
DAYS >= .50         0                           0
DAYS >= 1.00        0                           0
GREATEST
 24 HR. TOTAL    0.18   05/07 TO 05/07    05/08 TO 05/08
                                                   05/31 TO 05/31
                                                   05/31 TO 05/31

DEGREE_DAYS
HEATING TOTAL     243                         108
 SINCE 7/1       1558                        2320
COOLING TOTAL       0                          38
 SINCE 1/1         14                          44
..........................................................

WIND (MPH)
AVERAGE WIND SPEED              5.2
RESULTANT WIND SPEED/DIRECTION   3/208
HIGHEST WIND SPEED/DIRECTION    20/230    DATE  05/18
HIGHEST GUST SPEED/DIRECTION    31/110    DATE  05/08

SKY COVER
POSSIBLE SUNSHINE (PERCENT)   MM
AVERAGE SKY COVER           0.70
NUMBER OF DAYS FAIR            3
NUMBER OF DAYS PC             18
NUMBER OF DAYS CLOUDY         10

AVERAGE RH (PERCENT)     76

WEATHER CONDITIONS. NUMBER OF DAYS WITH
THUNDERSTORM              0     MIXED PRECIP               0
HEAVY RAIN                0     RAIN                       1
LIGHT RAIN                6     FREEZING RAIN              0
LT FREEZING RAIN          0     HAIL                       0
HEAVY SNOW                0     SNOW                       0
LIGHT SNOW                0     SLEET                      0
FOG                      12     FOG W/VIS <= 1/4 MILE      1
HAZE                      0

-  INDICATES NEGATIVE NUMBERS.
R  INDICATES RECORD WAS SET OR TIED.
MM INDICATES DATA IS MISSING.
T  INDICATES TRACE AMOUNT.

$$
