984
CXUS56 KPDT 011424
CLMYKM

CLIMATE REPORT
NATIONAL WEATHER SERVICE PENDLETON OREGON
720 AM PDT FRI APR 01 2016

....................................

...THE YAKIMA WA CLIMATE SUMMARY FOR THE MONTH OF MARCH 2016...

CLIMATE NORMAL PERIOD 1981 TO 2010
CLIMATE RECORD PERIOD 1909 TO 2016

WEATHER         OBSERVED          NORMAL  DEPART  LAST YEAR`S
                 VALUE   DATE(S)  VALUE   FROM    VALUE  DATE(S)
                                          NORMAL

................................................................

TEMPERATURE (F)
RECORD
 HIGH              80   3/27/2015
 LOW               -1   3/ 4/1960
HIGHEST            78   3/31       69         9            80   3/27
LOWEST             26   3/18       20         6            21   3/ 4
AVG. MAXIMUM     59.3            56.2       3.1          64.6
AVG. MINUMUM     34.2            30.1       4.1          35.6
MEAN             46.7            43.2       3.5          50.1
DAYS MAX >= 90      0               0         0             0
DAYS MAX <= 32      0               0         0             0
DAYS MIN <= 32     12              20        -8             9
DAYS MIN <= 0       0               0         0             9


PRECIPITATION (INCHES)
RECORD
 MAXIMUM          2.63   1957
 MINIMUM          0.01   1973
TOTALS            1.82            0.62      1.20          0.73
DAILY AVG.        0.06            0.02      0.04          0.02
DAYS >=  0.01       10               6         4             5
DAYS >=  0.10        5               2         3             3
DAYS >=  0.50        2               0         2             0
DAYS >=  1.00        0               0         0             0
GREATEST
 24 HR. TOTAL     0.53   3/ 5



SNOWFALL (INCHES)
RECORD
 MAXIMUM          10.8   1971
 MINIMUM           0.0   2015
TOTALS             0.0             0.7      -0.7           0.0
SINCE 7/1         31.4            22.1       9.3           1.6
DAYS >=  TRACE                       1         0
DAYS >=  1.0         0               0         0             0
GREATEST
 24 HR. TOTAL      0.0   3/31


DEGREE DAYS
HEATING TOTAL      559             676      -117           454
 SINCE 7/1        4309            5229      -920          4036
COOLING TOTAL        0               0         0             0
 SINCE 1/1           0               0         0             0

.............................................................

WIND (MPH)
AVERAGE WIND SPEED                     7.0
RESULTANT WIND SPEED/DIRECTION         5/242
HIGHEST WIND SPEED/DIRECTION          35/280      DATE          03/24
HIGHEST GUST SPEED/DIRECTION          44/270      DATE          03/24


WEATHER CONDITIONS. NUMBER OF DAYS WITH
THUNDERSTORM               0    MIXED PRECIP                           0
HEAVY RAIN                 0    RAIN                                   4
LIGHT RAIN                17    FREEZING RAIN                          0
LT FREEZING RAIN           0    HAIL                                   0
HEAVY SNOW                 0    SNOW                                   0
LIGHT SNOW                 0    SLEET                                  0
FOG                        4    FOG W/VIS <=1/4 MILE                   0
HAZE                       0

-  INDICATES NEGATIVE NUMBERS.
R  INDICATES RECORD WAS SET OR TIED.
MM INDICATES DATA IS MISSING.
T  INDICATES TRACE AMOUNT.

$$
