000
CXUS53 KGRB 051218
CLSAUW

CLIMATE REPORT
NATIONAL WEATHER SERVICE GREEN BAY
720 AM CST TUE DEC 5 2017

...THE WAUSAU WI FALL CLIMATE SUMMARY FROM 9/1/2017 TO
11/30/2017...

CLIMATE NORMAL PERIOD 1981 TO 2010
CLIMATE RECORD PERIOD 1896 TO 2017

WEATHER         OBSERVED          NORMAL  DEPART  LAST YEAR`S
                 VALUE   DATE(S)  VALUE   FROM    VALUE  DATE(S)
                                          NORMAL
................................................................
TEMPERATURE (F)
RECORD
 HIGH              99   09/10/1931
 LOW              -15   11/25/1950
HIGHEST            87   09/24        84       3       80  09/06
                        09/22                             09/05
                        09/23
LOWEST              5   11/10         6      -1       19  11/22
AVG. MAXIMUM     56.7              54.7     2.0     60.3
AVG. MINIMUM     38.5              36.5     2.0     42.1
MEAN             47.6              45.6     2.0     51.2
DAYS MAX >= 90      0               0.0     0.0        0
DAYS MAX <= 32      5               7.1    -2.1        2
DAYS MIN <= 32     32              33.8    -1.8       17
DAYS MIN <= 0       0               0.3    -0.3        0

PRECIPITATION (INCHES)
RECORD
 MAXIMUM        19.70   1900
 MINIMUM         1.40   1976
TOTALS           6.73              8.84   -2.11     8.97
DAILY AVG.       0.08              0.10   -0.02     0.10
DAYS >= .01        36              33.7     2.3       30
DAYS >= .10        17              18.5    -1.5       20
DAYS >= .50         3               5.3    -2.3        4
DAYS >= 1.00        1               1.7    -0.7        3

SNOWFALL (INCHES)
RECORDS
 TOTAL           22.6   1991
 24 HR TOTAL       MM
TOTALS            8.3               8.3     0.0      3.1
SINCE 7/1         8.3               8.3     0.0      3.1
DAYS >= TRACE      13               6.6     6.4        5
DAYS >= 1.0         3               2.4     0.6        2
GREATEST
 SNOW DEPTH         3   11/11                          2  11/22
 24 HR TOTAL      2.7   11/11

DEGREE_DAYS
HEATING TOTAL    1627              1793    -166     1256
 SINCE 7/1       1685              1859    -174     1278
COOLING TOTAL      67                32      35       25
 SINCE 1/1        339               407     -68      512

FREEZE DATES
RECORD
 EARLIEST     08/30/1915
 LATEST       06/12/1903
EARLIEST                        10/02
LATEST                          05/05
.................................................................

WIND (MPH)
AVERAGE WIND SPEED              8.0
RESULTANT WIND SPEED/DIRECTION   2/231
HIGHEST WIND SPEED/DIRECTION    29/290    DATE  11/21
HIGHEST GUST SPEED/DIRECTION    40/330    DATE  09/04

SKY COVER
POSSIBLE SUNSHINE (PERCENT)   MM
AVERAGE SKY COVER           0.40
NUMBER OF DAYS FAIR           37
NUMBER OF DAYS PC             32
NUMBER OF DAYS CLOUDY         22

AVERAGE RH (PERCENT)     75

WEATHER CONDITIONS. NUMBER OF DAYS WITH
THUNDERSTORM              6     MIXED PRECIP               0
HEAVY RAIN               11     RAIN                      15
LIGHT RAIN               36     FREEZING RAIN              0
LT FREEZING RAIN          0     HAIL                       0
HEAVY SNOW                0     SNOW                       2
LIGHT SNOW               14     SLEET                      0
FOG                      47     FOG W/VIS <= 1/4 MILE     10
HAZE                      9

-  INDICATES NEGATIVE NUMBERS.
R  INDICATES RECORD WAS SET OR TIED.
MM INDICATES DATA IS MISSING.
T  INDICATES TRACE AMOUNT.

$$
ECKBERG
