000
CXUS53 KGRB 052052
CLSAUW

CLIMATE REPORT
NATIONAL WEATHER SERVICE GREEN BAY
351 PM CDT MON SEP 5 2016

...THE WAUSAU WI SUMMER CLIMATE SUMMARY FOR THE SEASON FROM 6/1/2016 TO
8/31/2016...

CLIMATE NORMAL PERIOD 1981 TO 2010
CLIMATE RECORD PERIOD 1896 TO 2016

WEATHER         OBSERVED          NORMAL  DEPART  LAST YEAR`S
                 VALUE   DATE(S)  VALUE   FROM    VALUE  DATE(S)
                                          NORMAL
................................................................
TEMPERATURE (F)
RECORD
 HIGH             107   07/13/1936
 LOW               29   06/01/1897
HIGHEST            92   06/11        94      -2       92  08/14
LOWEST             42   06/08        40       2       40  06/02
                                                          06/01
AVG. MAXIMUM     79.3              77.9     1.4     77.3
AVG. MINIMUM     58.6              56.5     2.1     56.5
MEAN             68.9              67.2     1.7     66.9
DAYS MAX >= 90      3               3.9    -0.9        1
DAYS MAX <= 32      0               0.0     0.0        0
DAYS MIN <= 32      0               0.0     0.0        0
DAYS MIN <= 0       0               0.0     0.0        0

PRECIPITATION (INCHES)
RECORD
 MAXIMUM        20.60   1995
 MINIMUM         5.58   1976
TOTALS          13.69             12.30    1.39    11.26
DAILY AVG.       0.15              0.13    0.02     0.12
DAYS >= .01        40              34.5     5.5       29
DAYS >= .10        29              21.8     7.2       18
DAYS >= .50         9               8.0     1.0        8
DAYS >= 1.00        2               3.1    -1.1        4

SNOWFALL (INCHES)
RECORDS
 TOTAL            0.0   MM
 24 HR TOTAL       MM
TOTALS            0.0               0.0     0.0      0.0
SINCE 7/1         0.0               0.0     0.0      0.0
DAYS >= TRACE       0               0.0     0.0        0
DAYS >= 1.0         0               0.0     0.0        0
GREATEST
 SNOW DEPTH         0   MM                             0  MM
 24 HR TOTAL      0.0   MM

DEGREE_DAYS
HEATING TOTAL      52               154    -102      123
 SINCE 7/1         22                66     -44       62
COOLING TOTAL     440               356      84      320
 SINCE 1/1        487               375     112      338

FREEZE DATES
RECORD
 EARLIEST     08/30/1915
 LATEST       06/12/1903
EARLIEST                        10/02
LATEST                          05/05
.................................................................

WIND (MPH)
AVERAGE WIND SPEED              7.3
RESULTANT WIND SPEED/DIRECTION   2/241
HIGHEST WIND SPEED/DIRECTION    46/280    DATE  06/05
HIGHEST GUST SPEED/DIRECTION    64/280    DATE  06/05

SKY COVER
POSSIBLE SUNSHINE (PERCENT)   MM
AVERAGE SKY COVER           0.30
NUMBER OF DAYS FAIR           56
NUMBER OF DAYS PC             29
NUMBER OF DAYS CLOUDY          7

AVERAGE RH (PERCENT)     72

WEATHER CONDITIONS. NUMBER OF DAYS WITH
THUNDERSTORM             23     MIXED PRECIP               0
HEAVY RAIN               25     RAIN                      27
LIGHT RAIN               42     FREEZING ...THE WAUSAU WI CLIMATE SUMMARY FOR THE SEASON, FROM
6/1/2016 TO 8/31/2016...

CLIMATE NORMAL PERIOD 1981 TO 2010
CLIMATE RECORD PERIOD 1896 TO 2016

WEATHER         OBSERVED          NORMAL  DEPART  LAST YEAR`S
                 VALUE   DATE(S)  VALUE   FROM    VALUE  DATE(S)
                                          NORMAL
................................................................
TEMPERATURE (F)
RECORD
 HIGH             107   07/13/1936
 LOW               29   06/01/1897
HIGHEST            92   06/11        94      -2       92  08/14
LOWEST             42   06/08        40       2       40  06/02
                                                          06/01
AVG. MAXIMUM     79.3              77.9     1.4     77.3
AVG. MINIMUM     58.6              56.5     2.1     56.5
MEAN             68.9              67.2     1.7     66.9
DAYS MAX >= 90      3               3.9    -0.9        1
DAYS MAX <= 32      0               0.0     0.0        0
DAYS MIN <= 32      0               0.0     0.0        0
DAYS MIN <= 0       0               0.0     0.0        0

PRECIPITATION (INCHES)
RECORD
 MAXIMUM        20.60   1995
 MINIMUM         5.58   1976
TOTALS          13.69             12.30    1.39    11.26
DAILY AVG.       0.15              0.13    0.02     0.12
DAYS >= .01        40              34.5     5.5       29
DAYS >= .10        29              21.8     7.2       18
DAYS >= .50         9               8.0     1.0        8
DAYS >= 1.00        2               3.1    -1.1        4

SNOWFALL (INCHES)
RECORDS
 TOTAL            0.0   MM
 24 HR TOTAL       MM
TOTALS            0.0               0.0     0.0      0.0
SINCE 7/1         0.0               0.0     0.0      0.0
DAYS >= TRACE       0               0.0     0.0        0
DAYS >= 1.0         0               0.0     0.0        0
GREATEST
 SNOW DEPTH         0   MM                             0  MM
 24 HR TOTAL      0.0   MM

DEGREE_DAYS
HEATING TOTAL      52               154    -102      123
 SINCE 7/1         22                66     -44       62
COOLING TOTAL     440               356      84      320
 SINCE 1/1        487               375     112      338

FREEZE DATES
RECORD
 EARLIEST     08/30/1915
 LATEST       06/12/1903
EARLIEST                        10/02
LATEST                          05/05
.................................................................

WIND (MPH)
AVERAGE WIND SPEED              7.3
RESULTANT WIND SPEED/DIRECTION   2/241
HIGHEST WIND SPEED/DIRECTION    46/280    DATE  06/05
HIGHEST GUST SPEED/DIRECTION    64/280    DATE  06/05

SKY COVER
POSSIBLE SUNSHINE (PERCENT)   MM
AVERAGE SKY COVER           0.30
NUMBER OF DAYS FAIR           56
NUMBER OF DAYS PC             29
NUMBER OF DAYS CLOUDY          7

AVERAGE RH (PERCENT)     72

WEATHER CONDITIONS. NUMBER OF DAYS WITH
THUNDERSTORM              0     MIXED PRECIP               0
HEAVY RAIN               25     RAIN                      27
LIGHT RAIN               42     FREEZING RAIN              0
LT FREEZING RAIN          0     HAIL                       0
HEAVY SNOW                0     SNOW                       0
LIGHT SNOW                0     SLEET                      0
FOG                      41     FOG W/VIS <= 1/4 MILE      3
HAZE                     11

-  INDICATES NEGATIVE NUMBERS.
R  INDICATES RECORD WAS SET OR TIED.
MM INDICATES DATA IS MISSING.
T  INDICATES TRACE AMOUNT.
................................... RAIN              0
LT FREEZING RAIN          0     HAIL                       0
HEAVY SNOW                0     SNOW                       0
LIGHT SNOW                0     SLEET                      0
FOG                      41     FOG W/VIS <= 1/4 MILE      3
HAZE                     11

-  INDICATES NEGATIVE NUMBERS.
R  INDICATES RECORD WAS SET OR TIED.
MM INDICATES DATA IS MISSING.
T  INDICATES TRACE AMOUNT.
...................................

$$
ECKBERG
