000
CXUS53 KGRR 012005
CLSBIV

CLIMATE REPORT
NATIONAL WEATHER SERVICE GRAND RAPIDS, MI
349 PM EDT THU JUN 1 2017

...................................

...THE HOLLAND/TULIP CITY MI CLIMATE SUMMARY FOR THE SEASON, FROM
3/1/2017 TO 5/31/2017...

CLIMATE NORMAL PERIOD 1981 TO 2010
CLIMATE RECORD PERIOD 1996 TO 2017

WEATHER         OBSERVED          NORMAL  DEPART  LAST YEAR`S
                 VALUE   DATE(S)  VALUE   FROM    VALUE  DATE(S)
                                          NORMAL
................................................................
TEMPERATURE (F)
HIGHEST            85   05/16        MM      MM       87  05/31
LOWEST             17   03/14        MM      MM        5  03/04
                        03/11
                        03/12
AVG. MAXIMUM     56.8              57.2    -0.4     58.3
AVG. MINIMUM     39.2              38.7     0.5     39.3
MEAN             48.0              47.9     0.1     48.8
DAYS MAX >= 90      0               0.4    -0.4        0
DAYS MAX <= 32      7               3.2     3.8        3
DAYS MIN <= 32     25              27.6    -2.6       27
DAYS MIN <= 0       0               0.0     0.0        0

PRECIPITATION (INCHES)
TOTALS          10.51              8.70    1.81     9.27
DAILY AVG.       0.11              0.09    0.02     0.10
DAYS >= .01        41                MM      MM       40
DAYS >= .10        23                MM      MM       25
DAYS >= .50         8                MM      MM        7
DAYS >= 1.00        2                MM      MM        1
GREATEST
 24 HR. TOTAL    1.29   04/29 TO 04/30
 STORM TOTAL       MM                                 MM
 (MM/DD(HH))            MM

DEGREE_DAYS
HEATING TOTAL    1568              1612     -44     1512
 SINCE 7/1       5430              6112    -682     5502
COOLING TOTAL      31                42     -11       59
 SINCE 1/1         31                42     -11       59

FREEZE DATES
EARLIEST                        MM
LATEST                          MM
.................................................................

WIND (MPH)
AVERAGE WIND SPEED              9.8
RESULTANT WIND SPEED/DIRECTION   2/254
HIGHEST WIND SPEED/DIRECTION    41/250    DATE  03/08
HIGHEST GUST SPEED/DIRECTION    54/250    DATE  03/08

SKY COVER
POSSIBLE SUNSHINE (PERCENT)   MM
AVERAGE SKY COVER           0.50
NUMBER OF DAYS FAIR           33
NUMBER OF DAYS PC             28
NUMBER OF DAYS CLOUDY         31

AVERAGE RH (PERCENT)     68

WEATHER CONDITIONS. NUMBER OF DAYS WITH
THUNDERSTORM             11     MIXED PRECIP               0
HEAVY RAIN               10     RAIN                      23
LIGHT RAIN               47     FREEZING RAIN              0
LT FREEZING RAIN          0     HAIL                       0
HEAVY SNOW                0     SNOW                       4
LIGHT SNOW                9     SLEET                      0
FOG                      43     FOG W/VIS <= 1/4 MILE      8
HAZE                      9

-  INDICATES NEGATIVE NUMBERS.
R  INDICATES RECORD WAS SET OR TIED.
MM INDICATES DATA IS MISSING.
T  INDICATES TRACE AMOUNT.

$$
