000
CXUS53 KDVN 011220
CLSBRL


CLIMATE REPORT
NATIONAL WEATHER SERVICE QUAD CITIES IA IL
617 AM CST FRI DEC 1 2017

...................................

...THE BURLINGTON IA CLIMATE SUMMARY FOR THE SEASON, FROM
9/1/2017 TO 11/30/2017...

CLIMATE NORMAL PERIOD 1981 TO 2010
CLIMATE RECORD PERIOD 1897 TO 2017

WEATHER         OBSERVED          NORMAL  DEPART
                 VALUE   DATE(S)  VALUE   FROM
                                          NORMAL
................................................
TEMPERATURE (F)
RECORD
 HIGH             103   09/01/1913
                        09/05/1899
 LOW               -2   11/08/1991
                        11/26/1977
                        11/29/1976
HIGHEST            93   09/23        83      10
                        09/20
                        09/22
LOWEST             18   11/22        26      -8
AVG. MAXIMUM     65.7              65.4     0.3
AVG. MINIMUM     44.9              44.7     0.2
MEAN             55.3              55.1     0.2
DAYS MAX >= 90      5
DAYS MAX <= 32      0
DAYS MIN <= 32     22
DAYS MIN <= 0       0

PRECIPITATION (INCHES)
TOTALS           6.13              9.14   -3.01
DAILY AVG.       0.06              0.10   -0.04
DAYS >= .01        22
DAYS >= .10         8
DAYS >= .50         5
DAYS >= 1.00        2
GREATEST
 24 HR. TOTAL    1.99   10/14 TO 10/15

DEGREE_DAYS
HEATING TOTAL    1051              1070     -19
 SINCE 7/1       1051              1073     -22
COOLING TOTAL     194               164      30
 SINCE 1/1       1068              1207    -139
.................................................

WIND (MPH)
AVERAGE WIND SPEED              8.2
HIGHEST WIND SPEED/DIRECTION    31/360    DATE  11/18
HIGHEST GUST SPEED/DIRECTION    41/220    DATE  10/07

SKY COVER
POSSIBLE SUNSHINE (PERCENT)   MM
AVERAGE SKY COVER           0.30
NUMBER OF DAYS FAIR           57
NUMBER OF DAYS PC             16
NUMBER OF DAYS CLOUDY         18

AVERAGE RH (PERCENT)     71

WEATHER CONDITIONS. NUMBER OF DAYS WITH
THUNDERSTORM              7     HAIL                       0
SLEET                     0     FOG                       33
FOG W/VIS <= 1/4 MILE     8     HAZE                      15

-  INDICATES NEGATIVE NUMBERS.
R  INDICATES RECORD WAS SET OR TIED.
MM INDICATES DATA IS MISSING.
T  INDICATES TRACE AMOUNT.

$$
