000
CXUS53 KDVN 011630
CLSDBQ


CLIMATE REPORT
NATIONAL WEATHER SERVICE QUAD CITIES IA IL
1130 AM CDT SUN JUN 1 2014

...................................

...THE DUBUQUE CLIMATE SUMMARY FOR THE SEASON, FROM
3/1/2014 TO 5/31/2014...

CLIMATE NORMAL PERIOD 1981 TO 2010
CLIMATE RECORD PERIOD 1873 TO 2014

WEATHER         OBSERVED          NORMAL  DEPART
                 VALUE   DATE(S)  VALUE   FROM
                                          NORMAL
................................................
TEMPERATURE (F)
RECORD
 HIGH             104   05/31/1934
 LOW              -20   03/01/1962
HIGHEST            85   05/31        75      10
                        05/20
LOWEST            -11   03/03        21     -32
AVG. MAXIMUM     54.3              57.3    -3.0
AVG. MINIMUM     34.1              37.6    -3.5
MEAN             44.2              47.4    -3.2
DAYS MAX >= 90      0               0.1    -0.1
DAYS MAX <= 32      9               4.7     4.3
DAYS MIN <= 32     39              29.8     9.2
DAYS MIN <= 0       2               0.2     1.8

PRECIPITATION (INCHES)
TOTALS           9.90             10.26   -0.36
DAILY AVG.       0.11              0.11    0.00
DAYS >= .01        37              34.9     2.1
DAYS >= .10        16
DAYS >= .50         6
DAYS >= 1.00        3               2.0     1.0
GREATEST
 24 HR. TOTAL    2.94   04/12 TO 04/13

SNOWFALL (INCHES)
TOTALS           11.6               8.3     3.3
SINCE 7/1        63.3              41.9    21.4
SNOWDEPTH AVG.      1
DAYS >= TRACE      16               5.7    10.3
DAYS >= 1.0         4               2.6     1.4
GREATEST
 SNOW DEPTH        11   03/05
 24 HR TOTAL      3.5   03/01 TO 03/01

DEGREE_DAYS
HEATING TOTAL    1948              1654     294
 SINCE 7/1       8324              7046    1278
COOLING TOTAL      54                37      17
 SINCE 1/1         54                37      17
.................................................

WIND (MPH)
AVERAGE WIND SPEED              11.8
HIGHEST WIND SPEED/DIRECTION    41/310    DATE  04/12
HIGHEST GUST SPEED/DIRECTION    54/300    DATE  04/12

SKY COVER
POSSIBLE SUNSHINE (PERCENT)   MM
AVERAGE SKY COVER           0.40
NUMBER OF DAYS FAIR           46
NUMBER OF DAYS PC             29
NUMBER OF DAYS CLOUDY         17

AVERAGE RH (PERCENT)     69

WEATHER CONDITIONS. NUMBER OF DAYS WITH
THUNDERSTORM             15     HAIL                       2
SLEET                     0     FOG                       43
FOG W/VIS <= 1/4 MILE     3     HAZE                      18

-  INDICATES NEGATIVE NUMBERS.
R  INDICATES RECORD WAS SET OR TIED.
MM INDICATES DATA IS MISSING.
T  INDICATES TRACE AMOUNT.

$$
