000
CXUS53 KDVN 011158
CLSDBQ


CLIMATE REPORT
NATIONAL WEATHER SERVICE QUAD CITIES IA IL
649 AM CDT THU SEP 1 2016

...................................

...THE DUBUQUE CLIMATE SUMMARY FOR THE SEASON, FROM
6/1/2016 TO 8/31/2016...

CLIMATE NORMAL PERIOD 1981 TO 2010
CLIMATE RECORD PERIOD 1873 TO 2016

WEATHER         OBSERVED          NORMAL  DEPART
                 VALUE   DATE(S)  VALUE   FROM
                                          NORMAL
................................................
TEMPERATURE (F)
RECORD
 HIGH             110   07/14/1936
 LOW               36   06/11/1972
HIGHEST            91   07/21        82       9
LOWEST             45   06/08        54      -9
AVG. MAXIMUM     80.7              80.1     0.6
AVG. MINIMUM     62.2              60.2     2.0
MEAN             71.4              70.1     1.3
DAYS MAX >= 90      2               5.9    -3.9
DAYS MAX <= 32      0               0.0     0.0
DAYS MIN <= 32      0               0.0     0.0
DAYS MIN <= 0       0               0.0     0.0

PRECIPITATION (INCHES)
TOTALS          18.21             13.11    5.10
DAILY AVG.       0.20              0.14    0.06
DAYS >= .01        34              30.3     3.7
DAYS >= .10        27
DAYS >= .50        12
DAYS >= 1.00        6               3.6     2.4
GREATEST
 24 HR. TOTAL    3.50   06/14 TO 06/14

SNOWFALL (INCHES)
TOTALS            0.0               0.0     0.0
SINCE 7/1         0.0               0.0     0.0
SNOWDEPTH AVG.      0
DAYS >= TRACE       0               0.0     0.0
DAYS >= 1.0         0               0.0     0.0
GREATEST
 SNOW DEPTH         0   MM
 24 HR TOTAL      0.0   MM

DEGREE_DAYS
HEATING TOTAL      20                67     -47
 SINCE 7/1          7                27     -20
COOLING TOTAL     629               539      90
 SINCE 1/1        680               576     104
.................................................

WIND (MPH)
AVERAGE WIND SPEED              7.7
HIGHEST WIND SPEED/DIRECTION    41/310    DATE  08/04
HIGHEST GUST SPEED/DIRECTION    55/300    DATE  08/04

SKY COVER
POSSIBLE SUNSHINE (PERCENT)   MM
AVERAGE SKY COVER           0.30
NUMBER OF DAYS FAIR           66
NUMBER OF DAYS PC             24
NUMBER OF DAYS CLOUDY          2

AVERAGE RH (PERCENT)     77

WEATHER CONDITIONS. NUMBER OF DAYS WITH
THUNDERSTORM             29     HAIL                       0
SLEET                     0     FOG                       54
FOG W/VIS <= 1/4 MILE     9     HAZE                       2

-  INDICATES NEGATIVE NUMBERS.
R  INDICATES RECORD WAS SET OR TIED.
MM INDICATES DATA IS MISSING.
T  INDICATES TRACE AMOUNT.

$$
