000
CXUS53 KDLH 011657
CLSDLH


CLIMATE REPORT
NATIONAL WEATHER SERVICE DULUTH MN
1046 AM CST TUE MAR 1 2016

...................................

...THE DULUTH CLIMATE SUMMARY FOR THE WINTER SEASON, FROM
12/1/2015 TO 2/29/2016...

CLIMATE NORMAL PERIOD 1981 TO 2010
CLIMATE RECORD PERIOD 1870 TO 2016

WEATHER         OBSERVED          NORMAL  DEPART  LAST YEAR`S
                 VALUE   DATE(S)  VALUE   FROM    VALUE
                                          NORMAL
.............................................................
TEMPERATURE (F)
RECORD
 HIGH              58   02/26/1895
 LOW              -41   01/02/1885
HIGHEST            52   02/27        MM      MM       43
LOWEST            -21   01/17        MM      MM      -19
                        01/11
MEAN             18.8              13.3     5.5     13.1

PRECIPITATION (INCHES)
RECORD
 MAXIMUM         8.66   1968-1969
TOTALS           5.58              2.98    2.60     2.10

SNOWFALL (INCHES)
SINCE 7/1        54.2

DEGREE_DAYS
HEATING TOTAL    4174              4653    -479     4624
COOLING TOTAL       0                 0       0        0
..............................................................

WIND (MPH)
AVERAGE WIND SPEED              10.2
HIGHEST WIND SPEED/DIRECTION    32/080
HIGHEST GUST SPEED/DIRECTION    44/090

SKY COVER
POSSIBLE SUNSHINE (PERCENT)   MM



-  INDICATES NEGATIVE NUMBERS.
R  INDICATES RECORD WAS SET OR TIED.
MM INDICATES DATA IS MISSING.
T  INDICATES TRACE AMOUNT.

$$

.THE 2015-2016 WINTER SEASON WAS WARMER AND WETTER THAN NORMAL AT
DULUTH MN...

THE AVERAGE TEMPERATURE FOR THE WINTER SEASON WAS 18.8 DEGREES WHICH
WAS 5.5 DEGREES ABOVE THE NORMAL OF 13.3 DEGREES. THIS WAS THE 9TH
WARMEST WINTER ON RECORD AT DULUTH. 5.58 INCHES OF PRECIPITATION WAS
RECORDED FOR THE SEASON WHICH WAS 2.6 INCHES ABOVE THE NORMAL OF
2.98 INCHES. THIS WAS THE 10TH WETTEST WINTER SEASON ON RECORD.
49.8 INCHES OF SNOW FELL FOR THE SEASON WHICH WAS 0.3 INCHES ABOVE
THE NORMAL OF 49.5 INCHES.

THE OUTLOOK FOR SPRING...NORMAL HIGHS START IN THE UPPER 20S IN
EARLY MARCH AND WARM TO THE MID 60S BY THE END OF MAY. NORMAL LOWS
START IN THE LOW TEENS ABOVE ZERO AND WARM TO THE MID 40S BY THE END
OF THE SEASON. NORMAL PRECIPITATION FOR SPRING IS 7.15 INCHES.THE
NORMAL SNOWFALL FOR THE SPRING IS 20.5 INCHES. ABOVE AVERAGE
TEMPERATURES AND BELOW NORMAL PRECIPITATION IS FORECASTED FOR
THE SPRING.

$$
