000
CXUS53 KGRB 051214
CLSGRB

CLIMATE REPORT
NATIONAL WEATHER SERVICE GREEN BAY
615 AM CST TUE DEC 5 2017

...THE GREEN BAY WI FALL CLIMATE SUMMARY FROM 9/1/2017 TO
11/30/2017...

CLIMATE NORMAL PERIOD 1981 TO 2010
CLIMATE RECORD PERIOD 1886 TO 2017

WEATHER         OBSERVED          NORMAL  DEPART  LAST YEAR`S
                 VALUE   DATE(S)  VALUE   FROM    VALUE  DATE(S)
                                          NORMAL
................................................................
TEMPERATURE (F)
RECORD
 HIGH              97   09/10/1931
 LOW              -12   11/28/1887
HIGHEST            91   09/23        85       6       87  09/06
                        09/22                             09/05
LOWEST             11   11/10         9       2       21  11/21
AVG. MAXIMUM     60.1              56.2     3.9     63.3
AVG. MINIMUM     41.3              37.7     3.6     44.4
MEAN             50.7              47.0     3.7     53.8
DAYS MAX >= 90      4               0.0     4.0        0
DAYS MAX <= 32      4               5.4    -1.4        0
DAYS MIN <= 32     26              30.2    -4.2       11
DAYS MIN <= 0       0               0.1    -0.1        0

PRECIPITATION (INCHES)
RECORD
 MAXIMUM        13.21   1931
 MINIMUM         1.26   1976
TOTALS           5.27              7.61   -2.34     9.24
DAILY AVG.       0.06              0.08   -0.02     0.10
DAYS >= .01        24              30.2    -6.2       32
DAYS >= .10        13              16.8    -3.8       18
DAYS >= .50         2               4.4    -2.4        6
DAYS >= 1.00        1               1.3    -0.3        3

SNOWFALL (INCHES)
RECORDS
 TOTAL           26.0   1887
 24 HR TOTAL       MM
TOTALS            0.6               4.2    -3.6      0.9
SINCE 7/1         0.6               4.2    -3.6      0.9
DAYS >= TRACE       6               4.1     1.9        3
DAYS >= 1.0         0               1.2    -1.2        0
GREATEST
 SNOW DEPTH         T   11/12                          0  MM
 24 HR TOTAL      0.6   MM

DEGREE_DAYS
HEATING TOTAL    1375              1677    -302     1049
 SINCE 7/1       1416              1740    -324     1062
COOLING TOTAL     100                36      64       55
 SINCE 1/1        477               398      79      577

FREEZE DATES
RECORD
 EARLIEST     09/12/1955
 LATEST       06/06/1958
EARLIEST                        10/04
LATEST                          05/05
.................................................................

WIND (MPH)
AVERAGE WIND SPEED              8.3
RESULTANT WIND SPEED/DIRECTION   3/237
HIGHEST WIND SPEED/DIRECTION    30/290    DATE  11/30
HIGHEST GUST SPEED/DIRECTION    41/280    DATE  11/30

SKY COVER
POSSIBLE SUNSHINE (PERCENT)   MM
AVERAGE SKY COVER           0.40
NUMBER OF DAYS FAIR           44
NUMBER OF DAYS PC             25
NUMBER OF DAYS CLOUDY         22

AVERAGE RH (PERCENT)     76

WEATHER CONDITIONS. NUMBER OF DAYS WITH
THUNDERSTORM              4     MIXED PRECIP               0
HEAVY RAIN                7     RAIN                      11
LIGHT RAIN               36     FREEZING RAIN              1
LT FREEZING RAIN          1     HAIL                       0
HEAVY SNOW                0     SNOW                       0
LIGHT SNOW                6     SLEET                      0
FOG                      38     FOG W/VIS <= 1/4 MILE      4
HAZE                      7

-  INDICATES NEGATIVE NUMBERS.
R  INDICATES RECORD WAS SET OR TIED.
MM INDICATES DATA IS MISSING.
T  INDICATES TRACE AMOUNT.

$$
ECKBERG
