000
CXUS53 KGRB 011150
CLSGRB

SEASONAL CLIMATE REPORT
NATIONAL WEATHER SERVICE GREEN BAY
550 AM CST MON DEC 1 2014

...TIED 12TH COLDEST FALL ON RECORD...

...THE GREEN BAY WI FALL CLIMATE SUMMARY FROM 9/1/2014 TO
11/30/2014...

CLIMATE NORMAL PERIOD 1981 TO 2010
CLIMATE RECORD PERIOD 1886 TO 2014

WEATHER         OBSERVED          NORMAL  DEPART  LAST YEAR`S
                 VALUE   DATE(S)  VALUE   FROM    VALUE  DATE(S)
                                          NORMAL
................................................................
TEMPERATURE (F)
RECORD
 HIGH              97   09/10/1931
 LOW              -12   11/28/1887
HIGHEST            80   09/28        85      -5       90  09/10
                        09/09
                        09/27
LOWEST                  11/27         9     -10        6  11/29
AVG. MAXIMUM     53.8              56.2    -2.4     57.8
AVG. MINIMUM     36.3              37.7    -1.4     38.4
MEAN             45.1              47.0    -1.9     48.1
DAYS MAX >= 90      0               0.0     0.0        1
DAYS MAX <= 32     14               5.4     8.6        6
DAYS MIN <= 32     30              30.2    -0.2       29
DAYS MIN <= 0       1               0.1     0.9        0

PRECIPITATION (INCHES)
RECORD
 MAXIMUM        13.21   1931
 MINIMUM         1.26   1976
TOTALS           9.72              7.61    2.11     9.28
DAILY AVG.       0.11              0.08    0.03     0.10
DAYS >= .01        39              30.2     8.8       30
DAYS >= .10        24              16.8     7.2       17
DAYS >= .50         5               4.4     0.6        7
DAYS >= 1.00        2               1.3     0.7        2

SNOWFALL (INCHES)
RECORDS
 TOTAL           26.0   1887
 24 HR TOTAL       MM
TOTALS            8.2               4.2     4.0      1.2
SINCE 7/1         8.2               4.2     4.0      1.2
DAYS >= TRACE      20               4.1    15.9       12
DAYS >= 1.0         2               1.2     0.8        0
GREATEST
 SNOW DEPTH         5   11/29                          0  MM
 24 HR TOTAL      3.1   MM

DEGREE_DAYS
HEATING TOTAL    1808              1677     131     1571
 SINCE 7/1       1837              1740      97     1611
COOLING TOTAL      19                36     -17       57
 SINCE 1/1        362               398     -36      535

FREEZE DATES
RECORD
 EARLIEST     09/12/1955
 LATEST       06/06/1958
EARLIEST                        10/03
LATEST                          05/05
.................................................................

WIND (MPH)
AVERAGE WIND SPEED              8.5
RESULTANT WIND SPEED/DIRECTION   4/266
HIGHEST WIND SPEED/DIRECTION    41/020    DATE  10/14
HIGHEST GUST SPEED/DIRECTION    53/030    DATE  10/14

SKY COVER
POSSIBLE SUNSHINE (PERCENT)   MM
AVERAGE SKY COVER           0.50
NUMBER OF DAYS FAIR           33
NUMBER OF DAYS PC             27
NUMBER OF DAYS CLOUDY         31

AVERAGE RH (PERCENT)     76

WEATHER CONDITIONS. NUMBER OF DAYS WITH
THUNDERSTORM              0     MIXED PRECIP               0
HEAVY RAIN               10     RAIN                      15
LIGHT RAIN               37     FREEZING RAIN              0
LT FREEZING RAIN          1     HAIL                       0
HEAVY SNOW                0     SNOW                       3
LIGHT SNOW               18     SLEET                      0
FOG                      58     FOG W/VIS <= 1/4 MILE      7
HAZE                     18

-  INDICATES NEGATIVE NUMBERS.
R  INDICATES RECORD WAS SET OR TIED.
MM INDICATES DATA IS MISSING.
T  INDICATES TRACE AMOUNT.

$$
ECKBERG
