000
CXUS53 KILX 011752
CLSILX

CLIMATE REPORT
NATIONAL WEATHER SERVICE LINCOLN IL
1120 AM CST THU DEC 1 2016

...................................

...THE LINCOLN IL CLIMATE SUMMARY FOR THE SEASON, FROM
9/1/2016 TO 11/30/2016...

CLIMATE NORMAL PERIOD 1981 TO 2010
CLIMATE RECORD PERIOD 1905 TO 2016

WEATHER         OBSERVED          NORMAL  DEPART  LAST YEAR`S
                 VALUE   DATE(S)  VALUE   FROM    VALUE
                                          NORMAL
.............................................................
TEMPERATURE (F)
RECORD
 HIGH             104   09/06/1954
 LOW               -3   11/30/1964
                        11/28/1930
HIGHEST            93   09/20        MM      MM       95
LOWEST             18   11/21        MM      MM       12
AVG. MAXIMUM     70.2              65.0     5.2     69.2
AVG. MINIMUM     47.9              42.8     5.1     44.6
MEAN             59.1              53.9     5.2     56.9
DAYS MAX >= 90      8               2.1     5.9        7
DAYS MAX <= 32      0               1.4    -1.4        0
DAYS MIN <= 32     10              19.4    -9.4       16
DAYS MIN <= 0       0               0.0     0.0        0

PRECIPITATION (INCHES)
RECORD
 MAXIMUM        22.14   1926
 MINIMUM         1.93   1908
TOTALS           8.98              9.54   -0.56    10.74
DAILY AVG.       0.10                               0.12
DAYS >= .01        28              27.2     0.8       27
DAYS >= .10        22              17.7     4.3       18
DAYS >= .50         7               7.1    -0.1        9
DAYS >= 1.00        1               2.2    -1.2        3
GREATEST
 24 HR. TOTAL    1.40   MM                          2.21

SNOWFALL (INCHES)
RECORDS
 TOTAL           10.0   1926
 24 HR TOTAL      7.0   11/17/1926 TO 11/17/1926
TOTALS            0.0               0.6    -0.6      1.0
DAYS >= TRACE       0               0.5    -0.5        1
DAYS >= 1.0         0               0.2    -0.2        1
GREATEST
 SNOW DEPTH         0   MM                             1
 24 HR TOTAL      0.0   MM                           1.0

DEGREE_DAYS
HEATING TOTAL     768              1134    -366      915
 SINCE 7/1        777              1143    -366       MM
COOLING TOTAL     250               128     122      194
 SINCE 1/1       1241              1017     224      998

FREEZE DATES
RECORD
 EARLIEST     09/11/1917
 LATEST       05/29/1925
EARLIEST                        10/12
LATEST                          04/18
..............................................................

SKY COVER
POSSIBLE SUNSHINE (PERCENT)   MM


WEATHER CONDITIONS. NUMBER OF DAYS WITH
THUNDERSTORM             11     MIXED PRECIP               0
HEAVY RAIN               12     RAIN                      22
LIGHT RAIN               30     FREEZING RAIN              0
LT FREEZING RAIN          0     HAIL                       0
HEAVY SNOW                0     SNOW                       0
LIGHT SNOW                0     SLEET                      0
FOG                      30     FOG W/VIS <= 1/4 MILE      6
HAZE                      0

-  INDICATES NEGATIVE NUMBERS.
R  INDICATES RECORD WAS SET OR TIED.
MM INDICATES DATA IS MISSING.
T  INDICATES TRACE AMOUNT.

&&

RECORDS ESABLISHED DURING METEOROLOGICAL AUTUMN:
-3RD WARMEST AUTUMN ON RECORD.

$$
