000
CXUS53 KDLH 021333
CLSINL

CLIMATE REPORT
NATIONAL WEATHER SERVICE DULUTH MN
733 AM CST TUE DEC 2 2014

...................................

...THE INTERNATIONAL FALLS MN CLIMATE SUMMARY FOR THE SEASON, FROM
9/1/2014 TO 11/30/2014...

CLIMATE NORMAL PERIOD 1981 TO 2010
CLIMATE RECORD PERIOD 1895 TO 2014

WEATHER         OBSERVED          NORMAL  DEPART  LAST YEAR`S
                 VALUE   DATE(S)  VALUE   FROM    VALUE
                                          NORMAL
.............................................................
TEMPERATURE (F)
RECORD
 HIGH              95   09/07/1976
 LOW              -32   11/28/1985
HIGHEST            83   09/27        MM      MM       84
LOWEST            -20   11/27        MM      MM       -7
MEAN             38.5              40.1    -1.6     41.4

PRECIPITATION (INCHES)
RECORDS
 MAXIMUM        12.09   1965
 MINIMUM         1.79   1952
TOTALS           4.83              6.45   -1.62     5.29

SNOWFALL (INCHES)
RECORDS
 MAXIMUM         33.6   1955
 MINIMUM            T   1999
SINCE 7/1         9.3

DEGREE_DAYS
HEATING TOTAL    2397              2280     117     2138
COOLING TOTAL      10                11      -1       11
..............................................................

WIND (MPH)
AVERAGE WIND SPEED              7.4
HIGHEST WIND SPEED/DIRECTION    29/330
HIGHEST GUST SPEED/DIRECTION    39/330

SKY COVER
POSSIBLE SUNSHINE (PERCENT)   MM



-  INDICATES NEGATIVE NUMBERS.
R  INDICATES RECORD WAS SET OR TIED.
MM INDICATES DATA IS MISSING.
T  INDICATES TRACE AMOUNT.

$$

.THE 2014 AUTUMN SEASON WAS COOLER AND DRIER THAN NORMAL
AT INTERNATIONAL FALLS MN...

THE AVERAGE TEMPERATURE FOR THE AUTUMN SEASON WAS 38.5 DEGREES WHICH
IS 1.6 DEGREES BELOW THE NORMAL OF 40.1 DEGREES. THIS TIED FOR THE
13TH COOLEST METEOROLOGICAL AUTUMN ON RECORD AT INTERNATIONAL FALLS.
4.83 INCHES OF PRECIPITATION WAS RECORDED FOR THE SEASON WHICH IS
1.62 INCHES BELOW THE NORMAL OF 6.45 INCHES. THIS RANKS AS THE 38TH
DRIEST FALL SEASON ON RECORD. 9.3 INCHES OF SNOW FELL FOR THE FALL
SEASON WHICH WAS 6.7 INCHES BELOW THE NORMAL OF 16.0 INCHES. THIS
TIES FOR THE 25TH LEAST SNOWIEST FALL SEASON ON RECORD.

$$
