000
CXUS53 KJKL 011518
CLSLOZ

CLIMATE REPORT
NATIONAL WEATHER SERVICE JACKSON KY
1118 AM EDT WED JUN 1 2016

...................................

...THE LONDON KY CLIMATE SUMMARY FOR THE SEASON, FROM
3/1/2016 TO 5/31/2016...

CLIMATE NORMAL PERIOD 1981 TO 2010
CLIMATE RECORD PERIOD 1954 TO 2016

WEATHER         OBSERVED          NORMAL  DEPART  LAST YEAR`S
                 VALUE   DATE(S)  VALUE   FROM    VALUE  DATE(S)
                                          NORMAL
................................................................
TEMPERATURE (F)
RECORD
 HIGH              91   05/30/2006
 LOW              -12   03/03/1980
HIGHEST            86   05/31        MM      MM       88  05/11
                                                          05/08
LOWEST             27   04/10        MM      MM        2  03/06
                        03/21
                        03/02
AVG. MAXIMUM     69.2              67.8     1.4     70.5
AVG. MINIMUM     46.0              44.7     1.3     46.8
MEAN             57.6              56.2     1.4     58.6
DAYS MAX >= 90      0               0.2    -0.2        0
DAYS MAX <= 32      0               0.3    -0.3        0
DAYS MIN <= 32     13              14.7    -1.7       11
DAYS MIN <= 0       0               0.0     0.0        0

PRECIPITATION (INCHES)
RECORD
 MAXIMUM        22.28   1984
 MINIMUM         6.21   1969
TOTALS             MM             13.28      MM    12.45
DAILY AVG.         MM              0.14      MM     0.14
DAYS >= .01        MM              38.4      MM       37
DAYS >= .10        MM              24.4      MM       26
DAYS >= .50        MM               8.9      MM        9
DAYS >= 1.00       MM               2.8      MM        2
GREATEST
 24 HR. TOTAL      MM                               1.79

SNOWFALL (INCHES)
RECORDS
 TOTAL           31.0   1960
TOTALS             MM               1.6      MM       MM
SINCE 7/1          MM              10.3      MM       MM
SNOWDEPTH AVG.     MM                MM      MM       MM
DAYS >= 1.0        MM               0.7      MM       MM
GREATEST
 24 HR TOTAL       MM                                 MM

DEGREE_DAYS
HEATING TOTAL     758               920    -162      759
 SINCE 7/1       3674              4196    -522     4380
COOLING TOTAL     102               114     -12      194
 SINCE 1/1        102               114     -12      194
.................................................................

WIND (MPH)
AVERAGE WIND SPEED              5.9
RESULTANT WIND SPEED/DIRECTION   2/250
HIGHEST WIND SPEED/DIRECTION    32/270    DATE  04/06
HIGHEST GUST SPEED/DIRECTION    49/300    DATE  03/01

SKY COVER
POSSIBLE SUNSHINE (PERCENT)   MM
NUMBER OF DAYS FAIR           43
NUMBER OF DAYS PC             35
NUMBER OF DAYS CLOUDY         14

AVERAGE RH (PERCENT)     63

WEATHER CONDITIONS. NUMBER OF DAYS WITH
THUNDERSTORM             18     MIXED PRECIP               0
HEAVY RAIN               15     RAIN                      22
LIGHT RAIN               45     FREEZING RAIN              0
LT FREEZING RAIN          0     HAIL                       0
HEAVY SNOW                0     SNOW                       0
LIGHT SNOW                1     SLEET                      0
FOG                      52     FOG W/VIS <= 1/4 MILE      5
HAZE                      5

-  INDICATES NEGATIVE NUMBERS.
R  INDICATES RECORD WAS SET OR TIED.
MM INDICATES DATA IS MISSING.
T  INDICATES TRACE AMOUNT.

$$

CARICO

NOTE...SEASONAL PRECIPITATION DATA MISSING DUE TO SENSOR FAILURE ON MAY
1ST...2ND...7TH AND 10TH...
