000
CXUS53 KJKL 011804 RRA
CLSLOZ

CLIMATE REPORT
NATIONAL WEATHER SERVICE JACKSON KY
201 PM EDT THU SEP 1 2016
...................................

...THE LONDON KY CLIMATE SUMMARY FOR THE SEASON, FROM
6/1/2016 TO 8/31/2016...

CLIMATE NORMAL PERIOD 1981 TO 2010
CLIMATE RECORD PERIOD 1954 TO 2016

WEATHER         OBSERVED          NORMAL  DEPART  LAST YEAR`S
                 VALUE   DATE(S)  VALUE   FROM    VALUE  DATE(S)
                                          NORMAL
................................................................
TEMPERATURE (F)
RECORD
 HIGH             105   06/29/2012
 LOW               34   06/01/1966
HIGHEST            94   07/25        MM      MM       93  07/18
LOWEST             48   06/09        MM      MM       54  08/25
AVG. MAXIMUM     87.2              85.2     2.0     85.2
AVG. MINIMUM     66.7              64.3     2.4     65.6
MEAN             76.9              74.8     2.1     75.4
DAYS MAX >= 90     25              17.1     7.9       22
DAYS MAX <= 32      0               0.0     0.0        0
DAYS MIN <= 32      0               0.0     0.0        0
DAYS MIN <= 0       0               0.0     0.0        0

PRECIPITATION (INCHES)
RECORD
 MAXIMUM        21.68   2003
 MINIMUM         6.37   1980
TOTALS          15.74             12.15    3.59    18.96
DAILY AVG.       0.17              0.13    0.04     0.21
DAYS >= .01        43              33.2     9.8       42
DAYS >= .10        22              21.9     0.1       25
DAYS >= .50        13               9.0     4.0       11
DAYS >= 1.00        5               2.8     2.2        4
GREATEST
 24 HR. TOTAL    1.74   MM                          3.73

SNOWFALL (INCHES)
RECORDS
 TOTAL             MM   MM
TOTALS             MM               0.0      MM       MM
SINCE 7/1          MM               0.0      MM       MM
SNOWDEPTH AVG.     MM                MM      MM       MM
DAYS >= 1.0         0               0.0     0.0       MM
GREATEST
 24 HR TOTAL       MM                                 MM

DEGREE_DAYS
HEATING TOTAL       2                11      -9        2
 SINCE 7/1          0                 1      -1        0
COOLING TOTAL    1121               911     210      977
 SINCE 1/1       1223              1024     199     1171
.................................................................

WIND (MPH)
AVERAGE WIND SPEED              3.9
RESULTANT WIND SPEED/DIRECTION   1/240
HIGHEST WIND SPEED/DIRECTION    41/250    DATE  06/04
HIGHEST GUST SPEED/DIRECTION    51/260    DATE  06/04

SKY COVER
POSSIBLE SUNSHINE (PERCENT)   MM
NUMBER OF DAYS FAIR           61
NUMBER OF DAYS PC             28
NUMBER OF DAYS CLOUDY          3

AVERAGE RH (PERCENT)     71

WEATHER CONDITIONS. NUMBER OF DAYS WITH
THUNDERSTORM             38     MIXED PRECIP               0
HEAVY RAIN               21     RAIN                      23
LIGHT RAIN               49     FREEZING RAIN              0
LT FREEZING RAIN          0     HAIL                       0
HEAVY SNOW                0     SNOW                       0
LIGHT SNOW                0     SLEET                      0
FOG                      61     FOG W/VIS <= 1/4 MILE      9
HAZE                      7

-  INDICATES NEGATIVE NUMBERS.
R  INDICATES RECORD WAS SET OR TIED.
MM INDICATES DATA IS MISSING.
T  INDICATES TRACE AMOUNT.

$$
