000
CXUS53 KMKX 011929
CLSMKE

CLIMATE REPORT
NATIONAL WEATHER SERVICE IN MILWAUKEE
121 PM CST SAT MAR 1 2014

...................................

...THE MILWAUKEE WI CLIMATE SUMMARY FOR THE SEASON, FROM
12/1/2013 TO 2/28/2014...

CLIMATE NORMAL PERIOD 1981 TO 2010
CLIMATE RECORD PERIOD 1871 TO 2014

WEATHER         OBSERVED          NORMAL  DEPART  LAST YEAR`S
                 VALUE   DATE(S)  VALUE   FROM    VALUE  DATE(S)
                                          NORMAL
................................................................
TEMPERATURE (F)
RECORD
 HIGH              68   12/05/2001
                        02/11/1999
 LOW              -26   02/03/1996
                        01/17/1982
HIGHEST            53   12/04        55      -2       65  12/03
LOWEST            -14   01/07       -13      -1       -5  01/22
AVG. MAXIMUM     25.1              31.4    -6.3     34.2
AVG. MINIMUM      9.2              18.3    -9.1     20.5
MEAN             17.2              24.9    -7.7     27.4
DAYS MAX >= 90      0               0.0     0.0        0
DAYS MAX <= 32     65              44.0    21.0       39
DAYS MIN <= 32     87              80.7     6.3       78
DAYS MIN <= 0      27               6.8    20.2        3

PRECIPITATION (INCHES)
RECORD
 MAXIMUM        11.13   1875
                        1876
 MINIMUM         1.53   2002
                        2003
TOTALS           4.53              5.45   -0.92    10.07
DAILY AVG.       0.05              0.06   -0.01     0.11
DAYS >= .01        40              32.0     8.0       36
DAYS >= .10        10              14.2    -4.2       20
DAYS >= .50         2               2.8    -0.8        4
DAYS >= 1.00        0               0.7    -0.7        2
GREATEST
 24 HR. TOTAL    0.70   12/22 TO 12/22              2.30

SNOWFALL (INCHES)
RECORDS
 TOTAL           89.8   1885
                        1886
TOTALS           54.8              35.1    19.7     37.2
SINCE 7/1        56.8              37.8    19.0     37.2
SNOWDEPTH AVG.      7                 4       3        2
DAYS >= 1.0        14              10.3     3.7       11
GREATEST
 SNOW DEPTH        14   02/18                          8  02/28
 24 HR TOTAL      8.0   12/22 TO 12/22               5.5

DEGREE_DAYS
HEATING TOTAL    4281              3615     666     3353
 SINCE 7/1                         4980
COOLING TOTAL       0                 0       0        0
 SINCE 1/1          0                 0       0        0

FREEZE DATES
RECORD
 EARLIEST     09/20/1956
 LATEST       05/27/1961
EARLIEST                        10/17
LATEST                          04/27
.................................................................

WIND (MPH)
AVERAGE WIND SPEED              11.2
RESULTANT WIND SPEED/DIRECTION   6/270
HIGHEST WIND SPEED/DIRECTION    37/250    DATE  02/21
HIGHEST GUST SPEED/DIRECTION    53/230    DATE  02/21

SKY COVER
AVERAGE SKY COVER           0.60
NUMBER OF DAYS FAIR           19
NUMBER OF DAYS PC             37
NUMBER OF DAYS CLOUDY         34

AVERAGE RH (PERCENT)     71

WEATHER CONDITIONS. NUMBER OF DAYS WITH
THUNDERSTORM              1     MIXED PRECIP               0
HEAVY RAIN                0     RAIN                       4
LIGHT RAIN                9     FREEZING RAIN              1
LT FREEZING RAIN          7     HAIL                       0
HEAVY SNOW                3     SNOW                      14
LIGHT SNOW               57     SLEET                      2
FOG                      50     FOG W/VIS <= 1/4 MILE      7
HAZE                     43

-  INDICATES NEGATIVE NUMBERS.
R  INDICATES RECORD WAS SET OR TIED.
MM INDICATES DATA IS MISSING.
T  INDICATES TRACE AMOUNT.

$$
