000
CXUS53 KDDC 020133
CLSP28


CLIMATE REPORT
NATIONAL WEATHER SERVICE DODGE CITY KS
816 PM CDT THU JUN 1 2017

...................................

...THE MEDICINE LODGE KS CLIMATE SUMMARY FOR THE SEASON, FROM
3/1/2017 TO 5/31/2017...

CLIMATE NORMAL PERIOD 1981 TO 2010
CLIMATE RECORD PERIOD 1893 TO 2017

WEATHER         OBSERVED          NORMAL  DEPART  LAST YEAR`S
                 VALUE   DATE(S)  VALUE   FROM    VALUE  DATE(S)
                                          NORMAL
................................................................
TEMPERATURE (F)
RECORD
 HIGH             106   05/31/1953
 LOW               -7   03/03/2014
                        03/03/1960
HIGHEST            93   03/19        MM      MM       MM  MM
LOWEST             19   03/02        MM      MM       MM  MM
AVG. MAXIMUM     71.1              68.9     2.2       MM
AVG. MINIMUM     45.4              44.3     1.1       MM
MEAN             58.2              56.6     1.6       MM
DAYS MAX >= 90      2               3.7    -1.7       MM
DAYS MAX <= 32      0               0.6    -0.6       MM
DAYS MIN <= 32     13              15.9    -2.9       MM
DAYS MIN <= 0       0               0.0     0.0       MM

PRECIPITATION (INCHES)
RECORD
 MAXIMUM        17.27   1957
 MINIMUM         1.13   1966
TOTALS          11.63              7.99    3.64       MM
DAILY AVG.       0.13              0.09    0.04       MM
DAYS >= .01        27              24.8     2.2       MM
DAYS >= .10        17              14.3     2.7       MM
DAYS >= .50         8               6.3     1.7       MM
DAYS >= 1.00        4               2.4     1.6       MM
GREATEST
 24 HR. TOTAL    1.90   05/11 TO 05/11                MM

SNOWFALL (INCHES)
RECORDS
 TOTAL           25.0   1983
 24 HR TOTAL     12.0   03/16/1970
 SNOW DEPTH        12   03/16/1970
TOTALS            0.0               0.1    -0.1       MM
 LIQUID EQUIV    0.00              0.00    0.00       MM
SINCE 7/1         1.4               8.5    -7.1       MM
 LIQUID 7/1      0.14              0.90   -0.76       MM
SNOWDEPTH AVG.      0                MM      MM       MM
DAYS >= TRACE       0               0.3    -0.3       MM
DAYS >= 1.0         0               0.0     0.0       MM
GREATEST
 SNOW DEPTH         0   MM                            MM  MM
 24 HR TOTAL      0.0   MM                            MM

DEGREE_DAYS
HEATING TOTAL     710               925    -215       MM
 SINCE 7/1       3711              4455    -744       MM
COOLING TOTAL      98               156     -58       MM
 SINCE 1/1         98               156     -58       MM

.................................................................

WIND (MPH)
AVERAGE WIND SPEED              11.0
RESULTANT WIND SPEED/DIRECTION   2/082
HIGHEST WIND SPEED/DIRECTION    44/220    DATE  03/06
HIGHEST GUST SPEED/DIRECTION    58/230    DATE  03/06

AVERAGE RH (PERCENT)     63


-  INDICATES NEGATIVE NUMBERS.
R  INDICATES RECORD WAS SET OR TIED.
MM INDICATES DATA IS MISSING.
T  INDICATES TRACE AMOUNT.

$$
