999
CXUS51 KPBZ 021155 RRA
CLSPIT

CLIMATE REPORT
NATIONAL WEATHER SERVICE PITTSBURGH PA
932 AM EDT THU SEP 1 2016

...................................

...THE PITTSBURGH PA CLIMATE SUMMARY FOR THE SEASON, FROM
6/1/2016 TO 8/31/2016...

CLIMATE NORMAL PERIOD 1981 TO 2010
CLIMATE RECORD PERIOD 1871 TO 2016

WEATHER         OBSERVED          NORMAL  DEPART  LAST YEAR`S
                 VALUE   DATE(S)  VALUE   FROM    VALUE  DATE(S)
                                          NORMAL
................................................................
TEMPERATURE (F)
RECORD
 HIGH             103   07/16/1988
                        08/06/1918
                        07/10/1881
 LOW               33   06/14/2013
HIGHEST            93   07/25        92       1       92  07/28
LOWEST             49   06/09        43       6       48  06/01
AVG. MAXIMUM     84.1              81.0     3.1     81.0
AVG. MINIMUM     64.6              60.9     3.7     62.2
MEAN             74.4              71.0     3.4     71.6
DAYS MAX >= 90     11               6.5     4.5        5
DAYS MAX <= 32      0               0.0     0.0        0
DAYS MIN <= 32      0               0.0     0.0        0
DAYS MIN <= 0       0               0.0     0.0        0

PRECIPITATION (INCHES)
RECORD
 MAXIMUM        42.80   2016
 MINIMUM         2.20   1894
TOTALS           9.51             11.61   -2.10
DAILY AVG.       0.10              0.13   -0.03     0.14
DAYS >= .01        38              32.1     5.9       35
DAYS >= .10        22              20.5     1.5       22
DAYS >= .50         6               8.0    -2.0        9
DAYS >= 1.00        1               2.8    -1.8        5
GREATEST
 24 HR. TOTAL    1.07

SNOWFALL (INCHES)
RECORDS
 TOTAL             MM   MM
TOTALS            0.0               0.0     0.0      0.0
SINCE 7/1         0.0               0.0     0.0      0.0
SNOWDEPTH AVG.      0                                  0
DAYS >= TRACE       0               0.0     0.0        0
DAYS >= 1.0         0               0.0     0.0        0
GREATEST
 24 HR TOTAL      0.0   MM                           0.0

DEGREE_DAYS
HEATING TOTAL      15                51     -36       31
 SINCE 7/1          1                13     -12        6
COOLING TOTAL     905               600     305      669
 SINCE 1/1        975               652     323      803
.................................................................

WIND (MPH)
AVERAGE WIND SPEED              5.8
HIGHEST WIND SPEED/DIRECTION    39/160    DATE  08/15
HIGHEST GUST SPEED/DIRECTION    53/360    DATE  06/16

AVERAGE RH (PERCENT)     64

WEATHER CONDITIONS. NUMBER OF DAYS WITH
THUNDERSTORM              0     MIXED PRECIP               0
HEAVY RAIN               10     RAIN                      17
LIGHT RAIN               39     FREEZING RAIN              0
LT FREEZING RAIN          0     HAIL                       0
HEAVY SNOW                0     SNOW                       0
LIGHT SNOW                0     SLEET                      0
FOG                      45     FOG W/VIS <= 1/4 MILE      3
HAZE                     17

-  INDICATES NEGATIVE NUMBERS.
R  INDICATES RECORD WAS SET OR TIED.
MM INDICATES DATA IS MISSING.
T  INDICATES TRACE AMOUNT.

$$
