000
CXUS53 KLOT 011236
CLSRFD

CLIMATE REPORT
NATIONAL WEATHER SERVICE CHICAGO IL
727 AM CDT TUE SEP 1 2015

...................................

...THE ROCKFORD IL CLIMATE SUMMARY FOR THE SEASON, FROM
6/1/2015 TO 8/31/2015...

CLIMATE NORMAL PERIOD 1981 TO 2010
CLIMATE RECORD PERIOD 1905 TO 2015

WEATHER         OBSERVED          NORMAL  DEPART  LAST YEAR`S
                 VALUE   DATE(S)  VALUE   FROM    VALUE
                                          NORMAL
.............................................................
TEMPERATURE (F)
RECORD
 HIGH             112   07/14/1936
 LOW               35   06/05/1945
                        06/04/1945
                        08/30/1915
HIGHEST            92   08/15                         90
LOWEST             43   06/02                         50
                        06/01
AVG. MAXIMUM     81.1              82.7    -1.6     80.8
AVG. MINIMUM     60.7              61.0    -0.3     60.7
MEAN             70.9              71.8    -0.9     70.8
DAYS MAX >= 90     10
DAYS MAX <= 32      0
DAYS MIN <= 32      0
DAYS MIN <= 0       0

PRECIPITATION (INCHES)
RECORD
 MAXIMUM        25.76   1972
 MINIMUM         3.82   1927
TOTALS          13.34             13.19    0.15    16.28
DAYS >= .01        27
DAYS >= .10        20
DAYS >= .50         7
DAYS >= 1.00        3

SNOWFALL (INCHES)
TOTALS            0.0               0.0     0.0        T

DEGREE_DAYS
HEATING TOTAL      26                45     -19
 SINCE 7/1         10                14      -4
COOLING TOTAL     593               672     -79
 SINCE 1/1        653               727     -74
..............................................................

WIND (MPH)
AVERAGE WIND SPEED              7.1
HIGHEST WIND SPEED/DIRECTION    52/020    DATE  07/13
HIGHEST GUST SPEED/DIRECTION    65/330    DATE  07/13


WEATHER CONDITIONS. NUMBER OF DAYS WITH
THUNDERSTORM             24     MIXED PRECIP               0
HEAVY RAIN               10     RAIN                      19
LIGHT RAIN               36     FREEZING RAIN              0
LT FREEZING RAIN          0     HAIL                       0
HEAVY SNOW                0     SNOW                       0
LIGHT SNOW                0     SLEET                      0
FOG                      44     FOG W/VIS <= 1/4 MILE      3
HAZE                     23

-  INDICATES NEGATIVE NUMBERS.
R  INDICATES RECORD WAS SET OR TIED.
MM INDICATES DATA IS MISSING.
T  INDICATES TRACE AMOUNT.

$$
