000
CXUS51 KRNK 010941
CLSROA


CLIMATE REPORT
NATIONAL WEATHER SERVICE BLACKSBURG VA
524 AM EDT TUE SEP 1 2015

...................................

...THE ROANOKE VA CLIMATE SUMMARY FOR THE SEASON, FROM
6/1/2015 TO 8/31/2015...

CLIMATE NORMAL PERIOD 1981 TO 2010
CLIMATE RECORD PERIOD 1912 TO 2015

WEATHER         OBSERVED          NORMAL  DEPART  LAST YEAR`S
                 VALUE   DATE(S)  VALUE   FROM    VALUE
                                          NORMAL
.............................................................
TEMPERATURE (F)
RECORD
 HIGH             105   08/21/1983
                        07/10/1936
                        08/05/1930
 LOW               36   06/11/1913
HIGHEST            94   07/30                         96
LOWEST             54   06/29                         53
AVG. MAXIMUM     85.5              85.4     0.1     83.2
AVG. MINIMUM     66.5              64.6     1.9     64.2
MEAN             76.0              75.0     1.0     73.7
DAYS MAX >= 90     19              22.2    -3.2       14
DAYS MAX <= 32      0               0.0     0.0        0
DAYS MIN <= 32      0               0.0     0.0        0
DAYS MIN <= 0       0               0.0     0.0        0

PRECIPITATION (INCHES)
RECORD
 MAXIMUM        26.85   1940
 MINIMUM         4.77   1993
TOTALS          16.45             11.43    5.02    12.98
DAILY AVG.       0.18              0.12    0.06     0.14
DAYS >= .01        36              31.9     4.1       36
DAYS >= .10        23              19.5     3.5       23
DAYS >= .50        10               7.3     2.7       11
DAYS >= 1.00        7               2.9     4.1        2
GREATEST
 24 HR. TOTAL    3.45                               1.97

SNOWFALL (INCHES)
TOTALS              T                                0.0
DAYS >= TRACE       1                                  0
DAYS >= 1.0         0                                  0
GREATEST
 24 HR TOTAL      0.0                                0.0

DEGREE_DAYS
HEATING TOTAL       7                13      -6        0
COOLING TOTAL    1048               932     116      821
..............................................................

WIND (MPH)
AVERAGE WIND SPEED              5.7
HIGHEST WIND SPEED/DIRECTION    37/280    DATE  06/18
HIGHEST GUST SPEED/DIRECTION    66/270    DATE  06/18

SKY COVER
AVERAGE SKY COVER           0.50

AVERAGE RH (PERCENT)     71

WEATHER CONDITIONS. NUMBER OF DAYS WITH
THUNDERSTORM             19     MIXED PRECIP               0
HEAVY RAIN               14     RAIN                      17
LIGHT RAIN               47     FREEZING RAIN              0
LT FREEZING RAIN          0     HAIL                       1
HEAVY SNOW                0     SNOW                       0
LIGHT SNOW                0     SLEET                      0
FOG                      29     FOG W/VIS <= 1/4 MILE      1
HAZE                      8

-  INDICATES NEGATIVE NUMBERS.
R  INDICATES RECORD WAS SET OR TIED.
MM INDICATES DATA IS MISSING.
T  INDICATES TRACE AMOUNT.

$$

PW
