000
CXUS53 KILX 011657 RRA
CLSSPI

CLIMATE REPORT
NATIONAL WEATHER SERVICE LINCOLN IL
1147 AM CDT THU SEP 1 2016

...................................

...THE SPRINGFIELD IL CLIMATE SUMMARY FOR THE SEASON, FROM
6/1/2016 TO 8/31/2016...

CLIMATE NORMAL PERIOD 1981 TO 2010
CLIMATE RECORD PERIOD 1879 TO 2016

WEATHER         OBSERVED          NORMAL  DEPART  LAST YEAR`S
                 VALUE   DATE(S)  VALUE   FROM    VALUE
                                          NORMAL
.............................................................
TEMPERATURE (F)
RECORD
 HIGH             112   07/14/1954
 LOW               39   06/01/2003
HIGHEST            95   06/25        MM      MM       96
                        06/15
                        06/22
LOWEST             50   06/08        MM      MM       49
AVG. MAXIMUM     87.1              84.8     2.3     84.5
AVG. MINIMUM     67.4              63.6     3.8     65.2
MEAN             77.3              74.2     3.1     74.8
DAYS MAX >= 90     34              19.1    14.9       19
DAYS MAX <= 32      0               0.0     0.0        0
DAYS MIN <= 32      0               0.0     0.0        0
DAYS MIN <= 0       0               0.0     0.0        0

PRECIPITATION (INCHES)
RECORD
 MAXIMUM        24.93   1981
 MINIMUM         3.87   1893
TOTALS          22.26             11.64   10.62    14.87
DAILY AVG.       0.24                               0.16
DAYS >= .01        32              27.1     4.9       33
DAYS >= .10        24              17.4     6.6       23
DAYS >= .50        12               7.6     4.4        9
DAYS >= 1.00        5               3.0     2.0        5
GREATEST
 24 HR. TOTAL    5.59   08/12 TO 08/12              2.13

SNOWFALL (INCHES)
RECORDS
 TOTAL            0.0   MM
 24 HR TOTAL      0.0   MM
TOTALS            0.0               0.0     0.0      0.0
SINCE 7/1         0.0               0.0     0.0      0.0
DAYS >= TRACE       0               0.0     0.0        0
DAYS >= 1.0         0               0.0     0.0        0
GREATEST
 SNOW DEPTH         0   MM                             0
 24 HR TOTAL      0.0   MM                           0.0

DEGREE_DAYS
HEATING TOTAL       1                20     -19        9
 SINCE 7/1          1                 5      -4        6
COOLING TOTAL    1151               866     285      929
 SINCE 1/1       1276               970     306     1095

FREEZE DATES
RECORD
 EARLIEST     09/20/1991
 LATEST       05/10/1966
EARLIEST                        10/13
LATEST                          04/13
..............................................................

WIND (MPH)
AVERAGE WIND SPEED              5.9
HIGHEST WIND SPEED/DIRECTION    38/310    DATE  08/25
HIGHEST GUST SPEED/DIRECTION    52/310    DATE  08/25

SKY COVER
POSSIBLE SUNSHINE (PERCENT)   MM
AVERAGE SKY COVER           0.20
NUMBER OF DAYS FAIR           70
NUMBER OF DAYS PC             19
NUMBER OF DAYS CLOUDY          3

AVERAGE RH (PERCENT)     73

WEATHER CONDITIONS. NUMBER OF DAYS WITH
THUNDERSTORM             31     MIXED PRECIP               0
HEAVY RAIN               23     RAIN                      21
LIGHT RAIN               36     FREEZING RAIN              0
LT FREEZING RAIN          0     HAIL                       0
HEAVY SNOW                0     SNOW                       0
LIGHT SNOW                0     SLEET                      0
FOG                      52     FOG W/VIS <= 1/4 MILE      6
HAZE                      8

-  INDICATES NEGATIVE NUMBERS.
R  INDICATES RECORD WAS SET OR TIED.
MM INDICATES DATA IS MISSING.
T  INDICATES TRACE AMOUNT.
&&

SEASONAL RECORDS FOR METEOROLOGICAL SUMMER 2016:
-2ND WETTEST SUMMER ON RECORD, 22.26 INCHES.

$$
