000
CXUS53 KEAX 032237
CLSSTJ

CLIMATE REPORT
NATIONAL WEATHER SERVICE KANSAS CITY/PLEASANT HILL MO
527 PM CDT WED JUN 3 2015

...................................

...THE ST. JOSEPH MO CLIMATE SUMMARY FOR THE SEASON, FROM
3/1/2015 TO 5/31/2015...

CLIMATE NORMAL PERIOD 1981 TO 2010
CLIMATE RECORD PERIOD 1892 TO 2015

WEATHER         OBSERVED          NORMAL  DEPART  LAST YEAR`S
                 VALUE   DATE(S)  VALUE   FROM    VALUE  DATE(S)
                                          NORMAL
................................................................
TEMPERATURE (F)
RECORD
 HIGH             103   05/30/1934
 LOW              -13   03/04/1978
HIGHEST            85   05/03        90      -5       92  05/07
                        04/07
                        03/16
LOWEST              3   03/05        14     -11       -7  03/03
AVG. MAXIMUM     66.8              65.2     1.6     65.4
AVG. MINIMUM     42.7              42.4     0.3     38.9
MEAN             54.7              53.8     0.9     52.1
DAYS MAX >= 90      0               2.0    -2.0        2
DAYS MAX <= 32      2               1.1     0.9        3
DAYS MIN <= 32     20              21.5    -1.5       30
DAYS MIN <= 0       0               0.0     0.0        1

PRECIPITATION (INCHES)
RECORD
 MAXIMUM        19.06   1944
 MINIMUM         2.67   1966
TOTALS          13.94             11.46    2.48     6.95
DAILY AVG.       0.15              0.12    0.03     0.07
DAYS >= .01        37              28.8     8.2       24
DAYS >= .10        24              18.2     5.8       12
DAYS >= .50        10               7.2     2.8        5
DAYS >= 1.00        4               2.6     1.4        3
GREATEST
 24 HR. TOTAL    1.90   MM

DEGREE_DAYS
HEATING TOTAL     976              1142    -166     1329
COOLING TOTAL      68               112     -44      161
.................................................................

WIND (MPH)
AVERAGE WIND SPEED              9.2
HIGHEST WIND SPEED/DIRECTION    31/220    DATE  05/17
HIGHEST GUST SPEED/DIRECTION    40/300    DATE  05/04

SKY COVER
POSSIBLE SUNSHINE (PERCENT)    0
AVERAGE SKY COVER           0.40
NUMBER OF DAYS FAIR           45
NUMBER OF DAYS PC             28
NUMBER OF DAYS CLOUDY         19

AVERAGE RH (PERCENT)     66

WEATHER CONDITIONS. NUMBER OF DAYS WITH
THUNDERSTORM              0     MIXED PRECIP               0
HEAVY RAIN               17     RAIN                      25
LIGHT RAIN               41     FREEZING RAIN              0
LT FREEZING RAIN          0     HAIL                       0
HEAVY SNOW                0     SNOW                       0
LIGHT SNOW                2     SLEET                      0
FOG                      50     FOG W/VIS <= 1/4 MILE      9
HAZE                     23

-  INDICATES NEGATIVE NUMBERS.
R  INDICATES RECORD WAS SET OR TIED.
MM INDICATES DATA IS MISSING.
T  INDICATES TRACE AMOUNT.

$$
