000
CXUS53 KLMK 011027
CLMBWG

CLIMATE REPORT
NATIONAL WEATHER SERVICE LOUISVILLE KY
608 AM EDT WED OCT 1 2014

...................................

...THE BOWLING GREEN CLIMATE SUMMARY FOR THE MONTH OF SEPTEMBER 2014...

CLIMATE NORMAL PERIOD 1981 TO 2010
CLIMATE RECORD PERIOD 1870 TO 2014

WEATHER         OBSERVED          NORMAL  DEPART  LAST YEAR`S
                 VALUE   DATE(S)  VALUE   FROM    VALUE  DATE(S)
                                          NORMAL
................................................................
TEMPERATURE (F)
RECORD
 HIGH             105   09/07/1925
 LOW               31   09/29/1888
HIGHEST            91   09/05        MM      MM       92  09/10
LOWEST             44   09/23        MM      MM       48  09/23
                                                          09/14
AVG. MAXIMUM     81.3              82.1    -0.8     81.9
AVG. MINIMUM     58.5              58.0     0.5     59.6
MEAN             69.9              70.1    -0.2     70.8
DAYS MAX >= 90      1               4.2    -3.2        2
DAYS MAX <= 32      0               0.0     0.0        0
DAYS MIN <= 32      0               0.0     0.0        0
DAYS MIN <= 0       0               0.0     0.0        0

PRECIPITATION (INCHES)
RECORD
 MAXIMUM        11.75   1979
 MINIMUM         0.04   1956
TOTALS           0.37              3.93   -3.56     5.09
DAILY AVG.       0.01              0.13   -0.12     0.17
DAYS >= .01         5               7.9    -2.9        6
DAYS >= .10         1               5.5    -4.5        6
DAYS >= .50         0               2.4    -2.4        5
DAYS >= 1.00        0               1.1    -1.1        1
GREATEST
 24 HR. TOTAL    1.07   08/31 TO 09/01

SNOWFALL (INCHES)
RECORDS
 TOTAL             MM   5
TOTALS            0.0               0.0     0.0      0.0
SINCE 7/1         0.0               0.0     0.0      0.0
SNOWDEPTH AVG.      0                MM      MM        0
DAYS >= 1.0         0               0.0     0.0        0
GREATEST
 SNOW DEPTH         0   MM                             0  MM
 24 HR TOTAL      0.0   09/30 TO 09/30

DEGREE_DAYS
HEATING TOTAL      24                35     -11       12
 SINCE 7/1         24                36     -12       12
COOLING TOTAL     179               186      -7      192
 SINCE 1/1       1456              1455       1     1452
.................................................................

WIND (MPH)
AVERAGE WIND SPEED              4.2
HIGHEST WIND SPEED/DIRECTION    23/180    DATE  09/10
HIGHEST GUST SPEED/DIRECTION    29/210    DATE  09/10

SKY COVER
POSSIBLE SUNSHINE (PERCENT)   MM
AVERAGE SKY COVER           0.30
NUMBER OF DAYS FAIR           22
NUMBER OF DAYS PC              4
NUMBER OF DAYS CLOUDY          4

AVERAGE RH (PERCENT)     72

WEATHER CONDITIONS. NUMBER OF DAYS WITH
THUNDERSTORM              0     MIXED PRECIP               0
HEAVY RAIN                2     RAIN                       0
LIGHT RAIN                6     FREEZING RAIN              0
LT FREEZING RAIN          0     HAIL                       0
HEAVY SNOW                0     SNOW                       0
LIGHT SNOW                0     SLEET                      0
FOG                      18     FOG W/VIS <= 1/4 MILE      5
HAZE                      3

-  INDICATES NEGATIVE NUMBERS.
R  INDICATES RECORD WAS SET OR TIED.
MM INDICATES DATA IS MISSING.
T  INDICATES TRACE AMOUNT.

$$
