000
CXUS53 KLMK 091848 CCA
CLMBWG

CLIMATE REPORT
NATIONAL WEATHER SERVICE LOUISVILLE KY
921 AM EDT MON AUG 1 2016

...................................

...THE BOWLING GREEN CLIMATE SUMMARY FOR THE MONTH OF JULY 2016...
...COR FOR THUNDERSTORM DAYS...

CLIMATE NORMAL PERIOD 1981 TO 2010
CLIMATE RECORD PERIOD 1870 TO 2016

WEATHER         OBSERVED          NORMAL  DEPART  LAST YEAR`S
                 VALUE   DATE(S)  VALUE   FROM    VALUE  DATE(S)
                                          NORMAL
................................................................
TEMPERATURE (F)
RECORD
 HIGH             113   07/28/1930
 LOW               46   07/23/1947
HIGHEST            94   07/26        MM      MM       95  07/14
                        07/25
                        07/21
LOWEST             65   07/01        MM      MM       65  07/25
AVG. MAXIMUM     90.5              89.4     1.1     89.2
AVG. MINIMUM     71.6              67.9     3.7     71.5
MEAN             81.1              78.7     2.4     80.3
DAYS MAX >= 90     21              14.9     6.1       15
DAYS MAX <= 32      0               0.0     0.0        0
DAYS MIN <= 32      0               0.0     0.0        0
DAYS MIN <= 0       0               0.0     0.0        0

PRECIPITATION (INCHES)
RECORD
 MAXIMUM        11.05   1938
 MINIMUM         0.17   1901
TOTALS          11.12R             4.10    7.02     6.17
DAILY AVG.       0.36              0.13    0.23     0.20
DAYS >= .01        15              10.0     5.0       17
DAYS >= .10        12               6.6     5.4       13
DAYS >= .50         8               2.9     5.1        4
DAYS >= 1.00        4               1.1     2.9        2
GREATEST
 24 HR. TOTAL    3.35   07/06 TO 07/07

SNOWFALL (INCHES)
RECORDS
 TOTAL            0.0   5
                        0
TOTALS            0.0               0.0     0.0      0.0
SINCE 7/1         0.0               0.0     0.0      0.0
SNOWDEPTH AVG.      0                MM      MM        0
DAYS >= 1.0         0               0.0     0.0        0
GREATEST
 SNOW DEPTH         0   MM                             0  MM
 24 HR TOTAL      0.0   07/31 TO 07/31

DEGREE_DAYS
HEATING TOTAL       0                 0       0        0
 SINCE 7/1          0                 0       0        0
COOLING TOTAL     508               423      85      482
 SINCE 1/1       1067               881     186     1064
.................................................................

WIND (MPH)
AVERAGE WIND SPEED              4.7
HIGHEST WIND SPEED/DIRECTION    37/280    DATE  07/06
HIGHEST GUST SPEED/DIRECTION    51/250    DATE  07/14

SKY COVER
POSSIBLE SUNSHINE (PERCENT)   MM
AVERAGE SKY COVER           0.30
NUMBER OF DAYS FAIR           21
NUMBER OF DAYS PC             10
NUMBER OF DAYS CLOUDY          0

AVERAGE RH (PERCENT)     74

WEATHER CONDITIONS. NUMBER OF DAYS WITH
THUNDERSTORM             17     MIXED PRECIP               0
HEAVY RAIN               12     RAIN                      12
LIGHT RAIN               18     FREEZING RAIN              0
LT FREEZING RAIN          0     HAIL                       0
HEAVY SNOW                0     SNOW                       0
LIGHT SNOW                0     SLEET                      0
FOG                      22     FOG W/VIS <= 1/4 MILE      2
HAZE                      3

-  INDICATES NEGATIVE NUMBERS.
R  INDICATES RECORD WAS SET OR TIED.
MM INDICATES DATA IS MISSING.
T  INDICATES TRACE AMOUNT.

$$
