000
CXUS53 KLMK 031340 CCA
CLMBWG

CLIMATE REPORT
NATIONAL WEATHER SERVICE LOUISVILLE KY
749 AM EDT SUN JUN 1 2014

...................................

...THE BOWLING GREEN CLIMATE SUMMARY FOR THE MONTH OF MAY 2014...
...COR FOR THUNDERSTORMS DAYS...

CLIMATE NORMAL PERIOD 1981 TO 2010
CLIMATE RECORD PERIOD 1870 TO 2014

WEATHER         OBSERVED          NORMAL  DEPART  LAST YEAR`S
                 VALUE   DATE(S)  VALUE   FROM    VALUE  DATE(S)
                                          NORMAL
................................................................
TEMPERATURE (F)
RECORD
 HIGH             100   05/28/1911
 LOW               31   05/02/1963
                        05/02/1909
HIGHEST            88   05/30        MM      MM       89  05/29
                        05/12                             05/28
LOWEST             42   05/03        MM      MM       40  05/13
                        05/02
AVG. MAXIMUM     79.5              77.8     1.7     78.6
AVG. MINIMUM     57.1              55.0     2.1     57.5
MEAN             68.3              66.4     1.9     68.0
DAYS MAX >= 90      0               0.6    -0.6        0
DAYS MAX <= 32      0               0.0     0.0        0
DAYS MIN <= 32      0               0.0     0.0        0
DAYS MIN <= 0       0               0.0     0.0        0

PRECIPITATION (INCHES)
RECORD
 MAXIMUM        13.27   1983
 MINIMUM         0.56   1926
TOTALS           3.11              5.61   -2.50     4.93
DAILY AVG.       0.10              0.18   -0.08     0.16
DAYS >= .01         5              11.8    -6.8       13
DAYS >= .10         4               8.3    -4.3        7
DAYS >= .50         2               3.5    -1.5        4
DAYS >= 1.00        2               1.6     0.4        2
GREATEST
 24 HR. TOTAL    1.62   05/14 TO 05/14

SNOWFALL (INCHES)
RECORDS
 TOTAL             MM   5
TOTALS            0.0               0.0     0.0      0.0
SINCE 7/1        10.4               9.1     1.3      3.8
SNOWDEPTH AVG.      0                MM      MM        0
DAYS >= 1.0         0               0.0     0.0        0
GREATEST
 SNOW DEPTH         0   MM                             0  MM
 24 HR TOTAL      0.0   05/31 TO 05/31

DEGREE_DAYS
HEATING TOTAL      76                74       2       57
 SINCE 7/1       4533              4043     490     3875
COOLING TOTAL     183               117      66      160
 SINCE 1/1        197               153      44      213
.................................................................

WIND (MPH)
AVERAGE WIND SPEED              6.3
HIGHEST WIND SPEED/DIRECTION    29/220    DATE  05/14
HIGHEST GUST SPEED/DIRECTION    36/220    DATE  05/14

SKY COVER
POSSIBLE SUNSHINE (PERCENT)   MM
AVERAGE SKY COVER           0.20
NUMBER OF DAYS FAIR           23
NUMBER OF DAYS PC              7
NUMBER OF DAYS CLOUDY          1

AVERAGE RH (PERCENT)     66

WEATHER CONDITIONS. NUMBER OF DAYS WITH
THUNDERSTORM              8     MIXED PRECIP               0
HEAVY RAIN                4     RAIN                       3
LIGHT RAIN               10     FREEZING RAIN              0
LT FREEZING RAIN          0     HAIL                       0
HEAVY SNOW                0     SNOW                       0
LIGHT SNOW                0     SLEET                      0
FOG                      11     FOG W/VIS <= 1/4 MILE      1
HAZE                      1

-  INDICATES NEGATIVE NUMBERS.
R  INDICATES RECORD WAS SET OR TIED.
MM INDICATES DATA IS MISSING.
T  INDICATES TRACE AMOUNT.

$$
