000
CXUS53 KLMK 011125
CLMBWG


CLIMATE REPORT
NATIONAL WEATHER SERVICE LOUISVILLE KY
625 AM EST SUN FEB 1 2015

...................................

...THE BOWLING GREEN CLIMATE SUMMARY FOR THE MONTH OF JANUARY 2015...

CLIMATE NORMAL PERIOD 1981 TO 2010
CLIMATE RECORD PERIOD 1870 TO 2015

WEATHER         OBSERVED          NORMAL  DEPART  LAST YEAR`S
                 VALUE   DATE(S)  VALUE   FROM    VALUE  DATE(S)
                                          NORMAL
................................................................
TEMPERATURE (F)
RECORD
 HIGH              78   01/24/1943
 LOW              -26   01/12/1886
HIGHEST            63   01/03        MM      MM       60  01/26
LOWEST              2   01/08        MM      MM        0  01/07
                                                          01/06
AVG. MAXIMUM     44.2              45.0    -0.8     40.7
AVG. MINIMUM     25.1              26.4    -1.3     18.1
MEAN             34.6              35.7    -1.1     29.4
DAYS MAX >= 90      0               0.0     0.0        0
DAYS MAX <= 32      6               4.5     1.5        8
DAYS MIN <= 32     26              21.6     4.4       27
DAYS MIN <= 0       0               0.5    -0.5        2

PRECIPITATION (INCHES)
RECORD
 MAXIMUM        20.70   1937
 MINIMUM         0.72   1893
TOTALS           1.88              3.61   -1.73     1.75
DAILY AVG.       0.06              0.12   -0.06     0.06
DAYS >= .01        13              10.4     2.6        9
DAYS >= .10         5               6.4    -1.4        4
DAYS >= .50         1               2.5    -1.5        1
DAYS >= 1.00        0               0.9    -0.9        0
GREATEST
 24 HR. TOTAL    0.57   01/11 TO 01/12

SNOWFALL (INCHES)
RECORDS
 TOTAL           21.5   5
                        0
TOTALS            3.4               3.3     0.1      2.1
SINCE 7/1         3.7               4.5    -0.8      3.3
SNOWDEPTH AVG.      0                MM      MM        0
DAYS >= 1.0         2               1.2     0.8        0
GREATEST
 SNOW DEPTH         2   01/24                          1  01/22
 24 HR TOTAL      1.7   MM

DEGREE_DAYS
HEATING TOTAL     932               908      24     1096
 SINCE 7/1       2545              2492      53     2783
COOLING TOTAL       0                 0       0        0
 SINCE 1/1          0                 0       0        0
.................................................................

WIND (MPH)
AVERAGE WIND SPEED              6.0
HIGHEST WIND SPEED/DIRECTION    25/260    DATE  01/04
HIGHEST GUST SPEED/DIRECTION    36/260    DATE  01/04

SKY COVER
POSSIBLE SUNSHINE (PERCENT)   MM
AVERAGE SKY COVER           0.50
NUMBER OF DAYS FAIR           14
NUMBER OF DAYS PC              5
NUMBER OF DAYS CLOUDY         12

AVERAGE RH (PERCENT)     65

WEATHER CONDITIONS. NUMBER OF DAYS WITH
THUNDERSTORM              0     MIXED PRECIP               0
HEAVY RAIN                2     RAIN                       4
LIGHT RAIN               10     FREEZING RAIN              0
LT FREEZING RAIN          1     HAIL                       0
HEAVY SNOW                0     SNOW                       2
LIGHT SNOW                7     SLEET                      0
FOG                      15     FOG W/VIS <= 1/4 MILE      0
HAZE                     11

-  INDICATES NEGATIVE NUMBERS.
R  INDICATES RECORD WAS SET OR TIED.
MM INDICATES DATA IS MISSING.
T  INDICATES TRACE AMOUNT.

$$
