000
CXUS53 KLMK 011625
CLMBWG
CLIMATE REPORT
NATIONAL WEATHER SERVICE LOUISVILLE KY
1125 AM EST THU FEB 01 2024
...................................
...THE BOWLING GREEN KY CLIMATE SUMMARY FOR THE MONTH OF JANUARY 2024...
CLIMATE NORMAL PERIOD 1991 TO 2020
CLIMATE RECORD PERIOD 1870 TO 2024
WEATHER OBSERVED NORMAL DEPART LAST YEAR`S
VALUE DATE(S) VALUE FROM VALUE DATE(S)
NORMAL
................................................................
TEMPERATURE (F)
RECORD
HIGH 78 01/24/1943
LOW -26 01/12/1886
HIGHEST 62 01/24 MM MM 73 01/02
01/25
LOWEST 1 01/21 MM MM 24 01/21
01/24
01/27
AVG. MAXIMUM 42.6 46.2 -3.6 54.2
AVG. MINIMUM 27.2 28.3 -1.1 35.6
MEAN 34.9 37.2 -2.3 44.9
DAYS MAX >= 90 0 0.0 0.0 0
DAYS MAX <= 32 7 4.8 2.2 0
DAYS MIN <= 32 18 21.3 -3.3 13
DAYS MIN <= 0 0 0.3 -0.3 0
PRECIPITATION (INCHES)
RECORD
MAXIMUM 20.70 1937
MINIMUM 0.72 1893
TOTALS 5.80 3.64 2.16 4.82
DAILY AVG. 0.19 0.12 0.07 0.16
DAYS >= .01 15 11.3 3.7 16
DAYS >= .10 8 6.8 1.2 10
DAYS >= .50 5 2.4 2.6 3
DAYS >= 1.00 1 0.9 0.1 1
GREATEST
24 HR. TOTAL 1.60 01/24 TO 01/24
SNOWFALL (INCHES)
RECORDS
TOTAL 21.5 5
TOTALS 4.6 3.2 1.4 T
SINCE 7/1 4.6 4.1 0.5 MM
SNOWDEPTH AVG. 1 0
DAYS >= 1.0 2 1.0 1.0 0
GREATEST
SNOW DEPTH 3 01/15 0 MM
01/16
01/17
DEGREE DAYS
HEATING TOTAL 924 860 64 616
SINCE 7/1 2168 2348 -180 MM
COOLING TOTAL 0 0 0 0
SINCE 1/1 0 0 0 MM
................................................................
WIND (MPH)
AVERAGE WIND SPEED 6.5
HIGHEST WIND SPEED/DIRECTION 31/230 DATE 01/09
31/230 01/12
HIGHEST GUST SPEED/DIRECTION 52/220 DATE 01/12
SKY COVER
POSSIBLE SUNSHINE (PERCENT) MM
AVERAGE SKY COVER 0.63
NUMBER OF DAYS FAIR 9
NUMBER OF DAYS PC 8
NUMBER OF DAYS CLOUDY 14
AVERAGE RH (PERCENT) 71
WEATHER CONDITIONS. NUMBER OF DAYS WITH
THUNDERSTORM 1 MIXED PRECIP 0
HEAVY RAIN 5 RAIN 7
LIGHT RAIN 12 FREEZING RAIN 0
LT FREEZING RAIN 1 HAIL 0
HEAVY SNOW 0 SNOW 0
LIGHT SNOW 6 SLEET 0
FOG 16 FOG W/VIS <= 1/4 MILE 1
HAZE 6
- INDICATES NEGATIVE NUMBERS.
R INDICATES RECORD WAS SET OR TIED.
MM INDICATES DATA IS MISSING.
T INDICATES TRACE AMOUNT.
$$