000
CXUS54 KFWD 251720
CF60F2
PRELIMINARY LOCAL CLIMATOLOGICAL DATA (WS FORM: F-6)
STATION: BOWIE
MONTH: MARCH
YEAR: 2021
LATITUDE: 33 36 N
LONGITUDE: 97 47 W
TEMPERATURE IN F: :PCPN: SNOW: WIND :SUNSHINE: SKY :PK WND
================================================================================
1 2 3 4 5 6A 6B 7 8 9 10 11 12 13 14 15 16 17 18
12Z AVG MX 2MIN
DY MAX MIN AVG DEP HDD CDD WTR SNW DPTH SPD SPD DIR MIN PSBL S-S WX SPD DR
================================================================================
1 60 42 51 2 14 0 M M M 7.7 15 10 M M 6 23 10
2 62 31 47 -2 18 0 0.00 M M 1.7 6 210 M M 1 M M
3 70 33 52 3 13 0 0.00 M M 5.8 13 190 M M 0 20 170
4 74 42 58 8 7 0 0.00 M M 9.3 17 160 M M 0 25 160
5 63 45 54 4 11 0 T M M 8.5 18 360 M M 4 28 360
6 65 36 51 1 14 0 0.00 M M 2.6 8 110 M M 0 16 120
7 66 35 51 1 14 0 0.00 M M 6.1 14 180 M M 0 24 180
8 70 38 54 3 11 0 0.00 M M 9.3 20 180 M M 0 24 170
9 73 52 63 12 2 0 0.00 M M 14.8 23 180 M M 4 35 190
10 78 61 70 19 0 5 0.00 M M 16.3 24 180 M M 5 32 170
11 80 66 73 21 0 8 0.00 M M 10.3 17 170 M M 7 25 180
12 75 65 70 18 0 5 0.00 M M 8.7 12 170 M M 9 21 160
13 72 64 68 16 0 3 0.04 M M 11.4 17 140 M M 9 1 32 150
14 71 51 61 9 4 0 0.14 M M 7.9 16 210 M M 5 23 250
15 73 47 60 7 5 0 0.00 M M 7.6 15 260 M M 0 25 270
16 79 47 63 10 2 0 M M M 8.1 17 170 M M 1 25 170
17 70 42 56 3 9 0 0.01 M M 16.9 25 300 M M 6 39 320
18 58 38 48 -6 17 0 0.00 M M 13.9 21 340 M M 3 29 360
19 64 34 49 -5 16 0 0.00 M M 6.0 13 360 M M 0 22 50
20 69 37 53 -1 12 0 0.00 M M 3.8 10 130 M M 0 M M
21 69 44 57 3 8 0 0.00 M M 11.0 16 140 M M 0 26 150
22 58 54 56 1 9 0 0.73 M M 11.7 20 140 M M 7 13 30 140
23 69 44 57 2 8 0 0.03 M M 10.9 21 270 M M 0 33 250
24 70 46 58 3 7 0 0.24 M M 6.9 17 360 M M 3 24 340
25 63 44 54 -2 11 0 0.23 M M 6.2 13 280 M M 6 21 270
26 77 44 61 5 4 0 0.00 M M 9.5 16 160 M M 0 24 160
27 76 50 63 7 2 0 0.00 M M 7.6 16 350 M M 3 26 350
28 71 42 57 1 8 0 0.00 M M 5.3 14 360 M M 0 22 360
29 78 44 61 4 4 0 0.00 M M 11.1 20 190 M M 0 30 190
30 77 54 66 9 0 1 0.00 M M 10.3 16 350 M M 1 25 210
31 66 40 53 -4 12 0 0.00 M M 10.4 17 40 M M 4 25 40
================================================================================
SM 2166 1412 242 22 1.42 M 277.5 M 84
================================================================================
AV 69.9 45.5 9.0 FASTST M M 3 MAX(MPH)
MISC ----> 25 300 39 320
================================================================================
NOTES:
# LAST OF SEVERAL OCCURRENCES
COLUMN 17 PEAK WIND IN M.P.H.
PRELIMINARY LOCAL CLIMATOLOGICAL DATA (WS FORM: F-6) , PAGE 2
STATION: BOWIE
MONTH: MARCH
YEAR: 2021
LATITUDE: 33 36 N
LONGITUDE: 97 47 W
[TEMPERATURE DATA] [PRECIPITATION DATA] SYMBOLS USED IN COLUMN 16
AVERAGE MONTHLY: 57.7 TOTAL FOR MONTH: 1.42 1 = FOG OR MIST
DPTR FM NORMAL: 4.7 DPTR FM NORMAL: -1.66 2 = FOG REDUCING VISIBILITY
HIGHEST: 80 ON 11 GRTST 24HR 0.73 ON 22-22 TO 1/4 MILE OR LESS
LOWEST: 31 ON 2 3 = THUNDER
SNOW, ICE PELLETS, HAIL 4 = ICE PELLETS
TOTAL MONTH: M 5 = HAIL
GRTST 24HR M ON M 6 = FREEZING RAIN OR DRIZZLE
GRTST DEPTH: M ON M 7 = DUSTSTORM OR SANDSTORM:
VSBY 1/2 MILE OR LESS
8 = SMOKE OR HAZE
[NO. OF DAYS WITH] [WEATHER - DAYS WITH] 9 = BLOWING SNOW
X = TORNADO
MAX 32 OR BELOW: 0 0.01 INCH OR MORE: 7
MAX 90 OR ABOVE: 0 0.10 INCH OR MORE: 4
MIN 32 OR BELOW: 1 0.50 INCH OR MORE: 1
MIN 0 OR BELOW: 0 1.00 INCH OR MORE: 0
[HDD (BASE 65) ]
TOTAL THIS MO. 242 CLEAR (SCALE 0-3) 17
DPTR FM NORMAL -142 PTCLDY (SCALE 4-7) 12
TOTAL FM JUL 1 2449 CLOUDY (SCALE 8-10) 2
DPTR FM NORMAL -443
[CDD (BASE 65) ]
TOTAL THIS MO. 22
DPTR FM NORMAL 9 [PRESSURE DATA]
TOTAL FM JAN 1 22 HIGHEST SLP M ON M
DPTR FM NORMAL 7 LOWEST SLP M ON M
[REMARKS]
#FINAL-03-21#