000
CXUS54 KHGX 021159
CF611R
PRELIMINARY LOCAL CLIMATOLOGICAL DATA (WS FORM: F-6)
STATION: BRENHAM
MONTH: FEBRUARY
YEAR: 2023
LATITUDE: 30 13 N
LONGITUDE: 96 22 W
TEMPERATURE IN F: :PCPN: SNOW: WIND :SUNSHINE: SKY :PK WND
================================================================================
1 2 3 4 5 6A 6B 7 8 9 10 11 12 13 14 15 16 17 18
12Z AVG MX 2MIN
DY MAX MIN AVG DEP HDD CDD WTR SNW DPTH SPD SPD DIR MIN PSBL S-S WX SPD DR
================================================================================
1 36 33 35 M 30 0 0.09 0.0 0 10.4 17 340 M M 10 1 23 340
2 40 36 38 M 27 0 0.21 0.0 0 10.9 16 330 M M 10 1 24 340
3 55 37 46 M 19 0 0.00 0.0 0 6.9 17 330 M M 6 12 22 330
4 65 32 49 M 16 0 0.00 0.0 0 3.1 10 190 M M 4 12 18 180
5 75 40 58 M 7 0 M M 0 3.1 10 220 M M 5 12 M M
6 76 56 66 M 0 1 0.00 0.0 0 8.6 18 190 M M 6 1 29 180
7 74 63 69 M 0 4 0.07 0.0 0 7.0 12 140 M M 10 21 130
8 70 43 57 M 8 0 0.20 0.0 0 7.1 15 160 M M 7 1 24 300
9 72 37 55 M 10 0 0.00 0.0 0 2.6 10 210 M M 2 12 M M
10 56 38 47 M 18 0 0.00 0.0 0 13.0 24 340 M M 2 35 340
11 55 35 45 M 20 0 0.00 0.0 0 7.1 18 350 M M 1 22 330
12 66 34 50 M 15 0 0.00 0.0 0 1.4 9 210 M M 0 M M
13 73 42 58 M 7 0 0.00 0.0 0 4.1 10 180 M M 1 1 18 190
14 81 55 68 M 0 3 0.07 0.0 0 9.1 21 240 M M 5 1 24 160
15 81 59 70 M 0 5 M 0.0 M 7.9 21 180 M M 8 1 28 180
16 73 42 58 M 7 0 0.05 0.0 0 19.1 30 340 M M 9 36 340
17 54 34 44 M 21 0 0.00 0.0 0 10.2 17 10 M M 0 28 10
18 57 31 44 M 21 0 0.00 0.0 0 2.3 9 150 M M 0 M M
19 75 42 59 M 6 0 0.00 0.0 0 3.0 10 200 M M 1 M M
20 81 63 72 M 0 7 0.00 0.0 0 9.1 21 220 M M 7 1 27 200
21 83 65 74 M 0 9 0.00 0.0 0 10.9 21 180 M M 7 31 180
22 87 71 79 M 0 14 M 0.0 0 10.7 18 190 M M 6 1 29 180
23 82 63 73 M 0 8 0.00 0.0 0 5.6 10 10 M M 9 1 18 10
24 70 56 63 M 2 0 0.00 0.0 0 6.7 10 350 M M 10 16 340
25 74 54 64 M 1 0 0.00 0.0 0 4.1 9 350 M M 8 M M
26 83 63 73 M 0 8 0.01 0.0 0 9.0 20 190 M M 8 1 27 190
27 82 52 67 M 0 2 0.00 0.0 0 6.2 16 190 M M 4 8 29 190
28 85 51 68 M 0 3 0.00 0.0 0 4.5 9 170 M M 4 1 17 150
================================================================================
SM 1961 1327 235 64 0.70 0.0 203.7 M 150
================================================================================
AV 70.0 47.4 7.3 FASTST M M 5 MAX(MPH)
MISC ----> 30 340 36 340
================================================================================
NOTES:
# LAST OF SEVERAL OCCURRENCES
COLUMN 17 PEAK WIND IN M.P.H.
PRELIMINARY LOCAL CLIMATOLOGICAL DATA (WS FORM: F-6) , PAGE 2
STATION: BRENHAM
MONTH: FEBRUARY
YEAR: 2023
LATITUDE: 30 13 N
LONGITUDE: 96 22 W
[TEMPERATURE DATA] [PRECIPITATION DATA] SYMBOLS USED IN COLUMN 16
AVERAGE MONTHLY: 58.7 TOTAL FOR MONTH: 0.70 1 = FOG OR MIST
DPTR FM NORMAL: 6.3 DPTR FM NORMAL: -2.32 2 = FOG REDUCING VISIBILITY
HIGHEST: 87 ON 22 GRTST 24HR 0.21 ON 2- 2 TO 1/4 MILE OR LESS
LOWEST: 31 ON 18 3 = THUNDER
SNOW, ICE PELLETS, HAIL 4 = ICE PELLETS
TOTAL MONTH: 0.0 INCH 5 = HAIL
GRTST 24HR 0.0 6 = FREEZING RAIN OR DRIZZLE
GRTST DEPTH: 0 7 = DUSTSTORM OR SANDSTORM:
VSBY 1/2 MILE OR LESS
8 = SMOKE OR HAZE
[NO. OF DAYS WITH] [WEATHER - DAYS WITH] 9 = BLOWING SNOW
X = TORNADO
MAX 32 OR BELOW: 0 0.01 INCH OR MORE: 7
MAX 90 OR ABOVE: 0 0.10 INCH OR MORE: 2
MIN 32 OR BELOW: 2 0.50 INCH OR MORE: 0
MIN 0 OR BELOW: 0 1.00 INCH OR MORE: 0
[HDD (BASE 65) ]
TOTAL THIS MO. 235 CLEAR (SCALE 0-3) 8
DPTR FM NORMAL M PTCLDY (SCALE 4-7) 13
TOTAL FM JUL 1 1112 CLOUDY (SCALE 8-10) 7
DPTR FM NORMAL M
[CDD (BASE 65) ]
TOTAL THIS MO. 64
DPTR FM NORMAL M [PRESSURE DATA]
TOTAL FM JAN 1 100 HIGHEST SLP M ON M
DPTR FM NORMAL M LOWEST SLP M ON M
[REMARKS]
#FINAL-02-23#