000
CXUS53 KUNR 071513
CF62WX
PRELIMINARY LOCAL CLIMATOLOGICAL DATA (WS FORM: F-6)
STATION: BUFFALO SD
MONTH: JUNE
YEAR: 2022
LATITUDE: 45 35 N
LONGITUDE: 103 33 W
TEMPERATURE IN F: :PCPN: SNOW: WIND :SUNSHINE: SKY :PK WND
================================================================================
1 2 3 4 5 6A 6B 7 8 9 10 11 12 13 14 15 16 17 18
12Z AVG MX 2MIN
DY MAX MIN AVG DEP HDD CDD WTR SNW DPTH SPD SPD DIR MIN PSBL S-S WX SPD DR
================================================================================
1 68 39 54 -6 11 0 0.00 M M 9.1 20 290 M M M 26 280
2 70 43 57 -3 8 0 0.00 M M 13.2 26 310 M M M 36 310
3 73 39 56 -4 9 0 0.00 M M 8.7 20 130 M M M 29 120
4 69 52 61 0 4 0 0.41 M M 12.1 24 110 M M M 31 100
5 69 53 61 0 4 0 0.41 M M 10.2 20 60 M M M 27 120
6 55 49 52 -9 13 0 0.22 M M 11.7 24 70 M M M 30 80
7 66 48 57 -5 8 0 0.34 M M 8.6 30 340 M M M 39 330
8 68 45 57 -5 8 0 0.00 M M 8.2 21 300 M M M 26 290
9 75 54 65 3 0 0 0.05 M M 7.3 39 10 M M M 46 20
10 84 54 69 7 0 4 0.00 M M 9.0 22 210 M M M 27 200
11 80 61 71 8 0 6 0.38 M M 9.6 36 350 M M M 47 350
12 77 52 65 2 0 0 0.79 M M 10.0 56 300 M M M 78 290
13 75 54 65 1 0 0 0.36 M M 9.0 28 330 M M M 38 320
14 67 47 57 -7 8 0 0.02 M M 14.8 43 280 M M M 54 280
15 70 42 56 -8 9 0 0.00 M M 23.1 56 270 M M M 68 280
16 79 52 66 2 0 1 0.00 M M 12.5 25 280 M M M 31 280
17 89 56 73 8 0 8 0.00 M M 23.4 47 160 M M M 65 160
18 93 69 81 16 0 16 0.00 M M 11.5 29 150 M M M 39 160
19 87 62 75 10 0 10 0.28 M M 11.3 33 270 M M M 42 270
20 72 51 62 -4 3 0 0.98 M M 12.7 38 300 M M M 50 290
21 73 50 62 -4 3 0 0.00 M M 18.4 38 290 M M M 50 290
22 82 50 66 0 0 1 0.00 M M 8.3 20 180 M M M 27 180
23 88 58 73 6 0 8 0.00 M M 5.0 13 130 M M M 16 120
24 78 53 66 -1 0 1 0.02 M M 13.5 30 350 M M M 39 350
25 69 48 59 -8 6 0 0.02 M M 23.9 40 290 M M M 52 300
26 76 44 60 -8 5 0 0.00 M M 7.1 18 300 M M M 25 330
27 82 50 66 -2 0 1 0.00 M M 8.3 23 320 M M M 28 310
28 87 51 69 1 0 4 0.00 M M 9.5 18 160 M M M 25 140
29 95 61 78 9 0 13 0.00 M M 10.0 26 220 M M M 42 280
30 80 56 68 -1 0 3 0.00 M M 11.6 26 320 M M M 34 330
================================================================================
SM 2296 1543 99 76 4.28 M 351.6 M M
================================================================================
AV 76.5 51.4 11.7 FASTST M M M MAX(MPH)
MISC ----> # 56 270 78 290
================================================================================
NOTES:
# LAST OF SEVERAL OCCURRENCES
COLUMN 17 PEAK WIND IN M.P.H.
PRELIMINARY LOCAL CLIMATOLOGICAL DATA (WS FORM: F-6) , PAGE 2
STATION: BUFFALO SD
MONTH: JUNE
YEAR: 2022
LATITUDE: 45 35 N
LONGITUDE: 103 33 W
[TEMPERATURE DATA] [PRECIPITATION DATA] SYMBOLS USED IN COLUMN 16
AVERAGE MONTHLY: 64.0 TOTAL FOR MONTH: 4.28 1 = FOG OR MIST
DPTR FM NORMAL: -0.3 DPTR FM NORMAL: 2.17 2 = FOG REDUCING VISIBILITY
HIGHEST: 95 ON 29 GRTST 24HR 1.26 ON 19-20 TO 1/4 MILE OR LESS
LOWEST: 39 ON 3, 1 3 = THUNDER
SNOW, ICE PELLETS, HAIL 4 = ICE PELLETS
TOTAL MONTH: M 5 = HAIL
GRTST 24HR M ON M 6 = FREEZING RAIN OR DRIZZLE
GRTST DEPTH: M ON M 7 = DUSTSTORM OR SANDSTORM:
VSBY 1/2 MILE OR LESS
8 = SMOKE OR HAZE
[NO. OF DAYS WITH] [WEATHER - DAYS WITH] 9 = BLOWING SNOW
X = TORNADO
MAX 32 OR BELOW: 0 0.01 INCH OR MORE: 13
MAX 90 OR ABOVE: 2 0.10 INCH OR MORE: 9
MIN 32 OR BELOW: 0 0.50 INCH OR MORE: 2
MIN 0 OR BELOW: 0 1.00 INCH OR MORE: 0
[HDD (BASE 65) ]
TOTAL THIS MO. 99 CLEAR (SCALE 0-3) 0
DPTR FM NORMAL 2 PTCLDY (SCALE 4-7) 0
TOTAL FM JUL 1 7226 CLOUDY (SCALE 8-10) 30
DPTR FM NORMAL -442
[CDD (BASE 65) ]
TOTAL THIS MO. 76
DPTR FM NORMAL 0 [PRESSURE DATA]
TOTAL FM JAN 1 78 HIGHEST SLP 30.39 ON 26
DPTR FM NORMAL -8 LOWEST SLP 29.47 ON 13
[REMARKS]
#FINAL-06-22#