000
CXUS55 KBOU 011000
CF633V
PRELIMINARY LOCAL CLIMATOLOGICAL DATA (WS FORM: F-6)
STATION: WALDEN
MONTH: FEBRUARY
YEAR: 2022
LATITUDE: 40 45 N
LONGITUDE: 106 16 W
TEMPERATURE IN F: :PCPN: SNOW: WIND :SUNSHINE: SKY :PK WND
================================================================================
1 2 3 4 5 6A 6B 7 8 9 10 11 12 13 14 15 16 17 18
12Z AVG MX 2MIN
DY MAX MIN AVG DEP HDD CDD WTR SNW DPTH SPD SPD DIR MIN PSBL S-S WX SPD DR
================================================================================
1 18 0 9 M 56 0 M M M 7.0 17 360 M M 7 M M
2 3 -17 -7 M 72 0 M M M 4.4 10 340 M M 3 M M
3 -2 -26 -14 M 79 0 M M M 2.5 7 140 M M 2 M M
4 18 -20 -1 M 66 0 M M M 4.2 9 160 M M 0 29 200
5 30 10 20 M 45 0 M M M 9.7 23 270 M M 4 39 270
6 21 1 11 M 54 0 M M M 5.4 13 350 M M 4 M M
7 19 -6 7 M 58 0 M M M 3.8 12 170 M M 0 M M
8 32 18 25 M 40 0 M M M 7.8 16 240 M M 0 17 130
9 34 19 27 M 38 0 M M M 6.8 14 220 M M 8 16 200
10 34 14 24 M 41 0 M M M 10.1 20 220 M M 2 25 220
11 32 9 21 M 44 0 M M M 11.6 21 350 M M 6 25 270
12 23 -4 10 M 55 0 M M M 4.8 9 130 M M 1 M M
13 34 3 19 M 46 0 M M M 7.9 15 240 M M 0 16 170
14 37 12 25 M 40 0 M M M 9.6 17 220 M M 0 25 220
15 41 18 30 M 35 0 M M M 7.1 12 240 M M 1 17 170
16 30 14 22 M 43 0 M M M 11.8 25 350 M M 8 29 350
17 21 -8 7 M 58 0 M M M 8.7 16 210 M M 3 22 190
18 30 14 22 M 43 0 M M M 12.0 18 220 M M 4 23 210
19 34 14 24 M 41 0 M M M 17.2 30 220 M M 0 36 220
20 37 18 28 M 37 0 M M M 12.1 24 230 M M 0 31 230
21 34 3 19 M 46 0 M M M 13.5 24 340 M M 6 32 210
22 5 -15 -5 M 70 0 M M M 6.5 20 330 M M 8 23 330
23 14 0 7 M 58 0 M M M 4.7 25 10 M M 9 M M
24 14 -4 5 M 60 0 M M M 11.0 20 220 M M 5 29 360
25 18 -6 6 M 59 0 M M M 5.3 13 250 M M 2 M M
26 18 -17 1 M 64 0 M M M 5.0 10 150 M M 0 M M
27 21 -13 4 M 61 0 M M M 4.3 12 140 M M 0 M M
28 36 3 20 M 45 0 M M M 7.1 13 130 M M 1 21 200
================================================================================
SM 686 34 1454 0 M M 221.9 M 84
================================================================================
AV 24.5 1.2 7.9 FASTST M M 3 MAX(MPH)
MISC ----> 30 220 39 270
================================================================================
NOTES:
# LAST OF SEVERAL OCCURRENCES
COLUMN 17 PEAK WIND IN M.P.H.
PRELIMINARY LOCAL CLIMATOLOGICAL DATA (WS FORM: F-6) , PAGE 2
STATION: WALDEN
MONTH: FEBRUARY
YEAR: 2022
LATITUDE: 40 45 N
LONGITUDE: 106 16 W
[TEMPERATURE DATA] [PRECIPITATION DATA] SYMBOLS USED IN COLUMN 16
AVERAGE MONTHLY: 12.9 TOTAL FOR MONTH: M 1 = FOG OR MIST
DPTR FM NORMAL: 0.0 DPTR FM NORMAL: M 2 = FOG REDUCING VISIBILITY
HIGHEST: 41 ON 15 GRTST 24HR M ON M TO 1/4 MILE OR LESS
LOWEST: -26 ON 3 3 = THUNDER
SNOW, ICE PELLETS, HAIL 4 = ICE PELLETS
TOTAL MONTH: M 5 = HAIL
GRTST 24HR M ON M 6 = FREEZING RAIN OR DRIZZLE
GRTST DEPTH: M ON M 7 = DUSTSTORM OR SANDSTORM:
VSBY 1/2 MILE OR LESS
8 = SMOKE OR HAZE
[NO. OF DAYS WITH] [WEATHER - DAYS WITH] 9 = BLOWING SNOW
X = TORNADO
MAX 32 OR BELOW: 19 0.01 INCH OR MORE: 0
MAX 90 OR ABOVE: 0 0.10 INCH OR MORE: 0
MIN 32 OR BELOW: 28 0.50 INCH OR MORE: 0
MIN 0 OR BELOW: 13 1.00 INCH OR MORE: 0
[HDD (BASE 65) ]
TOTAL THIS MO. 1454 CLEAR (SCALE 0-3) 16
DPTR FM NORMAL M PTCLDY (SCALE 4-7) 11
TOTAL FM JUL 1 6634 CLOUDY (SCALE 8-10) 1
DPTR FM NORMAL M
[CDD (BASE 65) ]
TOTAL THIS MO. 0
DPTR FM NORMAL M [PRESSURE DATA]
TOTAL FM JAN 1 0 HIGHEST SLP M ON M
DPTR FM NORMAL M LOWEST SLP M ON M
[REMARKS]
#FINAL-02-22#