000
CXUS54 KMAF 011823
CF66R6
PRELIMINARY LOCAL CLIMATOLOGICAL DATA (WS FORM: F-6)
STATION: TERRELL COUNTY AIRPORT
MONTH: MAY
YEAR: 2021
LATITUDE: 30 2 N
LONGITUDE: 102 13 W
TEMPERATURE IN F: :PCPN: SNOW: WIND :SUNSHINE: SKY :PK WND
================================================================================
1 2 3 4 5 6A 6B 7 8 9 10 11 12 13 14 15 16 17 18
12Z AVG MX 2MIN
DY MAX MIN AVG DEP HDD CDD WTR SNW DPTH SPD SPD DIR MIN PSBL S-S WX SPD DR
================================================================================
1 71 55 63 -11 2 0 0.00 M M 5.9 15 230 M M 0 18 230
2 99 50 75 1 0 10 0.00 M M 10.2 28 240 M M 0 37 240
3 96 60 78 4 0 13 0.00 M M 9.9 28 360 M M 0 36 360
4 81 58 70 -4 0 5 0.00 M M 15.1 29 350 M M 0 38 350
5 86 55 71 -4 0 6 0.00 M M 9.2 18 100 M M 0 24 110
6 89 59 74 -1 0 9 0.00 M M 11.6 22 110 M M 0 29 100
7 91 63 77 2 0 12 0.00 M M 13.7 28 110 M M 0 36 120
8 96 65 81 5 0 16 0.00 M M 10.4 23 130 M M 0 29 120
9 99 65 82 6 0 17 0.00 M M 9.6 23 240 M M 0 29 240
10 95 68 82 6 0 17 0.00 M M 10.5 29 70 M M 0 37 80
11 91 54 73 -3 0 8 1.77 M M 8.8 29 280 M M 0 37 290
12 70 55 63 -14 2 0 0.01 M M 4.8 14 360 M M 0 17 360
13 80 58 69 -8 0 4 0.00 M M 10.5 18 120 M M 0 24 110
14 83 61 72 -5 0 7 0.00 M M 8.2 28 120 M M 0 36 120
15 89 57 73 -4 0 8 1.10 M M 12.7 35 20 M M 0 59 20
16 87 63 75 -3 0 10 0.01 M M 12.0 22 90 M M 0 28 90
17 90 64 77 -1 0 12 0.00 M M 10.7 23 100 M M 0 29 100
18 80 66 73 -5 0 8 M M M 11.3 21 30 M M 0 28 90
19 82 64 73 -5 0 8 0.00 M M 10.4 21 50 M M 0 25 100
20 88 59 74 -5 0 9 0.00 M M 9.7 21 100 M M 0 28 100
21 88 64 76 -3 0 11 M M M 13.4 20 100 M M 0 32 100
22 89 69 79 0 0 14 M M M 13.8 18 110 M M 0 30 110
23 89 64 77 -2 0 12 0.00 M M 15.5 25 100 M M 0 33 100
24 88 70 79 -1 0 14 0.07 M M 11.3 23 100 M M 0 28 100
25 91 71 81 1 0 16 0.00 M M 8.5 17 100 M M 0 25 110
26 91 74 83 3 0 18 0.00 M M 14.2 25 120 M M 0 32 100
27 92 68 80 0 0 15 0.15 M M 10.2 51 350 M M 0 68 350
28 86 71 79 -1 0 14 0.00 M M 8.2 22 100 M M 0 27 100
29 86 62 74 -7 0 9 0.06 M M 10.4 33 10 M M 0 44 30
30 80 68 74 -7 0 9 0.10 M M 13.2 21 110 M M 0 29 90
31 78 66 72 -9 0 7 0.19 M M 13.4 17 110 M M 0 33 20
================================================================================
SM 2701 1946 4 318 3.46 M 337.3 M 0
================================================================================
AV 87.1 62.8 10.9 FASTST M M 0 MAX(MPH)
MISC ----> 51 350 68 350
================================================================================
NOTES:
# LAST OF SEVERAL OCCURRENCES
COLUMN 17 PEAK WIND IN M.P.H.
PRELIMINARY LOCAL CLIMATOLOGICAL DATA (WS FORM: F-6) , PAGE 2
STATION: TERRELL COUNTY AIRPORT
MONTH: MAY
YEAR: 2021
LATITUDE: 30 2 N
LONGITUDE: 102 13 W
[TEMPERATURE DATA] [PRECIPITATION DATA] SYMBOLS USED IN COLUMN 16
AVERAGE MONTHLY: 75.0 TOTAL FOR MONTH: 3.46 1 = FOG OR MIST
DPTR FM NORMAL: -2.5 DPTR FM NORMAL: 2.17 2 = FOG REDUCING VISIBILITY
HIGHEST: 99 ON 9, 2 GRTST 24HR 1.78 ON 11-12 TO 1/4 MILE OR LESS
LOWEST: 50 ON 2 3 = THUNDER
SNOW, ICE PELLETS, HAIL 4 = ICE PELLETS
TOTAL MONTH: M 5 = HAIL
GRTST 24HR M ON M 6 = FREEZING RAIN OR DRIZZLE
GRTST DEPTH: M ON M 7 = DUSTSTORM OR SANDSTORM:
VSBY 1/2 MILE OR LESS
8 = SMOKE OR HAZE
[NO. OF DAYS WITH] [WEATHER - DAYS WITH] 9 = BLOWING SNOW
X = TORNADO
MAX 32 OR BELOW: 0 0.01 INCH OR MORE: 9
MAX 90 OR ABOVE: 11 0.10 INCH OR MORE: 5
MIN 32 OR BELOW: 0 0.50 INCH OR MORE: 2
MIN 0 OR BELOW: 0 1.00 INCH OR MORE: 2
[HDD (BASE 65) ]
TOTAL THIS MO. 4 CLEAR (SCALE 0-3) 31
DPTR FM NORMAL 1 PTCLDY (SCALE 4-7) 0
TOTAL FM JUL 1 1827 CLOUDY (SCALE 8-10) 0
DPTR FM NORMAL 103
[CDD (BASE 65) ]
TOTAL THIS MO. 318
DPTR FM NORMAL -74 [PRESSURE DATA]
TOTAL FM JAN 1 502 HIGHEST SLP 30.30 ON 13
DPTR FM NORMAL -129 LOWEST SLP 29.42 ON 2
[REMARKS]
#FINAL-05-21#