000
CXUS56 KMFR 010930
CF6AAT
PRELIMINARY LOCAL CLIMATOLOGICAL DATA (WS FORM: F-6)
STATION: ALTURAS CA
MONTH: JULY
YEAR: 2023
LATITUDE: 41 29 N
LONGITUDE: 120 34 W
TEMPERATURE IN F: :PCPN: SNOW: WIND :SUNSHINE: SKY :PK WND
================================================================================
1 2 3 4 5 6A 6B 7 8 9 10 11 12 13 14 15 16 17 18
12Z AVG MX 2MIN
DY MAX MIN AVG DEP HDD CDD WTR SNW DPTH SPD SPD DIR MIN PSBL S-S WX SPD DR
================================================================================
1 93 51 72 7 0 7 0.00 M M 4.7 17 270 M M 0 23 290
2 93 49 71 5 0 6 0.00 M M 4.7 21 260 M M 0 29 260
3 89 50 70 4 0 5 0.00 M M 6.6 20 270 M M 0 27 260
4 89 51 70 4 0 5 0.00 M M 3.2 14 340 M M 0 19 330
5 91 46 69 3 0 4 T M M 2.6 20 320 M M 1 3 28 350
6 90 51 71 4 0 6 0.00 M M 4.5 14 300 M M 0 21 310
7 89 50 70 3 0 5 0.00 M M 5.1 21 270 M M 1 3 28 250
8 87 51 69 2 0 4 0.00 M M 4.0 16 260 M M 1 25 250
9 88 47 68 0 0 3 0.00 M M 5.4 23 270 M M 0 30 260
10 84 45 65 -3 0 0 0.00 M M 5.4 16 260 M M 0 22 260
11 87 41 64 -4 1 0 0.00 M M 4.4 18 280 M M 0 26 270
12 86 45 66 -2 0 1 0.00 M M 6.4 21 260 M M 0 29 280
13 87 46 67 -1 0 2 0.00 M M 4.2 16 280 M M 0 22 280
14 93 48 71 2 0 6 0.00 M M 2.9 9 250 M M 0 M M
15 100 49 75 6 0 10 0.00 M M 3.9 16 260 M M 0 22 260
16 100 53 77 8 0 12 0.00 M M 5.7 22 270 M M 0 30 290
17 93 61 77 8 0 12 T M M 7.5 22 260 M M 0 31 280
18 94 48 71 2 0 6 0.00 M M 4.5 21 270 M M 0 28 270
19 93 46 70 1 0 5 0.00 M M 5.5 21 270 M M 0 28 260
20 93 47 70 1 0 5 0.00 M M 4.1 16 260 M M 0 23 290
21 97 47 72 3 0 7 0.00 M M 3.7 18 280 M M 0 26 270
22 97 48 73 4 0 8 0.00 M M 3.2 15 260 M M 0 20 270
23 95 47 71 2 0 6 0.00 M M 4.6 22 260 M M 0 30 270
24 90 46 68 -1 0 3 0.00 M M 8.5 25 260 M M 0 34 260
25 89 44 67 -2 0 2 0.00 M M 5.5 21 270 M M 0 28 270
26 91 44 68 -1 0 3 0.00 M M 6.1 23 280 M M M M 260
27 88 46 67 -2 0 2 0.00 M M 6.9 23 270 M M 0 33 300
28 89 45 67 -2 0 2 0.00 M M 6.3 23 260 M M 0 32 260
29 91 41 66 -3 0 1 0.00 M M 8.2 23 260 M M 0 39 300
30 90 40 65 -4 0 0 0.00 M M 5.4 21 270 M M 0 28 270
31 90 42 66 -3 0 1 0.00 M M 5.5 17 260 M M 0 24 280
================================================================================
SM 2826 1465 1 139 T M 159.2 M 3
================================================================================
AV 91.2 47.3 5.1 FASTST M M 0 MAX(MPH)
MISC ----> 25 260 39 300
================================================================================
NOTES:
# LAST OF SEVERAL OCCURRENCES
COLUMN 17 PEAK WIND IN M.P.H.
PRELIMINARY LOCAL CLIMATOLOGICAL DATA (WS FORM: F-6) , PAGE 2
STATION: ALTURAS CA
MONTH: JULY
YEAR: 2023
LATITUDE: 41 29 N
LONGITUDE: 120 34 W
[TEMPERATURE DATA] [PRECIPITATION DATA] SYMBOLS USED IN COLUMN 16
AVERAGE MONTHLY: 69.2 TOTAL FOR MONTH: T 1 = FOG OR MIST
DPTR FM NORMAL: 1.0 DPTR FM NORMAL: -0.29 2 = FOG REDUCING VISIBILITY
HIGHEST: 100 ON 16,15 GRTST 24HR T ON 5- 5 TO 1/4 MILE OR LESS
LOWEST: 40 ON 30 3 = THUNDER
SNOW, ICE PELLETS, HAIL 4 = ICE PELLETS
TOTAL MONTH: M 5 = HAIL
GRTST 24HR M ON M 6 = FREEZING RAIN OR DRIZZLE
GRTST DEPTH: M ON M 7 = DUSTSTORM OR SANDSTORM:
VSBY 1/2 MILE OR LESS
8 = SMOKE OR HAZE
[NO. OF DAYS WITH] [WEATHER - DAYS WITH] 9 = BLOWING SNOW
X = TORNADO
MAX 32 OR BELOW: 0 0.01 INCH OR MORE: 0
MAX 90 OR ABOVE: 19 0.10 INCH OR MORE: 0
MIN 32 OR BELOW: 0 0.50 INCH OR MORE: 0
MIN 0 OR BELOW: 0 1.00 INCH OR MORE: 0
[HDD (BASE 65) ]
TOTAL THIS MO. 1 CLEAR (SCALE 0-3) 30
DPTR FM NORMAL -24 PTCLDY (SCALE 4-7) 0
TOTAL FM JUL 1 1 CLOUDY (SCALE 8-10) 1
DPTR FM NORMAL -21
[CDD (BASE 65) ]
TOTAL THIS MO. 139
DPTR FM NORMAL 16 [PRESSURE DATA]
TOTAL FM JAN 1 146 HIGHEST SLP M ON M
DPTR FM NORMAL -3 LOWEST SLP 29.73 ON 7
[REMARKS]
#FINAL-07-23#