000
CXUS56 KMFR 011030
CF6AAT
PRELIMINARY LOCAL CLIMATOLOGICAL DATA (WS FORM: F-6)
STATION: ALTURAS CA
MONTH: DECEMBER
YEAR: 2022
LATITUDE: 41 29 N
LONGITUDE: 120 34 W
TEMPERATURE IN F: :PCPN: SNOW: WIND :SUNSHINE: SKY :PK WND
================================================================================
1 2 3 4 5 6A 6B 7 8 9 10 11 12 13 14 15 16 17 18
12Z AVG MX 2MIN
DY MAX MIN AVG DEP HDD CDD WTR SNW DPTH SPD SPD DIR MIN PSBL S-S WX SPD DR
================================================================================
1 36 12 24 -9 41 0 0.37 M M 6.6 20 200 M M 9 12 29 210
2 28 -3 13 -19 52 0 0.00 M M 0.9 7 70 M M 2 128 11 160
3 43 -1 21 -11 44 0 0.31 M M 3.3 13 70 M M 7 18 17 80
4 38 27 33 1 32 0 0.10 M M 5.9 21 260 M M 8 18 26 250
5 37 24 31 -1 34 0 0.02 M M 3.2 14 180 M M 7 128 21 180
6 37 16 27 -5 38 0 0.00 M M 1.6 6 50 M M 7 128 7 140
7 34 7 21 -10 44 0 0.00 M M 1.3 8 170 M M 1 1 14 160
8 37 26 32 1 33 0 0.21 M M 10.6 23 180 M M 8 1 32 180
9 36 10 23 -8 42 0 0.02 M M 8.1 22 180 M M 9 12 29 170
10 37 32 35 4 30 0 0.34 M M 9.7 24 190 M M 10 1 34 180
11 33 25 29 -1 36 0 0.10 M M 4.5 12 290 M M 10 1 16 310
12 32 26 29 -1 36 0 T M M 5.2 20 310 M M 10 1 25 310
13 31 8 20 -10 45 0 0.00 M M 2.1 9 70 M M 4 1 12 70
14 27 4 16 -14 49 0 0.00 M M 1.7 8 70 M M 2 18 11 70
15 26 1 14 -16 51 0 0.00 M M 1.5 6 50 M M 2 128 7 50
16 32 -1 16 -14 49 0 0.00 M M 4.2 13 70 M M 0 18 16 60
17 30 0 15 -15 50 0 0.00 M M 1.2 10 60 M M 1 18 12 50
18 27 -3 12 -18 53 0 0.00 M M 0.4 8 50 M M 0 18 9 50
19 27 1 14 -16 51 0 0.00 M M 0.7 6 60 M M 1 18 9 50
20 36 8 22 -8 43 0 0.03 M M 1.4 9 280 M M 8 128 12 280
21 42 29 36 6 29 0 0.03 M M 3.5 14 270 M M 8 126 19 270
22 38 29 34 4 31 0 0.10 M M 2.0 10 110 M M 10 12 12 110
23 42 30 36 6 29 0 T M M 1.3 7 260 M M 10 12 10 160
24 45 23 34 4 31 0 T M M 1.3 7 120 M M 6 12 9 290
25 54 28 41 11 24 0 0.00 M M 1.4 9 90 M M 2 1 12 70
26 52 34 43 13 22 0 0.01 M M 11.4 35 180 M M 5 1 50 190
27 44 32 38 8 27 0 0.21 M M 15.0 35 190 M M 9 1 48 180
28 38 24 31 1 34 0 0.00 M M 4.0 13 250 M M 7 18 18 250
29 36 26 31 1 34 0 0.32 M M 5.1 13 180 M M 9 18 17 170
30 45 33 39 9 26 0 0.50 M M 5.5 15 260 M M 10 12 27 260
31 43 31 37 7 28 0 0.01 M M 6.7 17 360 M M 5 1 26 20
================================================================================
SM 1143 538 1168 0 2.68 M 131.3 M 187
================================================================================
AV 36.9 17.4 4.2 FASTST M M 6 MAX(MPH)
MISC ----> # 35 180 50 190
================================================================================
NOTES:
# LAST OF SEVERAL OCCURRENCES
COLUMN 17 PEAK WIND IN M.P.H.
PRELIMINARY LOCAL CLIMATOLOGICAL DATA (WS FORM: F-6) , PAGE 2
STATION: ALTURAS CA
MONTH: DECEMBER
YEAR: 2022
LATITUDE: 41 29 N
LONGITUDE: 120 34 W
[TEMPERATURE DATA] [PRECIPITATION DATA] SYMBOLS USED IN COLUMN 16
AVERAGE MONTHLY: 27.1 TOTAL FOR MONTH: 2.68 1 = FOG OR MIST
DPTR FM NORMAL: -3.4 DPTR FM NORMAL: 1.21 2 = FOG REDUCING VISIBILITY
HIGHEST: 54 ON 25 GRTST 24HR 0.58 ON 29-30 TO 1/4 MILE OR LESS
LOWEST: -3 ON 18, 2 3 = THUNDER
SNOW, ICE PELLETS, HAIL 4 = ICE PELLETS
TOTAL MONTH: M 5 = HAIL
GRTST 24HR M ON M 6 = FREEZING RAIN OR DRIZZLE
GRTST DEPTH: M ON M 7 = DUSTSTORM OR SANDSTORM:
VSBY 1/2 MILE OR LESS
8 = SMOKE OR HAZE
[NO. OF DAYS WITH] [WEATHER - DAYS WITH] 9 = BLOWING SNOW
X = TORNADO
MAX 32 OR BELOW: 9 0.01 INCH OR MORE: 16
MAX 90 OR ABOVE: 0 0.10 INCH OR MORE: 10
MIN 32 OR BELOW: 29 0.50 INCH OR MORE: 1
MIN 0 OR BELOW: 5 1.00 INCH OR MORE: 0
[HDD (BASE 65) ]
TOTAL THIS MO. 1168 CLEAR (SCALE 0-3) 9
DPTR FM NORMAL 99 PTCLDY (SCALE 4-7) 10
TOTAL FM JUL 1 2944 CLOUDY (SCALE 8-10) 12
DPTR FM NORMAL 230
[CDD (BASE 65) ]
TOTAL THIS MO. 0
DPTR FM NORMAL 0 [PRESSURE DATA]
TOTAL FM JAN 1 399 HIGHEST SLP 30.55 ON 15
DPTR FM NORMAL 164 LOWEST SLP 29.44 ON 27
[REMARKS]
#FINAL-12-22#