000
CXUS56 KMFR 010930
CF6AAT
PRELIMINARY LOCAL CLIMATOLOGICAL DATA (WS FORM: F-6)
STATION: ALTURAS CA
MONTH: AUGUST
YEAR: 2021
LATITUDE: 41 29 N
LONGITUDE: 120 34 W
TEMPERATURE IN F: :PCPN: SNOW: WIND :SUNSHINE: SKY :PK WND
================================================================================
1 2 3 4 5 6A 6B 7 8 9 10 11 12 13 14 15 16 17 18
12Z AVG MX 2MIN
DY MAX MIN AVG DEP HDD CDD WTR SNW DPTH SPD SPD DIR MIN PSBL S-S WX SPD DR
================================================================================
1 92 51 72 3 0 7 0.00 M M 4.6 21 240 M M 0 26 250
2 96 47 72 4 0 7 0.00 M M 5.8 22 260 M M 1 27 260
3 96 43 70 2 0 5 0.00 M M 4.0 17 270 M M 4 8 22 270
4 97 43 70 2 0 5 0.00 M M 3.8 22 250 M M 6 8 29 260
5 85 43 64 -4 1 0 T M M 9.2 46 260 M M 5 8 63 270
6 86 40 63 -5 2 0 0.00 M M 2.3 10 350 M M 0 14 300
7 93 40 67 -1 0 2 0.00 M M 5.2 17 270 M M 2 8 23 280
8 89 49 69 2 0 4 0.00 M M 6.5 21 250 M M 4 8 29 260
9 90 42 66 -1 0 1 0.00 M M 1.9 9 250 M M 1 8 14 250
10 95 45 70 3 0 5 0.00 M M 2.3 9 20 M M 1 8 12 30
11 99 44 72 5 0 7 0.00 M M 3.0 14 290 M M 1 8 18 300
12 100 52 76 9 0 11 0.00 M M 3.0 20 80 M M 5 8 27 40
13 96 62 79 13 0 14 0.00 M M 5.0 20 250 M M 5 8 25 250
14 97 58 78 12 0 13 0.00 M M 3.0 15 270 M M 7 8 18 270
15 100 53 77 11 0 12 0.00 M M 2.2 12 350 M M 5 8 16 360
16 95 53 74 8 0 9 0.00 M M 6.2 23 280 M M 7 8 29 270
17 78 48 63 -3 2 0 0.00 M M 10.4 25 310 M M 3 8 30 310
18 71 45 58 -7 7 0 0.00 M M 10.3 20 20 M M 2 27 360
19 80 37 59 -6 6 0 0.00 M M 5.1 18 20 M M 1 8 24 360
20 84 39 62 -3 3 0 0.00 M M 5.8 18 320 M M 1 8 25 270
21 75 43 59 -6 6 0 0.00 M M 4.8 18 300 M M 4 8 24 270
22 82 33 58 -7 7 0 0.00 M M 4.6 17 280 M M 2 8 23 270
23 84 35 60 -4 5 0 0.00 M M 5.2 17 260 M M 2 8 22 300
24 82 35 59 -5 6 0 0.00 M M 4.2 18 270 M M 2 8 23 290
25 82 38 60 -4 5 0 0.00 M M 5.0 22 280 M M 2 8 29 280
26 84 36 60 -4 5 0 0.00 M M 3.3 12 340 M M 0 8 M M
27 85 37 61 -3 4 0 0.00 M M 3.7 12 340 M M 2 8 20 330
28 92 38 65 2 0 0 0.00 M M 2.7 10 20 M M 0 8 15 10
29 92 41 67 4 0 2 0.00 M M 3.5 16 250 M M 3 8 21 280
30 90 41 66 3 0 1 0.00 M M 5.1 17 250 M M 2 8 25 270
31 85 35 60 -3 5 0 0.00 M M 3.7 15 340 M M 1 8 21 350
================================================================================
SM 2752 1346 64 105 T M 145.4 M 81
================================================================================
AV 88.8 43.4 4.7 FASTST M M 3 MAX(MPH)
MISC ----> 46 260 63 270
================================================================================
NOTES:
# LAST OF SEVERAL OCCURRENCES
COLUMN 17 PEAK WIND IN M.P.H.
PRELIMINARY LOCAL CLIMATOLOGICAL DATA (WS FORM: F-6) , PAGE 2
STATION: ALTURAS CA
MONTH: AUGUST
YEAR: 2021
LATITUDE: 41 29 N
LONGITUDE: 120 34 W
[TEMPERATURE DATA] [PRECIPITATION DATA] SYMBOLS USED IN COLUMN 16
AVERAGE MONTHLY: 66.1 TOTAL FOR MONTH: T 1 = FOG OR MIST
DPTR FM NORMAL: 0.3 DPTR FM NORMAL: -0.27 2 = FOG REDUCING VISIBILITY
HIGHEST: 100 ON 15,12 GRTST 24HR T ON 5- 5 TO 1/4 MILE OR LESS
LOWEST: 33 ON 22 3 = THUNDER
SNOW, ICE PELLETS, HAIL 4 = ICE PELLETS
TOTAL MONTH: M 5 = HAIL
GRTST 24HR M ON M 6 = FREEZING RAIN OR DRIZZLE
GRTST DEPTH: M ON M 7 = DUSTSTORM OR SANDSTORM:
VSBY 1/2 MILE OR LESS
8 = SMOKE OR HAZE
[NO. OF DAYS WITH] [WEATHER - DAYS WITH] 9 = BLOWING SNOW
X = TORNADO
MAX 32 OR BELOW: 0 0.01 INCH OR MORE: 0
MAX 90 OR ABOVE: 16 0.10 INCH OR MORE: 0
MIN 32 OR BELOW: 0 0.50 INCH OR MORE: 0
MIN 0 OR BELOW: 0 1.00 INCH OR MORE: 0
[HDD (BASE 65) ]
TOTAL THIS MO. 64 CLEAR (SCALE 0-3) 20
DPTR FM NORMAL 14 PTCLDY (SCALE 4-7) 11
TOTAL FM JUL 1 64 CLOUDY (SCALE 8-10) 0
DPTR FM NORMAL -12
[CDD (BASE 65) ]
TOTAL THIS MO. 105
DPTR FM NORMAL 32 [PRESSURE DATA]
TOTAL FM JAN 1 463 HIGHEST SLP M ON M
DPTR FM NORMAL 241 LOWEST SLP 29.70 ON 31
[REMARKS]
#FINAL-08-21#