553
CXUS56 KMFR 011710
CF6AAT
PRELIMINARY LOCAL CLIMATOLOGICAL DATA (WS FORM: F-6)
STATION: ALTURAS CA
MONTH: JANUARY
YEAR: 2021
LATITUDE: 41 29 N
LONGITUDE: 120 34 W
TEMPERATURE IN F: :PCPN: SNOW: WIND :SUNSHINE: SKY :PK WND
================================================================================
1 2 3 4 5 6A 6B 7 8 9 10 11 12 13 14 15 16 17 18
12Z AVG MX 2MIN
DY MAX MIN AVG DEP HDD CDD WTR SNW DPTH SPD SPD DIR MIN PSBL S-S WX SPD DR
================================================================================
1 43 14 29 0 36 0 T M M 5.8 18 270 M M 2 1 24 280
2 42 32 37 8 28 0 T M M 4.1 14 230 M M 10 16 240
3 44 34 39 10 26 0 0.02 M M 3.2 10 180 M M 10 16 180
4 49 32 41 12 24 0 0.50 M M 11.7 35 190 M M 10 1 42 190
5 38 19 29 0 36 0 0.00 M M 1.4 7 60 M M 4 12 8 90
6 42 22 32 3 33 0 0.02 M M 6.9 22 190 M M 5 18 31 190
7 40 17 29 0 36 0 0.00 M M 3.1 14 60 M M 1 18 17 50
8 37 20 29 0 36 0 0.04 M M 7.1 17 270 M M 8 18 22 250
9 41 14 28 -1 37 0 0.00 M M 3.1 10 60 M M 0 18 13 80
10 44 21 33 4 32 0 T M M 2.7 9 80 M M 3 18 11 90
11 51 20 36 7 29 0 0.00 M M 2.7 9 180 M M 1 18 12 170
12 48 35 42 12 23 0 0.00 M M 8.2 17 160 M M 9 24 170
13 51 26 39 9 26 0 0.01 M M 6.9 20 170 M M 6 25 170
14 56 21 39 9 26 0 0.00 M M 1.1 8 80 M M 1 18 10 150
15 49 26 38 8 27 0 0.00 M M 2.0 8 300 M M 1 1 10 290
16 52 21 37 7 28 0 0.00 M M 1.9 8 90 M M 1 12 11 80
17 55 22 39 9 26 0 0.00 M M 4.4 15 10 M M 0 1 20 30
18 48 19 34 4 31 0 0.00 M M 7.6 20 10 M M 0 26 30
19 46 18 32 2 33 0 0.00 M M 8.1 24 80 M M 0 8 31 70
20 51 11 31 1 34 0 0.00 M M 2.0 7 120 M M 0 18 10 200
21 46 20 33 3 32 0 0.00 M M 1.6 10 270 M M 7 18 13 270
22 M 30 M M M M M M M 3.0 16 240 M M 9 18 20 250
23 40 16 28 -2 37 0 0.00 M M 6.1 18 20 M M 5 18 23 10
24 38 9 24 -6 41 0 0.11 M M 3.2 18 260 M M 5 18 24 270
25 30 10 20 -11 45 0 0.01 M M 7.4 16 340 M M 9 128 20 330
26 30 4 17 -14 48 0 0.01 M M 8.4 24 190 M M 7 12 31 190
27 40 23 32 1 33 0 0.06 M M 9.4 25 190 M M 5 1 32 200
28 38 29 34 3 31 0 0.11 M M 3.0 13 180 M M 10 1 17 170
29 38 26 32 1 33 0 0.02 M M 3.3 14 260 M M 10 12 18 250
30 43 29 36 5 29 0 T M M 9.4 17 180 M M 8 1 22 190
31 49 30 40 9 25 0 0.00 M M 10.2 22 160 M M 5 30 170
================================================================================
SM 1319 670 961 0 0.91 M 159.0 M 152
================================================================================
AV 44.0 21.6 5.1 FASTST M M 5 MAX(MPH)
MISC ----> 35 190 42 190
================================================================================
NOTES:
# LAST OF SEVERAL OCCURRENCES
COLUMN 17 PEAK WIND IN M.P.H.
PRELIMINARY LOCAL CLIMATOLOGICAL DATA (WS FORM: F-6) , PAGE 2
STATION: ALTURAS CA
MONTH: JANUARY
YEAR: 2021
LATITUDE: 41 29 N
LONGITUDE: 120 34 W
[TEMPERATURE DATA] [PRECIPITATION DATA] SYMBOLS USED IN COLUMN 16
AVERAGE MONTHLY: 32.8 TOTAL FOR MONTH: 0.91 1 = FOG OR MIST
DPTR FM NORMAL: 2.9 DPTR FM NORMAL: -0.74 2 = FOG REDUCING VISIBILITY
HIGHEST: 56 ON 14 GRTST 24HR 0.81 ON 27-28 TO 1/4 MILE OR LESS
LOWEST: 4 ON 26 3 = THUNDER
SNOW, ICE PELLETS, HAIL 4 = ICE PELLETS
TOTAL MONTH: M 5 = HAIL
GRTST 24HR M ON M 6 = FREEZING RAIN OR DRIZZLE
GRTST DEPTH: M ON M 7 = DUSTSTORM OR SANDSTORM:
VSBY 1/2 MILE OR LESS
8 = SMOKE OR HAZE
[NO. OF DAYS WITH] [WEATHER - DAYS WITH] 9 = BLOWING SNOW
X = TORNADO
MAX 32 OR BELOW: 2 0.01 INCH OR MORE: 11
MAX 90 OR ABOVE: 0 0.10 INCH OR MORE: 3
MIN 32 OR BELOW: 29 0.50 INCH OR MORE: 1
MIN 0 OR BELOW: 0 1.00 INCH OR MORE: 0
[HDD (BASE 65) ]
TOTAL THIS MO. 961 CLEAR (SCALE 0-3) 11
DPTR FM NORMAL -127 PTCLDY (SCALE 4-7) 12
TOTAL FM JUL 1 3498 CLOUDY (SCALE 8-10) 8
DPTR FM NORMAL -502
[CDD (BASE 65) ]
TOTAL THIS MO. 0
DPTR FM NORMAL 0 [PRESSURE DATA]
TOTAL FM JAN 1 0 HIGHEST SLP 30.61 ON 14
DPTR FM NORMAL 0 LOWEST SLP 29.52 ON 27
[REMARKS]
#FINAL-01-21#