000
CXUS54 KSJT 011000
CF6ABI
PRELIMINARY LOCAL CLIMATOLOGICAL DATA (WS FORM: F-6)
STATION: ABILENE
MONTH: APRIL
YEAR: 2023
LATITUDE: 32 25 N
LONGITUDE: 99 41 W
TEMPERATURE IN F: :PCPN: SNOW: WIND :SUNSHINE: SKY :PK WND
================================================================================
1 2 3 4 5 6A 6B 7 8 9 10 11 12 13 14 15 16 17 18
12Z AVG MX 2MIN
DY MAX MIN AVG DEP HDD CDD WTR SNW DPTH SPD SPD DIR MIN PSBL S-S WX SPD DR
================================================================================
1 76 40 58 -5 7 0 0.00 0.0 0 6.9 15 150 M M 0 21 20
2 91 56 74 11 0 9 0.00 0.0 0 14.2 25 280 M M 2 3 37 260
3 95 53 74 11 0 9 0.00 0.0 0 11.3 26 210 M M 0 35 210
4 90 66 78 14 0 13 0.00 0.0 0 11.6 23 240 M M 0 30 250
5 74 47 61 -3 4 0 0.00 0.0 0 12.1 28 320 M M 1 37 330
6 66 42 54 -10 11 0 0.00 0.0 0 8.9 20 50 M M 0 29 50
7 68 42 55 -9 10 0 0.00 0.0 M 7.8 16 20 M M 7 25 30
8 75 49 62 -2 3 0 0.00 0.0 0 5.1 13 140 M M 3 19 70
9 80 53 67 2 0 2 0.01 0.0 0 8.6 22 120 M M 2 13 27 120
10 81 57 69 4 0 4 0.00 0.0 0 8.5 15 140 M M 2 21 20
11 78 54 66 1 0 1 0.00 0.0 0 9.9 17 140 M M 2 23 140
12 80 54 67 2 0 2 0.00 0.0 0 12.9 22 140 M M 0 29 130
13 85 56 71 6 0 6 0.00 0.0 0 16.2 22 150 M M 0 31 200
14 93 63 78 12 0 13 0.00 0.0 0 13.6 24 250 M M 0 33 260
15 81 55 68 2 0 3 0.00 0.0 0 13.6 25 340 M M 0 8 32 330
16 74 44 59 -7 6 0 0.00 0.0 M 4.8 12 360 M M 0 17 10
17 80 45 63 -3 2 0 0.00 0.0 0 15.6 30 180 M M 0 47 180
18 90 62 76 10 0 11 0.00 0.0 0 18.6 29 150 M M 2 42 140
19 92 69 81 14 0 16 0.32 0.0 0 19.5 29 150 M M 1 35 42 170
20 79 61 70 3 0 5 0.00 0.0 0 13.3 23 190 M M 2 8 44 180
21 76 49 63 -4 2 0 0.00 0.0 M 7.8 20 50 M M 0 28 50
22 72 49 61 -6 4 0 0.00 0.0 M 15.1 24 20 M M 7 35 20
23 49 42 46 -22 19 0 1.05 M M 8.0 18 340 M M 10 13 28 50
24 67 47 57 -11 8 0 0.00 0.0 0 10.0 21 150 M M 9 29 140
25 77 59 68 0 0 3 T 0.0 M 14.3 26 140 M M 9 3 36 140
26 81 58 70 2 0 5 0.00 0.0 0 14.4 22 360 M M 7 3 31 360
27 76 51 64 -5 1 0 0.00 0.0 0 11.5 23 330 M M 2 30 330
28 70 46 58 -11 7 0 0.00 0.0 0 18.6 39 340 M M 5 48 340
29 77 45 61 -8 4 0 0.00 0.0 0 13.8 28 350 M M 0 38 350
30 92 53 73 4 0 8 0.00 0.0 0 10.6 28 40 M M 0 41 40
================================================================================
SM 2365 1567 88 110 1.38 0.0 357.1 M 73
================================================================================
AV 78.8 52.2 11.9 FASTST M M 2 MAX(MPH)
MISC ----> 39 340 48 340
================================================================================
NOTES:
# LAST OF SEVERAL OCCURRENCES
COLUMN 17 PEAK WIND IN M.P.H.
PRELIMINARY LOCAL CLIMATOLOGICAL DATA (WS FORM: F-6) , PAGE 2
STATION: ABILENE
MONTH: APRIL
YEAR: 2023
LATITUDE: 32 25 N
LONGITUDE: 99 41 W
[TEMPERATURE DATA] [PRECIPITATION DATA] SYMBOLS USED IN COLUMN 16
AVERAGE MONTHLY: 65.5 TOTAL FOR MONTH: 1.38 1 = FOG OR MIST
DPTR FM NORMAL: -0.5 DPTR FM NORMAL: -0.48 2 = FOG REDUCING VISIBILITY
HIGHEST: 95 ON 3 GRTST 24HR 1.05 ON 23-23 TO 1/4 MILE OR LESS
LOWEST: 40 ON 1 3 = THUNDER
SNOW, ICE PELLETS, HAIL 4 = ICE PELLETS
TOTAL MONTH: 0.0 INCH 5 = HAIL
GRTST 24HR 0.0 6 = FREEZING RAIN OR DRIZZLE
GRTST DEPTH: 0 7 = DUSTSTORM OR SANDSTORM:
VSBY 1/2 MILE OR LESS
8 = SMOKE OR HAZE
[NO. OF DAYS WITH] [WEATHER - DAYS WITH] 9 = BLOWING SNOW
X = TORNADO
MAX 32 OR BELOW: 0 0.01 INCH OR MORE: 3
MAX 90 OR ABOVE: 7 0.10 INCH OR MORE: 2
MIN 32 OR BELOW: 0 0.50 INCH OR MORE: 1
MIN 0 OR BELOW: 0 1.00 INCH OR MORE: 1
[HDD (BASE 65) ]
TOTAL THIS MO. 88 CLEAR (SCALE 0-3) 22
DPTR FM NORMAL -4 PTCLDY (SCALE 4-7) 5
TOTAL FM JUL 1 2095 CLOUDY (SCALE 8-10) 3
DPTR FM NORMAL -211
[CDD (BASE 65) ]
TOTAL THIS MO. 110
DPTR FM NORMAL -12 [PRESSURE DATA]
TOTAL FM JAN 1 175 HIGHEST SLP 30.34 ON 16
DPTR FM NORMAL 2 LOWEST SLP 29.43 ON 4
[REMARKS]
#FINAL-04-23#